--
-- Host: localhost    Database: umrah_djari
-- ------------------------------------------------------


--
-- Table structure for table `main_task`
--

CREATE TABLE `main_task` (
  `id_main_task` varchar(100) NOT NULL,
  `name_task` varchar(100) NOT NULL,
  `status` tinyint(1) NOT NULL DEFAULT 0,
  PRIMARY KEY (`id_main_task`)
) ENGINE=InnoDB DEFAULT CHARSET=utf8mb4 COLLATE=utf8mb4_uca1400_ai_ci;

--
-- Dumping data for table `main_task`
--

INSERT INTO `main_task` VALUES ('task-001','MELAKUKAN SUNAT-SUNAT IHRAM',0),('task-002','MEMAKAI PAKAIAN IHRAM',0),('task-003','SOLAT SUNAT IHRAM',0),('task-004','BERNIAT IHRAM',0),('task-005','LARANGAN DALAM IHRAM',0),('task-006','PERJALANAN MENUJU KE MAKKAH',0),('task-007','TAWAF',0),('task-008','SAIE',0),('task-009','BERCUKUR ATAU BERGUNTING',0),('task-010','TAWAF WADA(PERSIAPAN)',0),('task-011','TAWAF WADA (TAWAF)',0);

--
-- Table structure for table `session_umrah`
--

CREATE TABLE `session_umrah` (
  `id` char(36) NOT NULL,
  `id_user` char(36) NOT NULL,
  `start_umrah` date NOT NULL,
  `finish_umrah` date DEFAULT NULL,
  `status` tinyint(1) NOT NULL DEFAULT 0,
  `miqat` varchar(100) DEFAULT NULL,
  PRIMARY KEY (`id`),
  KEY `fk_session_user` (`id_user`),
  CONSTRAINT `fk_session_user` FOREIGN KEY (`id_user`) REFERENCES `users` (`id`) ON DELETE CASCADE ON UPDATE CASCADE
) ENGINE=InnoDB DEFAULT CHARSET=utf8mb4 COLLATE=utf8mb4_uca1400_ai_ci;

--
-- Dumping data for table `session_umrah`
--

INSERT INTO `session_umrah` VALUES ('2215c685-75fb-4d3d-9e49-89671722a87f','cabe84a3-1144-4388-8bb4-3a6f07f8773b','2025-03-06','2025-03-06',1,'Qarnul Manazil'),('3bdf7913-27fc-4d70-ae5f-a7943866a6a2','e0c37347-81b7-46a3-9813-76d963f69747','2025-03-09','2025-03-09',1,'Qarnul Manazil'),('9179116a-445d-4fda-9feb-76a0aa0e1d22','cabe84a3-1144-4388-8bb4-3a6f07f8773b','2025-03-06','2025-03-09',1,'Qarnul Manazil'),('db819e78-b94c-413c-a0b6-851a62093fd6','cabe84a3-1144-4388-8bb4-3a6f07f8773b','2025-03-05','2025-03-06',1,'Qarnul Manazil');

--
-- Table structure for table `session_umrah_task`
--

CREATE TABLE `session_umrah_task` (
  `id` char(36) NOT NULL DEFAULT uuid(),
  `session_umrah_id` char(36) NOT NULL,
  `task_id` char(36) NOT NULL,
  `status` enum('incomplete','completed') NOT NULL DEFAULT 'incomplete',
  `created_at` timestamp NULL DEFAULT current_timestamp(),
  `updated_at` timestamp NULL DEFAULT current_timestamp() ON UPDATE current_timestamp(),
  PRIMARY KEY (`id`),
  KEY `session_umrah_id` (`session_umrah_id`),
  CONSTRAINT `session_umrah_task_ibfk_1` FOREIGN KEY (`session_umrah_id`) REFERENCES `session_umrah` (`id`) ON DELETE CASCADE
) ENGINE=InnoDB DEFAULT CHARSET=utf8mb4 COLLATE=utf8mb4_uca1400_ai_ci;

--
-- Dumping data for table `session_umrah_task`
--

INSERT INTO `session_umrah_task` VALUES ('004ae0d4-c82b-4b9b-9f88-1d4193fc1e0e','2215c685-75fb-4d3d-9e49-89671722a87f','8e5bb6cf-9308-4800-b1f1-09f0ef2473e3','incomplete','2025-03-06 01:03:55','2025-03-06 01:03:55'),('0071cc23-77ea-46d1-bc99-a4b3beea8441','2215c685-75fb-4d3d-9e49-89671722a87f','6cdfe2e2-808a-4c0f-8369-67a70ee5ec87','incomplete','2025-03-06 01:03:55','2025-03-06 01:03:55'),('00ab93b0-d98f-4c41-a98f-ade5b99010b1','db819e78-b94c-413c-a0b6-851a62093fd6','a37b0327-1b27-4fed-80fb-0f022806dc4f','completed','2025-03-05 07:50:30','2025-03-06 01:00:42'),('0217ad0d-2bbf-43ac-8913-009b58229409','9179116a-445d-4fda-9feb-76a0aa0e1d22','b02fc8fc-3801-4d52-ba72-62ac98ae0933','completed','2025-03-06 04:35:11','2025-03-09 04:55:34'),('02c1a154-6c55-4e45-bc73-67aca8855711','db819e78-b94c-413c-a0b6-851a62093fd6','f4a21ad4-cfc2-43a8-8289-fb9872873899','completed','2025-03-05 07:50:30','2025-03-06 00:59:44'),('02e1eb0f-610b-402e-a831-3d9d1a0795c2','db819e78-b94c-413c-a0b6-851a62093fd6','87fd9b78-d82d-40e0-b83c-904c69c9cf85','completed','2025-03-05 07:50:30','2025-03-06 00:59:36'),('0300864c-bf21-4fcd-9ae8-3aacc1d88529','db819e78-b94c-413c-a0b6-851a62093fd6','3fd57ec1-8994-411e-abef-063ef998ea38','completed','2025-03-05 07:50:30','2025-03-06 00:59:59'),('030b524e-9d5e-4898-878e-67ea9425f391','9179116a-445d-4fda-9feb-76a0aa0e1d22','f3a6e75d-4583-424b-8080-6bece3714af9','completed','2025-03-06 04:35:11','2025-03-06 05:25:28'),('0460b13e-917b-482c-bc81-56707711696e','db819e78-b94c-413c-a0b6-851a62093fd6','6415b8a4-658b-4a03-a88a-223deed66baf','completed','2025-03-05 07:50:30','2025-03-06 01:01:19'),('05d987d3-5290-47da-8411-d246dc704ca1','9179116a-445d-4fda-9feb-76a0aa0e1d22','c14acdc1-56fd-4b1f-a777-5c9635b9e5c8','incomplete','2025-03-06 04:35:11','2025-03-06 04:35:11'),('05ffa66e-0925-4b47-99ed-1aa11d6915e4','2215c685-75fb-4d3d-9e49-89671722a87f','228eaf9e-0c3e-4854-849c-a15069f7e695','incomplete','2025-03-06 01:03:55','2025-03-06 01:03:55'),('06213d6a-54d9-4677-974f-4cecd1f986e2','db819e78-b94c-413c-a0b6-851a62093fd6','0d9e2d60-1425-4b7d-babb-48a7e94cc060','completed','2025-03-05 07:50:30','2025-03-06 01:01:30'),('062a93a8-6ced-4448-9b66-05594b0e61aa','9179116a-445d-4fda-9feb-76a0aa0e1d22','324d8c92-d86f-45f7-baa0-f9431738d9af','completed','2025-03-06 04:35:11','2025-03-09 04:56:00'),('06477a53-2396-489c-8fc7-ee8d4e7a418b','3bdf7913-27fc-4d70-ae5f-a7943866a6a2','8076fa4e-8181-4012-b1d8-96a230b82893','incomplete','2025-03-09 01:42:15','2025-03-09 01:42:15'),('0668dcb4-f4a1-4ba2-a264-407a34b74b51','2215c685-75fb-4d3d-9e49-89671722a87f','720e5a22-01b3-463e-8c03-2aa702df8edc','incomplete','2025-03-06 01:03:55','2025-03-06 01:03:55'),('0736e6f5-7e45-4b47-817e-53cc843f22b6','3bdf7913-27fc-4d70-ae5f-a7943866a6a2','b338f90b-91c9-4fa6-bf82-6e3be1966926','completed','2025-03-09 01:42:15','2025-03-09 01:49:44'),('074a5e81-7c2b-4e32-b498-b3d02c287fb9','2215c685-75fb-4d3d-9e49-89671722a87f','0d9e2d60-1425-4b7d-babb-48a7e94cc060','incomplete','2025-03-06 01:03:55','2025-03-06 01:03:55'),('075c0b2f-8e95-45ba-84df-f87947855fd2','db819e78-b94c-413c-a0b6-851a62093fd6','b2c10eaf-d329-4aff-bdac-75640fe9f5e2','completed','2025-03-05 07:50:30','2025-03-06 01:00:44'),('07800834-f1c5-47ba-8cd3-0d8288349e51','2215c685-75fb-4d3d-9e49-89671722a87f','d5170e3d-df5f-4055-9bf7-053fcf54145c','incomplete','2025-03-06 01:03:55','2025-03-06 01:03:55'),('07d0e72d-fa73-46b9-9c30-53b53a5d544c','3bdf7913-27fc-4d70-ae5f-a7943866a6a2','df215f0a-17b1-4f51-9c49-db9fe09f4581','completed','2025-03-09 01:42:15','2025-03-09 01:49:29'),('07d85258-abee-498b-a7b6-a3f8bf04de6a','db819e78-b94c-413c-a0b6-851a62093fd6','37756f70-fc76-4e66-b807-da17a5359fa5','completed','2025-03-05 07:50:30','2025-03-06 01:01:29'),('08252b98-db76-4228-9030-7e000732e519','db819e78-b94c-413c-a0b6-851a62093fd6','8076fa4e-8181-4012-b1d8-96a230b82893','completed','2025-03-05 07:50:30','2025-03-06 01:00:55'),('0852ee73-70e2-47c6-90a1-907a10e27b19','db819e78-b94c-413c-a0b6-851a62093fd6','64a1af39-52c1-4386-91d5-3f3f3fe25efb','completed','2025-03-05 07:50:30','2025-03-06 01:01:39'),('086caf6d-3211-4c31-8973-12816ddd83b5','db819e78-b94c-413c-a0b6-851a62093fd6','e0263f4b-8fcd-4f12-ba1e-9aaa6de829f0','completed','2025-03-05 07:50:30','2025-03-06 00:59:47'),('0889792e-bf08-419a-bfeb-fa8012a0dec9','3bdf7913-27fc-4d70-ae5f-a7943866a6a2','43ffb521-4867-4dc5-9203-44527b207d8e','completed','2025-03-09 01:42:15','2025-03-09 01:49:11'),('08faff07-bd50-4d1e-8be1-2243ef7ac945','3bdf7913-27fc-4d70-ae5f-a7943866a6a2','bd80b023-0f4e-4f15-8cc2-91711fe038ca','completed','2025-03-09 01:42:15','2025-03-09 01:43:09'),('09071f73-96a3-4579-832f-30bafc32c97a','2215c685-75fb-4d3d-9e49-89671722a87f','b338f90b-91c9-4fa6-bf82-6e3be1966926','completed','2025-03-06 01:03:55','2025-03-06 04:22:25'),('09a87c14-2e69-4265-99da-6d916e46c51f','3bdf7913-27fc-4d70-ae5f-a7943866a6a2','40c3b3f7-e853-11ef-aaaf-b00cd1460ecc','completed','2025-03-09 01:42:15','2025-03-09 01:42:28'),('09def187-13ab-4a57-b37d-cc71ad23afba','9179116a-445d-4fda-9feb-76a0aa0e1d22','49c2ff1a-12ee-4d27-ac03-856145cb92d6','incomplete','2025-03-06 04:35:11','2025-03-06 04:35:11'),('0ac10844-658e-46ca-b23b-96f0e2f3208e','db819e78-b94c-413c-a0b6-851a62093fd6','823470ea-c461-4484-a738-998bfd234374','completed','2025-03-05 07:50:30','2025-03-06 01:01:19'),('0b853950-e5f4-46c6-bfdb-d280f43d5c95','3bdf7913-27fc-4d70-ae5f-a7943866a6a2','1547831e-3caa-4ccf-bfd9-746a97bc8010','incomplete','2025-03-09 01:42:15','2025-03-09 01:42:15'),('0c1f33b7-2de4-477a-9f66-1e486a76f739','db819e78-b94c-413c-a0b6-851a62093fd6','720e5a22-01b3-463e-8c03-2aa702df8edc','completed','2025-03-05 07:50:30','2025-03-06 01:00:59'),('0c5dc20b-ede5-452d-93bc-4b5adbe4b6a0','2215c685-75fb-4d3d-9e49-89671722a87f','e5d1d858-70ed-49c8-a043-087dd93d0acb','incomplete','2025-03-06 01:03:55','2025-03-06 01:03:55'),('0cc5ddb1-0adb-4a8d-aaae-ecd0bb6c1197','2215c685-75fb-4d3d-9e49-89671722a87f','c47c57f4-4edd-4451-99cb-c3be8b1a9da0','incomplete','2025-03-06 01:03:55','2025-03-06 01:03:55'),('0d1daed0-3003-4e59-aab6-c7726bbbf7bd','9179116a-445d-4fda-9feb-76a0aa0e1d22','e5d1d858-70ed-49c8-a043-087dd93d0acb','incomplete','2025-03-06 04:35:11','2025-03-06 04:35:11'),('0d5a98a8-c87f-4276-a15a-0c96d95d58a8','db819e78-b94c-413c-a0b6-851a62093fd6','fe3a65ad-e1c2-481f-b431-c8d8b3a4c01b','completed','2025-03-05 07:50:30','2025-03-06 00:58:45'),('0d898129-4d61-44e1-a36b-550047380c44','db819e78-b94c-413c-a0b6-851a62093fd6','f2116b99-d5e8-4246-85d8-31e2326ab373','completed','2025-03-05 07:50:30','2025-03-06 00:59:04'),('0e8ca8fc-e969-489a-a2ae-62a6cde767b1','9179116a-445d-4fda-9feb-76a0aa0e1d22','39cf3dcb-0c35-4a5b-80a6-8a2279e76ff7','completed','2025-03-06 04:35:11','2025-03-09 04:56:30'),('0e96501b-326b-4088-81eb-43748506f5d3','3bdf7913-27fc-4d70-ae5f-a7943866a6a2','37756f70-fc76-4e66-b807-da17a5359fa5','incomplete','2025-03-09 01:42:15','2025-03-09 01:42:15'),('0eb275a8-aa8d-4765-affe-e38c07370248','db819e78-b94c-413c-a0b6-851a62093fd6','13ae65fb-a0b5-415b-8c73-f3e63162e133','completed','2025-03-05 07:50:30','2025-03-06 01:00:36'),('0f33e3e9-cebb-484b-b7b2-dbf55e366b35','2215c685-75fb-4d3d-9e49-89671722a87f','58c07fb7-fbe4-408d-8daa-3eac53fe4650','incomplete','2025-03-06 01:03:55','2025-03-06 01:03:55'),('0f4352ec-f5a7-410c-9ba8-2cb3129460a1','db819e78-b94c-413c-a0b6-851a62093fd6','a0206717-10bd-4951-aca0-68b0068c8923','completed','2025-03-05 07:50:30','2025-03-06 01:01:02'),('0f6b494b-6c73-4747-a701-5caa654de16b','2215c685-75fb-4d3d-9e49-89671722a87f','b1bceef1-693b-4602-a810-feffd97b7ae4','incomplete','2025-03-06 01:03:55','2025-03-06 01:03:55'),('0fc8b632-7472-4d88-b512-e0d6439f7313','db819e78-b94c-413c-a0b6-851a62093fd6','39cf3dcb-0c35-4a5b-80a6-8a2279e76ff7','completed','2025-03-05 07:50:30','2025-03-06 01:01:03'),('1032f5e7-cc6d-47d6-ba00-688432fb035f','3bdf7913-27fc-4d70-ae5f-a7943866a6a2','70b8a2d4-116b-4f4e-8d42-fc08ca77722e','completed','2025-03-09 01:42:15','2025-03-09 01:49:25'),('104f8245-19d7-4b8e-b256-dd445cdff305','2215c685-75fb-4d3d-9e49-89671722a87f','8076fa4e-8181-4012-b1d8-96a230b82893','incomplete','2025-03-06 01:03:55','2025-03-06 01:03:55'),('10588ecf-7fb1-4cc7-b266-f8b191c83fd7','db819e78-b94c-413c-a0b6-851a62093fd6','40c3b832-e853-11ef-aaaf-b00cd1460ecc','completed','2025-03-05 07:50:30','2025-03-06 00:58:18'),('105918d0-fc2d-455e-833b-e931416f21da','db819e78-b94c-413c-a0b6-851a62093fd6','97441935-2c04-4923-ba9c-27fb6eda3924','completed','2025-03-05 07:50:30','2025-03-06 01:00:32'),('10946b57-fd8e-4c86-a5fc-a529a14b4d0c','3bdf7913-27fc-4d70-ae5f-a7943866a6a2','5fe13bfc-e2b5-482e-81d1-c907fcc5d729','completed','2025-03-09 01:42:15','2025-03-09 01:48:24'),('113ca099-f151-4cb4-b124-b7b293fb8bbc','db819e78-b94c-413c-a0b6-851a62093fd6','3493b715-f289-4a7f-96a1-1d2474f0e4ef','completed','2025-03-05 07:50:30','2025-03-06 01:00:51'),('1170b21a-9932-4821-8afe-d7be1b2955ce','3bdf7913-27fc-4d70-ae5f-a7943866a6a2','202fdccb-5f9c-4842-ba41-b2fb28d3b659','completed','2025-03-09 01:42:15','2025-03-09 01:49:30'),('117724e3-94eb-4818-acd1-61763d0275bb','9179116a-445d-4fda-9feb-76a0aa0e1d22','6ae56a34-2769-4667-9035-113f2b7db7a4','incomplete','2025-03-06 04:35:11','2025-03-06 04:35:11'),('11b41ac1-51fd-4568-aacb-d9dfcaa596b6','db819e78-b94c-413c-a0b6-851a62093fd6','95acf084-e691-4c4f-9fbf-753779b1023e','completed','2025-03-05 07:50:30','2025-03-06 00:59:23'),('11eb81aa-685b-44d2-8d35-7fab9541303d','db819e78-b94c-413c-a0b6-851a62093fd6','3079fd0f-fc23-47ef-881d-65f41dee53ff','completed','2025-03-05 07:50:30','2025-03-06 01:00:38'),('11eec07b-e834-4238-a504-6b98e3506f48','db819e78-b94c-413c-a0b6-851a62093fd6','5e9c0829-c259-4581-b594-49f75e5d5faa','completed','2025-03-05 07:50:30','2025-03-06 01:00:01'),('13370101-9b2e-493f-8a10-23919d4097bb','3bdf7913-27fc-4d70-ae5f-a7943866a6a2','b1bceef1-693b-4602-a810-feffd97b7ae4','completed','2025-03-09 01:42:15','2025-03-09 01:50:43'),('13470535-5e28-401e-b71d-37d41e476627','3bdf7913-27fc-4d70-ae5f-a7943866a6a2','863a119a-0b1a-4814-a17a-ff0d8b6798f8','completed','2025-03-09 01:42:15','2025-03-09 01:49:21'),('1351783f-d71d-4b5b-97f0-829e6074b083','3bdf7913-27fc-4d70-ae5f-a7943866a6a2','990a5c3a-8957-40d4-87bb-694dc1f946f9','completed','2025-03-09 01:42:15','2025-03-09 01:49:10'),('138b892e-6bdd-4e82-804e-21cdd777bbb0','3bdf7913-27fc-4d70-ae5f-a7943866a6a2','49c2ff1a-12ee-4d27-ac03-856145cb92d6','incomplete','2025-03-09 01:42:15','2025-03-09 01:42:15'),('13cbed0d-6d76-428b-9c28-36d8bbcd3a9f','3bdf7913-27fc-4d70-ae5f-a7943866a6a2','8628c247-195f-44b9-bded-4dbb5fcc40f3','completed','2025-03-09 01:42:15','2025-03-09 01:49:49'),('1537a1f9-b968-4adf-a326-b279e0c18c6b','db819e78-b94c-413c-a0b6-851a62093fd6','3b12ed5c-bd94-4c6d-b62e-2d6178005417','completed','2025-03-05 07:50:30','2025-03-06 00:59:36'),('1541cbd8-1bd7-4623-8751-15d2d9e6deee','2215c685-75fb-4d3d-9e49-89671722a87f','40c3b3f7-e853-11ef-aaaf-b00cd1460ecc','completed','2025-03-06 01:03:55','2025-03-06 01:23:07'),('155aaaf1-ab03-4a7f-86c6-de56b3b0d152','3bdf7913-27fc-4d70-ae5f-a7943866a6a2','40c3b50e-e853-11ef-aaaf-b00cd1460ecc','completed','2025-03-09 01:42:15','2025-03-09 01:42:34'),('15627dd0-4f9e-4101-9ba7-79942d388eb1','2215c685-75fb-4d3d-9e49-89671722a87f','95acf084-e691-4c4f-9fbf-753779b1023e','incomplete','2025-03-06 01:03:55','2025-03-06 01:03:55'),('1656e724-662a-46d2-b211-00dcd6b417f4','9179116a-445d-4fda-9feb-76a0aa0e1d22','b25b88d6-af92-4752-8187-edb1a063b5cf','completed','2025-03-06 04:35:11','2025-03-06 06:14:45'),('176978d3-9afe-4cc9-bc1d-1f66bd88a27f','9179116a-445d-4fda-9feb-76a0aa0e1d22','fe3a65ad-e1c2-481f-b431-c8d8b3a4c01b','completed','2025-03-06 04:35:11','2025-03-06 05:24:09'),('18121d25-9288-4dce-95dc-c4cc96ed5dbb','2215c685-75fb-4d3d-9e49-89671722a87f','c83e1265-8860-4ddf-8161-2178d0d3f0d6','completed','2025-03-06 01:03:55','2025-03-06 04:22:38'),('18208102-9f4c-4b8d-a488-4ba5f13e823c','3bdf7913-27fc-4d70-ae5f-a7943866a6a2','3b67db84-daad-47a4-89c0-c45860a8bd71','completed','2025-03-09 01:42:15','2025-03-09 01:50:32'),('184a789e-d63a-4c86-81b9-d0f66a8db07c','2215c685-75fb-4d3d-9e49-89671722a87f','5fe13bfc-e2b5-482e-81d1-c907fcc5d729','incomplete','2025-03-06 01:03:55','2025-03-06 01:03:55'),('1900e7b5-92df-4e9c-b140-e8e5ea1a69b8','db819e78-b94c-413c-a0b6-851a62093fd6','944993b7-fc93-4a2d-8c62-b84906e76cb3','completed','2025-03-05 07:50:30','2025-03-06 01:00:21'),('1914bbac-04a6-4a3d-aba8-1177adf28ae2','9179116a-445d-4fda-9feb-76a0aa0e1d22','b6e49911-967f-45bd-998c-70d71f877265','incomplete','2025-03-06 04:35:11','2025-03-06 04:35:11'),('1966f6c3-191d-472b-9a39-44b72453e556','9179116a-445d-4fda-9feb-76a0aa0e1d22','a15d7073-9d97-41b9-8e2b-afc7c3101ac0','incomplete','2025-03-06 04:35:11','2025-03-06 04:35:11'),('19d2fe92-f2e7-4586-87f3-b85b8d37f48c','db819e78-b94c-413c-a0b6-851a62093fd6','34147a44-fddc-4c9e-af38-400f7de6d255','completed','2025-03-05 07:50:30','2025-03-06 00:59:56'),('19d76987-fa1a-48bf-9f60-a06283af259c','3bdf7913-27fc-4d70-ae5f-a7943866a6a2','d5170e3d-df5f-4055-9bf7-053fcf54145c','completed','2025-03-09 01:42:15','2025-03-09 01:49:23'),('1c2a66f5-277e-4016-b1ef-4a4c5b42b415','9179116a-445d-4fda-9feb-76a0aa0e1d22','fe793d99-5e9a-4acb-8d69-94946fcadf5d','completed','2025-03-06 04:35:11','2025-03-09 04:55:33'),('1cfcf063-a83c-478d-addc-79f29f55f297','2215c685-75fb-4d3d-9e49-89671722a87f','64a1af39-52c1-4386-91d5-3f3f3fe25efb','incomplete','2025-03-06 01:03:55','2025-03-06 01:03:55'),('1d048b6a-7dce-4f90-ab28-eecdf293b27f','3bdf7913-27fc-4d70-ae5f-a7943866a6a2','45374d12-68f2-48d6-9465-80dd446970f5','completed','2025-03-09 01:42:15','2025-03-09 01:48:45'),('1d86ab29-e992-472d-9a0a-e36f80a8e046','3bdf7913-27fc-4d70-ae5f-a7943866a6a2','97441935-2c04-4923-ba9c-27fb6eda3924','completed','2025-03-09 01:42:15','2025-03-09 01:49:45'),('1d88cbd6-e1f3-4dda-b9bb-ba887f106787','3bdf7913-27fc-4d70-ae5f-a7943866a6a2','9ecf8367-ffed-46bf-aa03-8c950a1fbe98','completed','2025-03-09 01:42:15','2025-03-09 01:49:59'),('1dd6d654-6da2-496f-bfcf-a630f9c631b5','db819e78-b94c-413c-a0b6-851a62093fd6','206b8900-2a13-4baf-aa3a-bc4cf0cb13b8','completed','2025-03-05 07:50:30','2025-03-06 00:59:24'),('1dff46f2-6949-4d88-800e-b64436ddff45','db819e78-b94c-413c-a0b6-851a62093fd6','6ae56a34-2769-4667-9035-113f2b7db7a4','completed','2025-03-05 07:50:30','2025-03-06 01:00:53'),('1e548ced-1ff3-41f8-91c8-53a7c9491b9d','3bdf7913-27fc-4d70-ae5f-a7943866a6a2','71001013-a33f-4352-b4e6-b12d6dae5423','incomplete','2025-03-09 01:42:15','2025-03-09 01:42:15'),('1e8658b4-1db7-4325-a532-076c8c5f8395','db819e78-b94c-413c-a0b6-851a62093fd6','5fe13bfc-e2b5-482e-81d1-c907fcc5d729','completed','2025-03-05 07:50:30','2025-03-06 00:59:08'),('1edbac33-c96a-451d-b341-3e9fd1cf0849','2215c685-75fb-4d3d-9e49-89671722a87f','d13c82c0-4846-447f-941a-00f884bee658','completed','2025-03-06 01:03:55','2025-03-06 04:22:01'),('1eedab86-af45-434d-9688-b1790fcb2ded','3bdf7913-27fc-4d70-ae5f-a7943866a6a2','ae78eeaf-22cb-479e-8182-a186da7f4fcc','completed','2025-03-09 01:42:15','2025-03-09 01:48:42'),('1f57b1d2-b495-48f0-ad10-4a9a8fc7b2fa','2215c685-75fb-4d3d-9e49-89671722a87f','bd80b023-0f4e-4f15-8cc2-91711fe038ca','incomplete','2025-03-06 01:03:55','2025-03-06 01:03:55'),('1f903a20-5663-4ca9-b082-1abab0ccc40c','3bdf7913-27fc-4d70-ae5f-a7943866a6a2','206b8900-2a13-4baf-aa3a-bc4cf0cb13b8','completed','2025-03-09 01:42:15','2025-03-09 01:48:41'),('1f96e7f4-f15c-4ddf-97eb-60648b05e884','3bdf7913-27fc-4d70-ae5f-a7943866a6a2','7adcdf5b-67e2-44ca-b862-2d51463e1061','completed','2025-03-09 01:42:15','2025-03-09 01:48:53'),('2079eaec-eab7-4b40-8840-5ee2578f45b9','2215c685-75fb-4d3d-9e49-89671722a87f','b5cac5f0-1b16-4cdd-ac29-217a509842f2','completed','2025-03-06 01:03:55','2025-03-06 04:22:33'),('2098a7a5-5b15-4f67-b4cb-04a579310beb','9179116a-445d-4fda-9feb-76a0aa0e1d22','db2f7070-e74e-48ce-a913-cacd9d92aec7','incomplete','2025-03-06 04:35:11','2025-03-06 04:35:11'),('20a3bb89-4cca-4076-ae35-968b8e1e06c6','3bdf7913-27fc-4d70-ae5f-a7943866a6a2','1eff8709-e2fb-4d37-8629-2078a817f3e4','completed','2025-03-09 01:42:15','2025-03-09 01:49:05'),('211be6c8-24de-40fd-a782-35496a07f40a','9179116a-445d-4fda-9feb-76a0aa0e1d22','da818585-275c-43d3-a161-5168c49d7b72','incomplete','2025-03-06 04:35:11','2025-03-06 04:35:11'),('21aa8996-0d04-4cd7-883a-3e97f4807ed6','9179116a-445d-4fda-9feb-76a0aa0e1d22','6cdfe2e2-808a-4c0f-8369-67a70ee5ec87','incomplete','2025-03-06 04:35:11','2025-03-06 04:35:11'),('221f95dc-a27d-40f1-8bbd-2e5ea7b3d75f','2215c685-75fb-4d3d-9e49-89671722a87f','3255303f-7455-408b-96f2-bd5505819cff','completed','2025-03-06 01:03:55','2025-03-06 04:22:46'),('2232f92b-05c3-4f84-b051-768d98b3021f','9179116a-445d-4fda-9feb-76a0aa0e1d22','6a4ca9cb-5ec3-4a49-9b1b-3ca85772471a','completed','2025-03-06 04:35:11','2025-03-06 05:47:17'),('22c0fde6-1a71-45a7-a3fe-82e49ca70782','db819e78-b94c-413c-a0b6-851a62093fd6','4853c608-d23c-4b94-88dd-f9d0e7cec1cc','completed','2025-03-05 07:50:30','2025-03-06 01:00:41'),('23eece5e-0c6e-4bc7-b966-61a741879848','9179116a-445d-4fda-9feb-76a0aa0e1d22','df215f0a-17b1-4f51-9c49-db9fe09f4581','incomplete','2025-03-06 04:35:11','2025-03-06 04:35:11'),('244a04f5-531d-47ef-b95e-b69ee55a54ae','3bdf7913-27fc-4d70-ae5f-a7943866a6a2','40c3b48c-e853-11ef-aaaf-b00cd1460ecc','completed','2025-03-09 01:42:15','2025-03-09 01:42:30'),('24645335-5375-4bf8-84eb-479c2e4f3c3c','3bdf7913-27fc-4d70-ae5f-a7943866a6a2','a0206717-10bd-4951-aca0-68b0068c8923','completed','2025-03-09 01:42:15','2025-03-09 01:50:23'),('24acab91-12ba-4e45-b5ea-59ad68b47e91','db819e78-b94c-413c-a0b6-851a62093fd6','40c3b2fb-e853-11ef-aaaf-b00cd1460ecc','completed','2025-03-05 07:50:30','2025-03-06 00:58:08'),('24e59123-aa64-4dd4-bc9f-88dc05184c41','db819e78-b94c-413c-a0b6-851a62093fd6','5f3b8f6e-3489-4c9c-98ab-97183b4751be','completed','2025-03-05 07:50:30','2025-03-06 00:59:20'),('25740cb6-f53d-43bc-89e9-719943216bfe','3bdf7913-27fc-4d70-ae5f-a7943866a6a2','18a80bcf-e804-46a6-9014-1bcaf922dd1b','completed','2025-03-09 01:42:15','2025-03-09 01:50:35'),('27b52949-3cc8-49ef-aba4-47c531d10978','3bdf7913-27fc-4d70-ae5f-a7943866a6a2','bfb86d4b-808f-44d4-847f-f5a4e4e568b7','completed','2025-03-09 01:42:15','2025-03-09 01:49:57'),('28006f8c-1aff-4b54-a094-2083061daee6','9179116a-445d-4fda-9feb-76a0aa0e1d22','45374d12-68f2-48d6-9465-80dd446970f5','incomplete','2025-03-06 04:35:11','2025-03-06 04:35:11'),('283539f8-d060-45f0-b085-098ece477dcd','3bdf7913-27fc-4d70-ae5f-a7943866a6a2','e8f8d215-9adb-4c0b-8c25-ed1816136cd0','incomplete','2025-03-09 01:42:15','2025-03-09 01:42:15'),('28b2ece0-4b02-4ab6-beaf-747740e1a114','db819e78-b94c-413c-a0b6-851a62093fd6','d5170e3d-df5f-4055-9bf7-053fcf54145c','completed','2025-03-05 07:50:30','2025-03-06 01:00:06'),('298c22c4-07c6-4fee-9bcd-b9a37469a9c1','2215c685-75fb-4d3d-9e49-89671722a87f','34147a44-fddc-4c9e-af38-400f7de6d255','completed','2025-03-06 01:03:55','2025-03-06 04:22:14'),('29a1d7e7-58c2-48ef-a700-d7d8cf58b963','2215c685-75fb-4d3d-9e49-89671722a87f','7cd9eb2d-13e6-47d3-848a-abcc2d484d35','completed','2025-03-06 01:03:55','2025-03-06 04:22:09'),('29a3a221-fb66-4368-bc93-8bdacb98ae50','db819e78-b94c-413c-a0b6-851a62093fd6','1547831e-3caa-4ccf-bfd9-746a97bc8010','completed','2025-03-05 07:50:30','2025-03-06 01:01:26'),('29d302f4-6e71-466e-acd9-df90a6e66cbd','2215c685-75fb-4d3d-9e49-89671722a87f','6415b8a4-658b-4a03-a88a-223deed66baf','incomplete','2025-03-06 01:03:55','2025-03-06 01:03:55'),('2a5256af-c20e-44d5-9b57-87a5e493b346','2215c685-75fb-4d3d-9e49-89671722a87f','0f40a6ae-3e5b-4285-8d46-482af89aff21','completed','2025-03-06 01:03:55','2025-03-06 04:22:42'),('2af5dc6d-e2fd-4d2f-b491-c8dad0726ba9','9179116a-445d-4fda-9feb-76a0aa0e1d22','8e5bb6cf-9308-4800-b1f1-09f0ef2473e3','incomplete','2025-03-06 04:35:11','2025-03-06 04:35:11'),('2c0c9d73-3723-4ce0-88d3-7c30241e8787','9179116a-445d-4fda-9feb-76a0aa0e1d22','97441935-2c04-4923-ba9c-27fb6eda3924','completed','2025-03-06 04:35:11','2025-03-09 04:56:12'),('2cb69d9c-f8cd-4d84-bf35-deac9819e45b','3bdf7913-27fc-4d70-ae5f-a7943866a6a2','2ecac88d-b4f8-4ca7-adaa-bf2b4ee60fbd','incomplete','2025-03-09 01:42:15','2025-03-09 01:42:15'),('2d20d4e6-55c3-4bce-ba5d-8e4ea38ba9e5','db819e78-b94c-413c-a0b6-851a62093fd6','4cc695e0-cc50-4e13-95a8-8601e0921a4c','completed','2025-03-05 07:50:30','2025-03-06 00:59:19'),('2d4fceed-f549-4c58-ab73-8b145adfc48e','3bdf7913-27fc-4d70-ae5f-a7943866a6a2','f3a6e75d-4583-424b-8080-6bece3714af9','completed','2025-03-09 01:42:15','2025-03-09 01:43:08'),('2dc6b75f-8f09-4f6e-bd5f-f66545621229','3bdf7913-27fc-4d70-ae5f-a7943866a6a2','40c3b58c-e853-11ef-aaaf-b00cd1460ecc','completed','2025-03-09 01:42:15','2025-03-09 01:42:35'),('2de0e7f2-a65b-41e2-97dc-ea830cc05d9e','3bdf7913-27fc-4d70-ae5f-a7943866a6a2','58c07fb7-fbe4-408d-8daa-3eac53fe4650','completed','2025-03-09 01:42:15','2025-03-09 01:48:26'),('2e4c7036-f9b7-445c-af4e-822f5f291994','3bdf7913-27fc-4d70-ae5f-a7943866a6a2','46c60ba6-129f-4251-b625-c7d8e2f52b95','completed','2025-03-09 01:42:15','2025-03-09 01:50:29'),('2e60f481-0ed2-413e-90fd-354b0bd0420e','3bdf7913-27fc-4d70-ae5f-a7943866a6a2','6249dc62-a1fa-4b6d-bd6c-bf2510a3882f','completed','2025-03-09 01:42:15','2025-03-09 01:48:20'),('2e8c9d93-4dd9-46af-9352-ec40c8af170b','3bdf7913-27fc-4d70-ae5f-a7943866a6a2','a7d4a1eb-843b-4b6d-999d-44566dd84e3a','completed','2025-03-09 01:42:15','2025-03-09 01:50:47'),('2e9e1762-6683-42b1-bd98-21092148e31c','db819e78-b94c-413c-a0b6-851a62093fd6','bd80b023-0f4e-4f15-8cc2-91711fe038ca','completed','2025-03-05 07:50:30','2025-03-06 00:58:53'),('2ee024a5-72b6-4472-9bd7-19c59ba3e830','9179116a-445d-4fda-9feb-76a0aa0e1d22','1b855b43-903f-472b-a5de-d2a02ead7dfe','incomplete','2025-03-06 04:35:11','2025-03-06 04:35:11'),('2eefd09e-bc67-4474-9b4f-7ad639c0bdb2','9179116a-445d-4fda-9feb-76a0aa0e1d22','5fe13bfc-e2b5-482e-81d1-c907fcc5d729','incomplete','2025-03-06 04:35:11','2025-03-06 04:35:11'),('2f1df2fa-9683-421e-93c9-809ab5c4c720','2215c685-75fb-4d3d-9e49-89671722a87f','823470ea-c461-4484-a738-998bfd234374','incomplete','2025-03-06 01:03:55','2025-03-06 01:03:55'),('2f602944-d9ab-487e-902c-92d63b72dbea','db819e78-b94c-413c-a0b6-851a62093fd6','31b86e24-e24a-497f-8e09-af62ff4ec88b','completed','2025-03-05 07:50:30','2025-03-06 01:00:34'),('2f6e1145-af1b-43db-8ab5-a80a9b304246','db819e78-b94c-413c-a0b6-851a62093fd6','db2f7070-e74e-48ce-a913-cacd9d92aec7','completed','2025-03-05 07:50:30','2025-03-06 00:59:32'),('2fbbca9a-50f9-4761-8a7d-f81533519fa3','db819e78-b94c-413c-a0b6-851a62093fd6','4b67331c-5526-430d-8d31-de3203225a4c','completed','2025-03-05 07:50:30','2025-03-06 01:00:16'),('30056402-f970-4de5-a908-2f29f7cda853','db819e78-b94c-413c-a0b6-851a62093fd6','e336ae08-b1a9-4182-8af5-64ae973bde61','completed','2025-03-05 07:50:30','2025-03-06 00:59:08'),('30ef9b1f-1f5a-46e9-bb86-0ea464f5bda2','2215c685-75fb-4d3d-9e49-89671722a87f','0148e724-505f-4743-a0aa-9337de851b85','incomplete','2025-03-06 01:03:55','2025-03-06 01:03:55'),('3134e61a-229c-465b-9160-62c1964c13a9','9179116a-445d-4fda-9feb-76a0aa0e1d22','bd80b023-0f4e-4f15-8cc2-91711fe038ca','completed','2025-03-06 04:35:11','2025-03-06 05:25:28'),('31643305-b399-4793-8d61-75a8c2828bf2','3bdf7913-27fc-4d70-ae5f-a7943866a6a2','40c3d277-e853-11ef-aaaf-b00cd1460ecc','completed','2025-03-09 01:42:15','2025-03-09 01:42:45'),('33900cd8-dce5-4766-ad38-4ff373c54a20','3bdf7913-27fc-4d70-ae5f-a7943866a6a2','b5cac5f0-1b16-4cdd-ac29-217a509842f2','completed','2025-03-09 01:42:15','2025-03-09 01:50:08'),('33e05520-8a46-40f4-ab62-b5882aafc755','9179116a-445d-4fda-9feb-76a0aa0e1d22','990a5c3a-8957-40d4-87bb-694dc1f946f9','completed','2025-03-06 04:35:11','2025-03-09 04:55:50'),('33e1bde3-4918-4429-a6a6-b113bb9368d0','9179116a-445d-4fda-9feb-76a0aa0e1d22','f28d2790-c814-42be-b844-21fd5c593250','completed','2025-03-06 04:35:11','2025-03-09 04:55:32'),('3473fb55-9423-4514-8d86-65b8f52671c7','2215c685-75fb-4d3d-9e49-89671722a87f','519e2584-1961-4e6c-bef0-43ddbcf03c49','incomplete','2025-03-06 01:03:55','2025-03-06 01:03:55'),('34fde4ac-a31f-494c-a35e-ecfab3312ecb','9179116a-445d-4fda-9feb-76a0aa0e1d22','34b30edc-c978-459e-8fb0-45c243a0e9e4','incomplete','2025-03-06 04:35:11','2025-03-06 04:35:11'),('350241f1-4c31-4569-8f95-8076b228e68a','9179116a-445d-4fda-9feb-76a0aa0e1d22','ae28c4cb-b909-4bbb-a754-7751230f7934','incomplete','2025-03-06 04:35:11','2025-03-06 04:35:11'),('363be015-47ab-4cf3-9eca-45cef8f67b42','3bdf7913-27fc-4d70-ae5f-a7943866a6a2','31b86e24-e24a-497f-8e09-af62ff4ec88b','completed','2025-03-09 01:42:15','2025-03-09 01:49:47'),('37219999-729b-43fd-a76a-368d700c5cee','2215c685-75fb-4d3d-9e49-89671722a87f','13ae65fb-a0b5-415b-8c73-f3e63162e133','completed','2025-03-06 01:03:55','2025-03-06 04:22:28'),('3733d2c8-9b10-4432-9739-9f4ef638b8c4','9179116a-445d-4fda-9feb-76a0aa0e1d22','40c3ae50-e853-11ef-aaaf-b00cd1460ecc','completed','2025-03-06 04:35:11','2025-03-06 05:25:18'),('37d2680e-521d-403b-9b21-7398f7ee940e','9179116a-445d-4fda-9feb-76a0aa0e1d22','e0263f4b-8fcd-4f12-ba1e-9aaa6de829f0','completed','2025-03-06 04:35:11','2025-03-09 04:55:40'),('384bde22-9bab-4f14-a446-44275a0f2b64','2215c685-75fb-4d3d-9e49-89671722a87f','3493b715-f289-4a7f-96a1-1d2474f0e4ef','incomplete','2025-03-06 01:03:55','2025-03-06 01:03:55'),('3860473e-3ae4-46f1-9ce9-d8130fd5eb53','3bdf7913-27fc-4d70-ae5f-a7943866a6a2','c14acdc1-56fd-4b1f-a777-5c9635b9e5c8','incomplete','2025-03-09 01:42:15','2025-03-09 01:42:15'),('38c9f2b3-e6c6-405b-ba9e-ba1dfaac01e9','9179116a-445d-4fda-9feb-76a0aa0e1d22','6e41aa0f-8bee-41a8-ac73-8aec3ed18a1f','incomplete','2025-03-06 04:35:11','2025-03-06 04:35:11'),('3a08b9e2-6122-4758-af92-811547c4120d','db819e78-b94c-413c-a0b6-851a62093fd6','c83e1265-8860-4ddf-8161-2178d0d3f0d6','completed','2025-03-05 07:50:30','2025-03-06 01:01:01'),('3a105aa0-fd4c-47b8-a155-35ec1b62fb06','2215c685-75fb-4d3d-9e49-89671722a87f','2ecac88d-b4f8-4ca7-adaa-bf2b4ee60fbd','incomplete','2025-03-06 01:03:55','2025-03-06 01:03:55'),('3a36eac0-0293-465a-a9b5-d724631d979f','db819e78-b94c-413c-a0b6-851a62093fd6','8ec96591-e61b-4967-af61-1372b4a5a59c','completed','2025-03-05 07:50:30','2025-03-06 00:58:45'),('3a6637f3-4618-4917-afdd-0e343d9d91e0','9179116a-445d-4fda-9feb-76a0aa0e1d22','40c3b2fb-e853-11ef-aaaf-b00cd1460ecc','completed','2025-03-06 04:35:11','2025-03-06 05:25:18'),('3afafd51-aa61-4612-b8e1-0380728b32ae','2215c685-75fb-4d3d-9e49-89671722a87f','c1631e68-5b8b-4189-8777-1f52ba06a1f6','completed','2025-03-06 01:03:55','2025-03-06 04:22:27'),('3b639913-daf0-43e3-9f73-6ad253d88aaa','9179116a-445d-4fda-9feb-76a0aa0e1d22','1eff8709-e2fb-4d37-8629-2078a817f3e4','completed','2025-03-06 04:35:11','2025-03-09 04:55:46'),('3b9fa3e7-f732-4920-b752-e2438f2dce58','9179116a-445d-4fda-9feb-76a0aa0e1d22','4711c32e-51e0-4d35-85f6-1491bad44619','incomplete','2025-03-06 04:35:11','2025-03-06 04:35:11'),('3be3b56b-9545-4d76-9d72-3925f67ac256','db819e78-b94c-413c-a0b6-851a62093fd6','f6da345e-90b4-42c8-ba55-c4967a25e213','completed','2025-03-05 07:50:30','2025-03-06 00:59:35'),('3bfc5962-d920-4b88-a7f1-336ff314903c','db819e78-b94c-413c-a0b6-851a62093fd6','c47c57f4-4edd-4451-99cb-c3be8b1a9da0','completed','2025-03-05 07:50:30','2025-03-06 01:00:09'),('3d2cf621-0000-4e91-bfaa-51cfd3020913','3bdf7913-27fc-4d70-ae5f-a7943866a6a2','da818585-275c-43d3-a161-5168c49d7b72','completed','2025-03-09 01:42:15','2025-03-09 01:48:44'),('3ec77794-2165-4a2e-a3f2-2357a5d42dd1','3bdf7913-27fc-4d70-ae5f-a7943866a6a2','c1e95de4-d4d7-4d51-8446-e3c96c89139e','incomplete','2025-03-09 01:42:15','2025-03-09 01:42:15'),('3f942310-af15-4069-b039-c2f0aeaa47f4','3bdf7913-27fc-4d70-ae5f-a7943866a6a2','05a289f9-704c-48e9-a465-479fb9bf8b6c','completed','2025-03-09 01:42:15','2025-03-09 01:48:31'),('40285e06-c7ff-4400-8ff0-66fac7602586','db819e78-b94c-413c-a0b6-851a62093fd6','ee530ed1-fa10-48c5-91cf-cd08cc011417','completed','2025-03-05 07:50:30','2025-03-06 00:59:52'),('40803f1f-70ec-4cf3-8cb7-ecbe953b3983','db819e78-b94c-413c-a0b6-851a62093fd6','45374d12-68f2-48d6-9465-80dd446970f5','completed','2025-03-05 07:50:30','2025-03-06 00:59:28'),('40878904-0a46-4490-9adc-5c2039003419','3bdf7913-27fc-4d70-ae5f-a7943866a6a2','64a1af39-52c1-4386-91d5-3f3f3fe25efb','incomplete','2025-03-09 01:42:15','2025-03-09 01:42:15'),('409de532-172d-4344-843e-095ae5bf7d09','3bdf7913-27fc-4d70-ae5f-a7943866a6a2','cdfe382c-0a50-41dc-94a8-1940a7760a0f','completed','2025-03-09 01:42:15','2025-03-09 01:50:36'),('416c7033-994c-42ba-a078-6190392457c8','2215c685-75fb-4d3d-9e49-89671722a87f','49c2ff1a-12ee-4d27-ac03-856145cb92d6','incomplete','2025-03-06 01:03:55','2025-03-06 01:03:55'),('41d90894-9ae8-468f-9225-429f813893ed','3bdf7913-27fc-4d70-ae5f-a7943866a6a2','01e8485b-fc10-487d-b0df-e5d58d1c7128','completed','2025-03-09 01:42:15','2025-03-09 01:49:16'),('422a569b-813d-4759-9b30-ca4a8786f410','2215c685-75fb-4d3d-9e49-89671722a87f','f3a6e75d-4583-424b-8080-6bece3714af9','incomplete','2025-03-06 01:03:55','2025-03-06 01:03:55'),('4247dbdd-ceb9-4d1a-8622-7fd9864ec398','9179116a-445d-4fda-9feb-76a0aa0e1d22','62ff3f16-d4ae-46cd-87ed-1e92e580e1a5','completed','2025-03-06 04:35:11','2025-03-06 05:45:56'),('425383a0-01bf-47c5-b9ae-7d835e9dbc95','9179116a-445d-4fda-9feb-76a0aa0e1d22','8ec96591-e61b-4967-af61-1372b4a5a59c','completed','2025-03-06 04:35:11','2025-03-06 05:24:11'),('43bb4ae9-ae85-466f-b5c5-54d6ebed1944','3bdf7913-27fc-4d70-ae5f-a7943866a6a2','40c3b8ef-e853-11ef-aaaf-b00cd1460ecc','completed','2025-03-09 01:42:15','2025-03-09 01:42:44'),('4409115a-eb2e-4330-8ca7-a0b5fac823d4','2215c685-75fb-4d3d-9e49-89671722a87f','ee530ed1-fa10-48c5-91cf-cd08cc011417','completed','2025-03-06 01:03:55','2025-03-06 04:22:11'),('44856252-bb17-4c12-bff6-94df87c53d47','2215c685-75fb-4d3d-9e49-89671722a87f','b02fc8fc-3801-4d52-ba72-62ac98ae0933','completed','2025-03-06 01:03:55','2025-03-06 04:22:03'),('4548586e-bc90-44f2-85d6-d7fe57166b29','3bdf7913-27fc-4d70-ae5f-a7943866a6a2','b25b88d6-af92-4752-8187-edb1a063b5cf','completed','2025-03-09 01:42:15','2025-03-09 01:43:04'),('4559642f-96aa-4265-8de2-ac250fe6392d','9179116a-445d-4fda-9feb-76a0aa0e1d22','01c279b6-0467-41e2-988d-cecda97dcbe3','completed','2025-03-06 04:35:11','2025-03-06 05:23:57'),('45cb5852-abdf-4ea2-af92-14f5e3d7a352','db819e78-b94c-413c-a0b6-851a62093fd6','acabc276-4308-4648-9f0d-dd690f7b2e42','completed','2025-03-05 07:50:30','2025-03-06 01:00:18'),('45ce1189-b453-4e89-959e-0a9a085926c6','9179116a-445d-4fda-9feb-76a0aa0e1d22','5f3b8f6e-3489-4c9c-98ab-97183b4751be','incomplete','2025-03-06 04:35:11','2025-03-06 04:35:11'),('45d83945-7beb-4add-8cd9-00e801540d30','3bdf7913-27fc-4d70-ae5f-a7943866a6a2','823470ea-c461-4484-a738-998bfd234374','completed','2025-03-09 01:42:15','2025-03-09 01:50:42'),('45dabd5f-32cf-4990-a54e-db50a8303d10','db819e78-b94c-413c-a0b6-851a62093fd6','40c3b8ef-e853-11ef-aaaf-b00cd1460ecc','completed','2025-03-05 07:50:30','2025-03-06 00:58:18'),('4663a25b-954c-4c88-a90e-87329aab7b6d','db819e78-b94c-413c-a0b6-851a62093fd6','f3a6e75d-4583-424b-8080-6bece3714af9','completed','2025-03-05 07:50:30','2025-03-06 00:58:53'),('47d7231d-5ab2-4e76-a304-2b919ac377ed','db819e78-b94c-413c-a0b6-851a62093fd6','01c279b6-0467-41e2-988d-cecda97dcbe3','completed','2025-03-05 07:50:30','2025-03-06 00:58:44'),('47fa64de-9c6a-4ae4-ad53-ec36a21819f3','db819e78-b94c-413c-a0b6-851a62093fd6','75c27876-2875-4ed2-a101-5fb3df337cdb','completed','2025-03-05 07:50:30','2025-03-06 00:59:50'),('481266f5-35d7-40f1-85eb-67ce29722945','3bdf7913-27fc-4d70-ae5f-a7943866a6a2','8f3097c8-a489-45bd-a48b-d1ab4ccd8ae4','completed','2025-03-09 01:42:15','2025-03-09 01:49:59'),('489511b4-a1af-4cce-9137-b7d82f31a096','9179116a-445d-4fda-9feb-76a0aa0e1d22','40c3d277-e853-11ef-aaaf-b00cd1460ecc','completed','2025-03-06 04:35:11','2025-03-06 05:39:20'),('49754c2d-c9ad-4856-ad35-6f1817a50f83','db819e78-b94c-413c-a0b6-851a62093fd6','b25b88d6-af92-4752-8187-edb1a063b5cf','completed','2025-03-05 07:50:30','2025-03-06 00:58:46'),('499c7c43-a8c7-45be-90cd-7f21c06afe15','2215c685-75fb-4d3d-9e49-89671722a87f','db2f7070-e74e-48ce-a913-cacd9d92aec7','incomplete','2025-03-06 01:03:55','2025-03-06 01:03:55'),('49ee6a03-beed-459c-8685-d0a5129897be','2215c685-75fb-4d3d-9e49-89671722a87f','e0263f4b-8fcd-4f12-ba1e-9aaa6de829f0','completed','2025-03-06 01:03:55','2025-03-06 04:22:06'),('4a62bbc3-d83d-44b3-88cd-193da6c86d66','3bdf7913-27fc-4d70-ae5f-a7943866a6a2','0d9e2d60-1425-4b7d-babb-48a7e94cc060','incomplete','2025-03-09 01:42:15','2025-03-09 01:42:15'),('4aa5c69c-a4c2-4356-949c-e60d2e0575e6','9179116a-445d-4fda-9feb-76a0aa0e1d22','22fedf78-c64d-4bce-a898-66705c4969f2','incomplete','2025-03-06 04:35:11','2025-03-06 04:35:11'),('4b38f143-b11c-45be-b997-73a68a45b058','3bdf7913-27fc-4d70-ae5f-a7943866a6a2','3fd57ec1-8994-411e-abef-063ef998ea38','completed','2025-03-09 01:42:15','2025-03-09 01:49:15'),('4bd91422-78d6-459b-9d6c-2967d268cf5a','2215c685-75fb-4d3d-9e49-89671722a87f','bfcd3211-6f8d-4dac-a318-d2640c471b57','incomplete','2025-03-06 01:03:55','2025-03-06 01:03:55'),('4c26b5a9-a7da-4505-b6a2-e64a8fcd51aa','db819e78-b94c-413c-a0b6-851a62093fd6','ebc8fdde-dc1e-4c9c-ab5a-580f020ead9a','completed','2025-03-05 07:50:30','2025-03-06 00:59:57'),('4c30d376-4f1f-47c4-816e-bc9c0e908d26','3bdf7913-27fc-4d70-ae5f-a7943866a6a2','22fedf78-c64d-4bce-a898-66705c4969f2','incomplete','2025-03-09 01:42:15','2025-03-09 01:42:15'),('4c4a6bc3-f259-4ef2-bf28-d03765c7afb2','db819e78-b94c-413c-a0b6-851a62093fd6','e5d1d858-70ed-49c8-a043-087dd93d0acb','completed','2025-03-05 07:50:30','2025-03-06 01:01:17'),('4c5fe06b-f316-4301-aadf-bcc9fc98d346','3bdf7913-27fc-4d70-ae5f-a7943866a6a2','a8a3f0bd-078a-41ef-8052-5b22b2efd981','completed','2025-03-09 01:42:15','2025-03-09 01:49:32'),('4c733083-729b-456b-af08-5657aa522f06','2215c685-75fb-4d3d-9e49-89671722a87f','c14acdc1-56fd-4b1f-a777-5c9635b9e5c8','incomplete','2025-03-06 01:03:55','2025-03-06 01:03:55'),('4c94686e-19a4-44c9-a3f9-07bed53c7596','2215c685-75fb-4d3d-9e49-89671722a87f','45374d12-68f2-48d6-9465-80dd446970f5','incomplete','2025-03-06 01:03:55','2025-03-06 01:03:55'),('4cb84804-bb79-4293-ad57-4a3cff44b3a6','2215c685-75fb-4d3d-9e49-89671722a87f','43ffb521-4867-4dc5-9203-44527b207d8e','completed','2025-03-06 01:03:55','2025-03-06 04:22:13'),('4dea7cc4-e5aa-4489-8a48-f179be80a6b1','2215c685-75fb-4d3d-9e49-89671722a87f','4711c32e-51e0-4d35-85f6-1491bad44619','incomplete','2025-03-06 01:03:55','2025-03-06 01:03:55'),('4e0f43b7-6a3d-4f6c-87a7-74bbad4643ee','9179116a-445d-4fda-9feb-76a0aa0e1d22','ae78eeaf-22cb-479e-8182-a186da7f4fcc','incomplete','2025-03-06 04:35:11','2025-03-06 04:35:11'),('4e8382ad-fe2a-4256-9a7b-5160a4f03006','2215c685-75fb-4d3d-9e49-89671722a87f','1353dec6-75a0-421e-9dec-2a214e5c1238','incomplete','2025-03-06 01:03:55','2025-03-06 01:03:55'),('4ea05618-0da6-4221-9970-1dc3eefd5c23','3bdf7913-27fc-4d70-ae5f-a7943866a6a2','8e5bb6cf-9308-4800-b1f1-09f0ef2473e3','completed','2025-03-09 01:42:15','2025-03-09 01:50:38'),('4eee754b-6796-4a41-8dae-c0f5d559bee2','db819e78-b94c-413c-a0b6-851a62093fd6','3255303f-7455-408b-96f2-bd5505819cff','completed','2025-03-05 07:50:30','2025-03-06 01:01:14'),('4fff5419-c057-4def-85d5-a15e84e519db','db819e78-b94c-413c-a0b6-851a62093fd6','71001013-a33f-4352-b4e6-b12d6dae5423','completed','2025-03-05 07:50:30','2025-03-06 01:01:36'),('5006be15-2f80-4842-895d-c93ae3765181','9179116a-445d-4fda-9feb-76a0aa0e1d22','b338f90b-91c9-4fa6-bf82-6e3be1966926','completed','2025-03-06 04:35:11','2025-03-09 04:56:11'),('503483c4-baa8-4e8c-b1c9-e668e74810e9','db819e78-b94c-413c-a0b6-851a62093fd6','d3ee7c8d-2e51-4046-9228-ca4f163738cb','completed','2025-03-05 07:50:30','2025-03-06 01:00:22'),('5098e3ac-906c-487d-91f8-70319c61bb88','db819e78-b94c-413c-a0b6-851a62093fd6','18a80bcf-e804-46a6-9014-1bcaf922dd1b','completed','2025-03-05 07:50:30','2025-03-06 01:01:12'),('50b2e379-99ec-4915-afc5-54dca3b114e2','2215c685-75fb-4d3d-9e49-89671722a87f','df215f0a-17b1-4f51-9c49-db9fe09f4581','incomplete','2025-03-06 01:03:55','2025-03-06 01:03:55'),('50b93245-7621-4531-acb8-43eec208fba3','2215c685-75fb-4d3d-9e49-89671722a87f','8364652c-335f-4450-95ca-6038b8ff646a','completed','2025-03-06 01:03:55','2025-03-06 04:22:43'),('51486514-8fa5-402c-b5ee-56f63576270a','2215c685-75fb-4d3d-9e49-89671722a87f','71001013-a33f-4352-b4e6-b12d6dae5423','incomplete','2025-03-06 01:03:55','2025-03-06 01:03:55'),('515350c4-a797-47f3-9300-2a54820b9072','9179116a-445d-4fda-9feb-76a0aa0e1d22','91d37fae-5475-45b7-93da-ccd99dd31b23','incomplete','2025-03-06 04:35:11','2025-03-06 04:35:11'),('525e4538-903e-4f0c-ba7a-38fbe51694d3','db819e78-b94c-413c-a0b6-851a62093fd6','324d8c92-d86f-45f7-baa0-f9431738d9af','completed','2025-03-05 07:50:30','2025-03-06 01:00:02'),('52aa66ad-ec80-4940-8b20-b736d153b1f5','3bdf7913-27fc-4d70-ae5f-a7943866a6a2','195f34b3-6365-4011-bcca-832e58e21621','completed','2025-03-09 01:42:15','2025-03-09 01:48:22'),('52c16234-01c6-4547-9a64-b49901203d49','3bdf7913-27fc-4d70-ae5f-a7943866a6a2','4853c608-d23c-4b94-88dd-f9d0e7cec1cc','completed','2025-03-09 01:42:15','2025-03-09 01:49:53'),('53173aa8-deed-4f28-beea-a16fbac68613','2215c685-75fb-4d3d-9e49-89671722a87f','e336ae08-b1a9-4182-8af5-64ae973bde61','incomplete','2025-03-06 01:03:55','2025-03-06 01:03:55'),('533e4bdf-f47f-47b4-8661-ea1efb86e82a','9179116a-445d-4fda-9feb-76a0aa0e1d22','3b67db84-daad-47a4-89c0-c45860a8bd71','completed','2025-03-06 04:35:11','2025-03-09 04:56:35'),('5459b48d-3234-4b79-88bd-620b3ebf9108','9179116a-445d-4fda-9feb-76a0aa0e1d22','37756f70-fc76-4e66-b807-da17a5359fa5','incomplete','2025-03-06 04:35:11','2025-03-06 04:35:11'),('5462bc09-be13-4310-9938-97a9589c2997','9179116a-445d-4fda-9feb-76a0aa0e1d22','bef1e88a-0c8d-4573-94ac-7815ffbde73c','incomplete','2025-03-06 04:35:11','2025-03-06 04:35:11'),('549415d1-6f7d-41a6-ba41-48637c606bd7','9179116a-445d-4fda-9feb-76a0aa0e1d22','79f11156-0ee4-4ee3-b4c4-6f7a56b4edc1','incomplete','2025-03-06 04:35:11','2025-03-06 04:35:11'),('55ebb96f-b4bf-4649-8b6e-894fae0e9cc5','9179116a-445d-4fda-9feb-76a0aa0e1d22','31b86e24-e24a-497f-8e09-af62ff4ec88b','completed','2025-03-06 04:35:11','2025-03-09 04:56:14'),('5617fcd8-d392-4a41-94f0-805d2af8c3a1','9179116a-445d-4fda-9feb-76a0aa0e1d22','b1bceef1-693b-4602-a810-feffd97b7ae4','incomplete','2025-03-06 04:35:11','2025-03-06 04:35:11'),('568e7928-5e80-4a2b-910f-a89275fb70dd','9179116a-445d-4fda-9feb-76a0aa0e1d22','95edeabd-c8df-433b-b93d-645c328dfd99','completed','2025-03-06 04:35:11','2025-03-09 04:55:44'),('569b1ae5-ab40-4d86-9400-1cb1ff90fec1','2215c685-75fb-4d3d-9e49-89671722a87f','6de1dd77-e84e-11ef-aaaf-b00cd1460ecc','completed','2025-03-06 01:03:55','2025-03-06 03:33:49'),('56d8174c-5b1d-4d4f-b3bb-842b2f75f505','db819e78-b94c-413c-a0b6-851a62093fd6','62ff3f16-d4ae-46cd-87ed-1e92e580e1a5','completed','2025-03-05 07:50:30','2025-03-06 00:58:43'),('56f83a78-998f-44e8-a0d2-f8b425540466','3bdf7913-27fc-4d70-ae5f-a7943866a6a2','f4a21ad4-cfc2-43a8-8289-fb9872873899','completed','2025-03-09 01:42:15','2025-03-09 01:49:00'),('5720a0b3-9609-45dc-aa09-453e478138b8','3bdf7913-27fc-4d70-ae5f-a7943866a6a2','34b30edc-c978-459e-8fb0-45c243a0e9e4','incomplete','2025-03-09 01:42:15','2025-03-09 01:42:15'),('572c8f4d-adf3-4ee7-87b3-7f243c17543c','db819e78-b94c-413c-a0b6-851a62093fd6','40c3b48c-e853-11ef-aaaf-b00cd1460ecc','completed','2025-03-05 07:50:30','2025-03-06 00:58:09'),('581751d3-6c6a-44ca-96a0-cc7c4c4927da','db819e78-b94c-413c-a0b6-851a62093fd6','7adcdf5b-67e2-44ca-b862-2d51463e1061','completed','2025-03-05 07:50:30','2025-03-06 00:59:38'),('58fa1289-fd78-4a57-97d6-2bcc5cc488a6','3bdf7913-27fc-4d70-ae5f-a7943866a6a2','e5f8fb4f-8112-4566-ae31-ed0585d9bc86','completed','2025-03-09 01:42:15','2025-03-09 01:48:44'),('59174d6b-e30e-4ed5-8ff2-a5bdc1f3598a','db819e78-b94c-413c-a0b6-851a62093fd6','40c3ae50-e853-11ef-aaaf-b00cd1460ecc','completed','2025-03-05 07:50:30','2025-03-06 00:58:07'),('5a025fc1-e269-4f5a-8233-53799ae60629','2215c685-75fb-4d3d-9e49-89671722a87f','a0206717-10bd-4951-aca0-68b0068c8923','completed','2025-03-06 01:03:55','2025-03-06 04:22:39'),('5bf5a404-44b2-4c03-98c0-0072e011548f','9179116a-445d-4fda-9feb-76a0aa0e1d22','4cc695e0-cc50-4e13-95a8-8601e0921a4c','incomplete','2025-03-06 04:35:11','2025-03-06 04:35:11'),('5c918764-3188-411c-9440-412665742616','9179116a-445d-4fda-9feb-76a0aa0e1d22','3255303f-7455-408b-96f2-bd5505819cff','completed','2025-03-06 04:35:11','2025-03-09 04:56:40'),('5ca5fec6-5988-453e-ae94-2250bfb8b96e','2215c685-75fb-4d3d-9e49-89671722a87f','202fdccb-5f9c-4842-ba41-b2fb28d3b659','incomplete','2025-03-06 01:03:55','2025-03-06 01:03:55'),('5cd25745-f17f-4694-9fce-f7e359e7392b','db819e78-b94c-413c-a0b6-851a62093fd6','bef1e88a-0c8d-4573-94ac-7815ffbde73c','completed','2025-03-05 07:50:30','2025-03-06 01:01:33'),('5d058243-24e7-4806-a509-5d6247fdf42a','2215c685-75fb-4d3d-9e49-89671722a87f','40c3b8ef-e853-11ef-aaaf-b00cd1460ecc','completed','2025-03-06 01:03:55','2025-03-06 01:24:07'),('5d76252d-9f9e-4ada-92b4-d3f2f43a42d4','db819e78-b94c-413c-a0b6-851a62093fd6','b6e49911-967f-45bd-998c-70d71f877265','completed','2025-03-05 07:50:30','2025-03-06 01:00:59'),('5e08b503-9790-4025-a236-4231c91b3678','2215c685-75fb-4d3d-9e49-89671722a87f','5e1c956d-0ead-4c25-889b-f3cab582426f','completed','2025-03-06 01:03:55','2025-03-06 04:22:40'),('5e2e634a-cbac-4be8-8fa7-58b5c7c442ca','db819e78-b94c-413c-a0b6-851a62093fd6','b1bceef1-693b-4602-a810-feffd97b7ae4','completed','2025-03-05 07:50:30','2025-03-06 01:01:20'),('5f87a449-ecdf-4cde-9d70-780da8668162','3bdf7913-27fc-4d70-ae5f-a7943866a6a2','f6c8ee84-466a-452c-923b-e7b6eff1d957','incomplete','2025-03-09 01:42:15','2025-03-09 01:42:15'),('600d8100-3701-41bf-9426-e1f9920e90d7','3bdf7913-27fc-4d70-ae5f-a7943866a6a2','324d8c92-d86f-45f7-baa0-f9431738d9af','completed','2025-03-09 01:42:15','2025-03-09 01:49:19'),('6038f77e-79f2-464b-aaea-a2f5c1aa7768','3bdf7913-27fc-4d70-ae5f-a7943866a6a2','a37b0327-1b27-4fed-80fb-0f022806dc4f','completed','2025-03-09 01:42:15','2025-03-09 01:49:53'),('6102ba51-a1bc-427c-8f2c-fde6cf7b48c3','2215c685-75fb-4d3d-9e49-89671722a87f','ae28c4cb-b909-4bbb-a754-7751230f7934','incomplete','2025-03-06 01:03:55','2025-03-06 01:03:55'),('6135fa5d-c064-49de-ba23-30d911fa6869','3bdf7913-27fc-4d70-ae5f-a7943866a6a2','1b855b43-903f-472b-a5de-d2a02ead7dfe','completed','2025-03-09 01:42:15','2025-03-09 01:49:27'),('6146ba88-8370-4756-945b-1e0d8ae16010','2215c685-75fb-4d3d-9e49-89671722a87f','6ae56a34-2769-4667-9035-113f2b7db7a4','incomplete','2025-03-06 01:03:55','2025-03-06 01:03:55'),('615558a7-f774-4bbd-825a-bd4245f0923f','db819e78-b94c-413c-a0b6-851a62093fd6','6e41aa0f-8bee-41a8-ac73-8aec3ed18a1f','completed','2025-03-05 07:50:30','2025-03-06 01:00:26'),('615a32f2-889f-425f-b453-d135ad81a51a','2215c685-75fb-4d3d-9e49-89671722a87f','f6da345e-90b4-42c8-ba55-c4967a25e213','incomplete','2025-03-06 01:03:55','2025-03-06 01:03:55'),('616ba8d0-7157-4101-9b29-8ea92bba531a','9179116a-445d-4fda-9feb-76a0aa0e1d22','6de1dd77-e84e-11ef-aaaf-b00cd1460ecc','completed','2025-03-06 04:35:11','2025-03-06 05:41:25'),('61804358-4128-4ee2-8e7d-0b49ce2e93f1','9179116a-445d-4fda-9feb-76a0aa0e1d22','34147a44-fddc-4c9e-af38-400f7de6d255','completed','2025-03-06 04:35:11','2025-03-09 04:55:53'),('61ac2e67-2548-430a-ac86-5cb9b35f115d','db819e78-b94c-413c-a0b6-851a62093fd6','e6a8225b-8cac-45db-97ac-4158ccd3776c','completed','2025-03-05 07:50:30','2025-03-06 01:01:25'),('61b1468e-f56f-4912-916c-50e7164b47a6','9179116a-445d-4fda-9feb-76a0aa0e1d22','bfb86d4b-808f-44d4-847f-f5a4e4e568b7','incomplete','2025-03-06 04:35:11','2025-03-06 04:35:11'),('626bcfd3-7a63-4738-88cc-a36434f81503','db819e78-b94c-413c-a0b6-851a62093fd6','e8f8d215-9adb-4c0b-8c25-ed1816136cd0','completed','2025-03-05 07:50:30','2025-03-06 01:01:38'),('62e09cd1-1003-4979-8b30-3eb59f234161','9179116a-445d-4fda-9feb-76a0aa0e1d22','4853c608-d23c-4b94-88dd-f9d0e7cec1cc','incomplete','2025-03-06 04:35:11','2025-03-06 04:35:11'),('63270c41-14d3-40a2-a1a5-a5bfdf2b4f2a','2215c685-75fb-4d3d-9e49-89671722a87f','990a5c3a-8957-40d4-87bb-694dc1f946f9','completed','2025-03-06 01:03:55','2025-03-06 04:22:12'),('63563543-d2b0-475c-8eef-b5b4b98547f5','db819e78-b94c-413c-a0b6-851a62093fd6','c14acdc1-56fd-4b1f-a777-5c9635b9e5c8','completed','2025-03-05 07:50:30','2025-03-06 01:01:24'),('63f6d4ce-0608-47c2-a7ba-cd7dd7bb9e38','2215c685-75fb-4d3d-9e49-89671722a87f','f28d2790-c814-42be-b844-21fd5c593250','completed','2025-03-06 01:03:55','2025-03-06 04:22:01'),('645d07ed-d78b-4192-aa54-a898afe8d2b0','9179116a-445d-4fda-9feb-76a0aa0e1d22','c47c57f4-4edd-4451-99cb-c3be8b1a9da0','incomplete','2025-03-06 04:35:11','2025-03-06 04:35:11'),('64ae6498-809f-4a87-8454-ab326976b1e4','2215c685-75fb-4d3d-9e49-89671722a87f','e5f8fb4f-8112-4566-ae31-ed0585d9bc86','incomplete','2025-03-06 01:03:55','2025-03-06 01:03:55'),('64f3d0f5-8c72-4405-926a-e2782463b01e','2215c685-75fb-4d3d-9e49-89671722a87f','95edeabd-c8df-433b-b93d-645c328dfd99','completed','2025-03-06 01:03:55','2025-03-06 04:22:07'),('64f407d5-792b-4727-a380-cb6b25c579bf','2215c685-75fb-4d3d-9e49-89671722a87f','a15d7073-9d97-41b9-8e2b-afc7c3101ac0','incomplete','2025-03-06 01:03:55','2025-03-06 01:03:55'),('655f1567-bed2-44b3-a0e8-9d7c0c2de36a','9179116a-445d-4fda-9feb-76a0aa0e1d22','bfcd3211-6f8d-4dac-a318-d2640c471b57','incomplete','2025-03-06 04:35:11','2025-03-06 04:35:11'),('65602d66-a97d-454a-ae89-90f9d62524c2','9179116a-445d-4fda-9feb-76a0aa0e1d22','75c27876-2875-4ed2-a101-5fb3df337cdb','completed','2025-03-06 04:35:11','2025-03-09 04:55:48'),('669481b6-7834-4a66-bc62-d9547a440c34','2215c685-75fb-4d3d-9e49-89671722a87f','f2116b99-d5e8-4246-85d8-31e2326ab373','completed','2025-03-06 01:03:55','2025-03-06 01:27:38'),('669fe46e-3e23-4392-b194-743b0405a2b0','db819e78-b94c-413c-a0b6-851a62093fd6','34b30edc-c978-459e-8fb0-45c243a0e9e4','completed','2025-03-05 07:50:30','2025-03-06 01:01:31'),('66ee6667-808e-4e75-9218-38ce0026fa4a','2215c685-75fb-4d3d-9e49-89671722a87f','cdfe382c-0a50-41dc-94a8-1940a7760a0f','completed','2025-03-06 01:03:55','2025-03-06 04:22:45'),('67192164-6644-4321-9b05-485d4df91178','3bdf7913-27fc-4d70-ae5f-a7943866a6a2','2d854fb8-374c-4fd5-a5fc-b341c6009c33','completed','2025-03-09 01:42:15','2025-03-09 01:50:31'),('67b9c8b9-fd5a-4b42-be9d-26f47bd7a43e','2215c685-75fb-4d3d-9e49-89671722a87f','3079fd0f-fc23-47ef-881d-65f41dee53ff','completed','2025-03-06 01:03:55','2025-03-06 04:22:29'),('67c8a6c8-74ab-4e3e-8828-7ad90e1e8f2c','3bdf7913-27fc-4d70-ae5f-a7943866a6a2','13ae65fb-a0b5-415b-8c73-f3e63162e133','completed','2025-03-09 01:42:15','2025-03-09 01:49:48'),('67e2eccf-4607-4031-a787-14b8645f3c7d','9179116a-445d-4fda-9feb-76a0aa0e1d22','2d854fb8-374c-4fd5-a5fc-b341c6009c33','completed','2025-03-06 04:35:11','2025-03-09 04:56:34'),('68984c92-99b1-4f2d-9ba5-5d346286272b','9179116a-445d-4fda-9feb-76a0aa0e1d22','202fdccb-5f9c-4842-ba41-b2fb28d3b659','incomplete','2025-03-06 04:35:11','2025-03-06 04:35:11'),('69161881-66b0-4680-b575-8f6010adf79c','9179116a-445d-4fda-9feb-76a0aa0e1d22','f42f6a4c-2fe3-4958-b0b4-d04073f2ab17','completed','2025-03-06 04:35:11','2025-03-06 05:47:17'),('6a0840e0-a5d4-4bbe-85ff-80d41f5473bc','2215c685-75fb-4d3d-9e49-89671722a87f','22fedf78-c64d-4bce-a898-66705c4969f2','incomplete','2025-03-06 01:03:55','2025-03-06 01:03:55'),('6b69af80-2e8a-4e9b-8420-d3f87fed3e9a','db819e78-b94c-413c-a0b6-851a62093fd6','91d37fae-5475-45b7-93da-ccd99dd31b23','completed','2025-03-05 07:50:30','2025-03-06 01:00:25'),('6bfeade3-7fd5-4cff-a04d-80424ba1d649','2215c685-75fb-4d3d-9e49-89671722a87f','e8e7e1ab-6190-4d90-8be6-203eb3fea8dd','incomplete','2025-03-06 01:03:55','2025-03-06 01:03:55'),('6c87bc68-f2a3-4c20-9dab-f0657d5f7c77','2215c685-75fb-4d3d-9e49-89671722a87f','9ecf8367-ffed-46bf-aa03-8c950a1fbe98','incomplete','2025-03-06 01:03:55','2025-03-06 01:03:55'),('6cc76572-fc9a-4ef3-8cf8-1124e6940f2a','3bdf7913-27fc-4d70-ae5f-a7943866a6a2','6de1dd77-e84e-11ef-aaaf-b00cd1460ecc','completed','2025-03-09 01:42:15','2025-03-09 01:42:26'),('6d5bdeda-5ef1-4f1f-8070-227b25fcf606','3bdf7913-27fc-4d70-ae5f-a7943866a6a2','79f11156-0ee4-4ee3-b4c4-6f7a56b4edc1','completed','2025-03-09 01:42:15','2025-03-09 01:49:37'),('6e6db919-51d1-4856-b37e-1a3b4794bfcb','3bdf7913-27fc-4d70-ae5f-a7943866a6a2','fe793d99-5e9a-4acb-8d69-94946fcadf5d','completed','2025-03-09 01:42:15','2025-03-09 01:48:58'),('6e87a90d-3f0f-4a55-a2db-1a9bc96934eb','db819e78-b94c-413c-a0b6-851a62093fd6','d13c82c0-4846-447f-941a-00f884bee658','completed','2025-03-05 07:50:30','2025-03-06 00:59:42'),('6eba42bb-4c03-45d5-a70e-c10e5a0e5a63','3bdf7913-27fc-4d70-ae5f-a7943866a6a2','40c3b2fb-e853-11ef-aaaf-b00cd1460ecc','completed','2025-03-09 01:42:15','2025-03-09 01:42:28'),('70d23734-923c-44f9-a0a1-1d68f7799596','9179116a-445d-4fda-9feb-76a0aa0e1d22','d5170e3d-df5f-4055-9bf7-053fcf54145c','completed','2025-03-06 04:35:11','2025-03-09 04:56:03'),('7192ec53-8cf1-4ff7-ab7e-9cafa1d315a0','3bdf7913-27fc-4d70-ae5f-a7943866a6a2','e8e7e1ab-6190-4d90-8be6-203eb3fea8dd','completed','2025-03-09 01:42:15','2025-03-09 01:48:22'),('71bc8402-a57e-4231-a104-1440db31af34','9179116a-445d-4fda-9feb-76a0aa0e1d22','823470ea-c461-4484-a738-998bfd234374','incomplete','2025-03-06 04:35:11','2025-03-06 04:35:11'),('71e86531-120f-48af-aae8-339c185c10e8','3bdf7913-27fc-4d70-ae5f-a7943866a6a2','fdd232e2-44cc-4fbb-8907-4c06a05338aa','completed','2025-03-09 01:42:15','2025-03-09 01:49:51'),('72295bbf-9c71-418f-85f0-c373e4864472','2215c685-75fb-4d3d-9e49-89671722a87f','37756f70-fc76-4e66-b807-da17a5359fa5','incomplete','2025-03-06 01:03:55','2025-03-06 01:03:55'),('72895c33-448e-4e34-abf6-d1b729050feb','9179116a-445d-4fda-9feb-76a0aa0e1d22','5e9c0829-c259-4581-b594-49f75e5d5faa','completed','2025-03-06 04:35:11','2025-03-09 04:55:59'),('731371a1-bd9d-48a9-802a-d79743c734cd','9179116a-445d-4fda-9feb-76a0aa0e1d22','f2116b99-d5e8-4246-85d8-31e2326ab373','incomplete','2025-03-06 04:35:11','2025-03-06 04:35:11'),('73ed3210-19c7-433f-a13b-0f6c788bdca0','db819e78-b94c-413c-a0b6-851a62093fd6','8628c247-195f-44b9-bded-4dbb5fcc40f3','completed','2025-03-05 07:50:30','2025-03-06 01:00:36'),('74c2199c-e365-43db-996e-2b77c7a150d3','9179116a-445d-4fda-9feb-76a0aa0e1d22','dce451b5-1555-40e2-b5b0-b022e5ba43db','incomplete','2025-03-06 04:35:11','2025-03-06 04:35:11'),('74d9a73d-e4d3-473b-96ad-d5561c86ea25','2215c685-75fb-4d3d-9e49-89671722a87f','6f12ed87-8242-463f-b366-59f2e97caf07','incomplete','2025-03-06 01:03:55','2025-03-06 01:03:55'),('74f8346a-f477-4fbf-8968-075c996ddae3','9179116a-445d-4fda-9feb-76a0aa0e1d22','944993b7-fc93-4a2d-8c62-b84906e76cb3','incomplete','2025-03-06 04:35:11','2025-03-06 04:35:11'),('752805b5-0417-46fa-9d6b-c4bc33d96133','db819e78-b94c-413c-a0b6-851a62093fd6','b338f90b-91c9-4fa6-bf82-6e3be1966926','completed','2025-03-05 07:50:30','2025-03-06 01:00:31'),('757567dd-3ee8-4226-966f-e81931c6f919','3bdf7913-27fc-4d70-ae5f-a7943866a6a2','f6da345e-90b4-42c8-ba55-c4967a25e213','completed','2025-03-09 01:42:15','2025-03-09 01:48:50'),('7822ef00-100f-4722-a1c1-a4ef046cf4b7','2215c685-75fb-4d3d-9e49-89671722a87f','3b12ed5c-bd94-4c6d-b62e-2d6178005417','incomplete','2025-03-06 01:03:55','2025-03-06 01:03:55'),('78b2ef99-3271-4b7a-a056-e7089c722025','3bdf7913-27fc-4d70-ae5f-a7943866a6a2','fe3a65ad-e1c2-481f-b431-c8d8b3a4c01b','completed','2025-03-09 01:42:15','2025-03-09 01:43:02'),('78b7a1e0-a0de-4769-a5b4-eb4123e0ae9a','db819e78-b94c-413c-a0b6-851a62093fd6','da818585-275c-43d3-a161-5168c49d7b72','completed','2025-03-05 07:50:30','2025-03-06 00:59:28'),('78c1ded1-b908-448a-aabe-472cdc26c81e','2215c685-75fb-4d3d-9e49-89671722a87f','7adcdf5b-67e2-44ca-b862-2d51463e1061','incomplete','2025-03-06 01:03:55','2025-03-06 01:03:55'),('7944e4c8-be6e-4965-9d4c-f1796b572900','3bdf7913-27fc-4d70-ae5f-a7943866a6a2','0f40a6ae-3e5b-4285-8d46-482af89aff21','completed','2025-03-09 01:42:15','2025-03-09 01:50:30'),('795a7a5b-d5d5-4b80-9f23-58ebbc83f567','3bdf7913-27fc-4d70-ae5f-a7943866a6a2','0148e724-505f-4743-a0aa-9337de851b85','completed','2025-03-09 01:42:15','2025-03-09 01:49:24'),('7ad4870e-5cb8-48c3-ac8c-f27163b6e9c5','9179116a-445d-4fda-9feb-76a0aa0e1d22','3fd57ec1-8994-411e-abef-063ef998ea38','completed','2025-03-06 04:35:11','2025-03-09 04:55:57'),('7ae4ad8d-c124-41e6-939a-ec7de0bb9709','9179116a-445d-4fda-9feb-76a0aa0e1d22','b0c81422-af16-4808-9b3b-a5a617e97dd0','completed','2025-03-06 04:35:11','2025-03-09 04:55:55'),('7ba9b61d-9d58-420c-8139-e25e5f8ff64d','9179116a-445d-4fda-9feb-76a0aa0e1d22','43ffb521-4867-4dc5-9203-44527b207d8e','completed','2025-03-06 04:35:11','2025-03-09 04:55:52'),('7c779cd6-589d-4c1c-86bc-713e752d0585','db819e78-b94c-413c-a0b6-851a62093fd6','9def89b7-9d91-4dd7-8905-5b051cfd288e','completed','2025-03-05 07:50:30','2025-03-06 00:59:45'),('7c7ff5d9-1c2d-4ecf-9d22-3143f7b0597d','3bdf7913-27fc-4d70-ae5f-a7943866a6a2','a15d7073-9d97-41b9-8e2b-afc7c3101ac0','incomplete','2025-03-09 01:42:15','2025-03-09 01:42:15'),('7caed9d6-342e-4095-bb16-bbf3c4f8c7e0','2215c685-75fb-4d3d-9e49-89671722a87f','4b67331c-5526-430d-8d31-de3203225a4c','incomplete','2025-03-06 01:03:55','2025-03-06 01:03:55'),('7d4b9912-1b51-4ccb-a380-b65a9b61e357','3bdf7913-27fc-4d70-ae5f-a7943866a6a2','bef1e88a-0c8d-4573-94ac-7815ffbde73c','incomplete','2025-03-09 01:42:15','2025-03-09 01:42:15'),('7da5efa4-3cc9-438b-a75a-169e62e9de73','9179116a-445d-4fda-9feb-76a0aa0e1d22','fdd232e2-44cc-4fbb-8907-4c06a05338aa','incomplete','2025-03-06 04:35:11','2025-03-06 04:35:11'),('7df856a9-5182-438a-b68d-c4774e82342f','db819e78-b94c-413c-a0b6-851a62093fd6','990a5c3a-8957-40d4-87bb-694dc1f946f9','completed','2025-03-05 07:50:30','2025-03-06 00:59:53'),('7e0031e2-f972-4fc6-afed-0313c0ad0b0f','2215c685-75fb-4d3d-9e49-89671722a87f','e0300ff3-d140-40b7-a2d2-99f189543027','incomplete','2025-03-06 01:03:55','2025-03-06 01:03:55'),('7f264913-65a9-4162-b3cb-c6673d02429e','9179116a-445d-4fda-9feb-76a0aa0e1d22','e5f8fb4f-8112-4566-ae31-ed0585d9bc86','incomplete','2025-03-06 04:35:11','2025-03-06 04:35:11'),('7fd2e885-8031-4b8e-a6c7-b2465c792014','3bdf7913-27fc-4d70-ae5f-a7943866a6a2','b02fc8fc-3801-4d52-ba72-62ac98ae0933','completed','2025-03-09 01:42:15','2025-03-09 01:48:59'),('811a2496-c879-45f7-bd48-5005454a9110','9179116a-445d-4fda-9feb-76a0aa0e1d22','40c3b48c-e853-11ef-aaaf-b00cd1460ecc','completed','2025-03-06 04:35:11','2025-03-06 05:15:10'),('8173f92f-26bc-4161-a026-8fdeaa4e1507','9179116a-445d-4fda-9feb-76a0aa0e1d22','0d9e2d60-1425-4b7d-babb-48a7e94cc060','incomplete','2025-03-06 04:35:11','2025-03-06 04:35:11'),('8271b0da-a72a-4fbc-bd31-0bcc2bdeffc1','2215c685-75fb-4d3d-9e49-89671722a87f','a7d4a1eb-843b-4b6d-999d-44566dd84e3a','incomplete','2025-03-06 01:03:55','2025-03-06 01:03:55'),('82e67bf3-a154-43da-a36a-564a74536580','3bdf7913-27fc-4d70-ae5f-a7943866a6a2','e5d1d858-70ed-49c8-a043-087dd93d0acb','completed','2025-03-09 01:42:15','2025-03-09 01:50:41'),('83c909f4-3df3-420d-b99b-946653f103eb','db819e78-b94c-413c-a0b6-851a62093fd6','40c3b58c-e853-11ef-aaaf-b00cd1460ecc','completed','2025-03-05 07:50:30','2025-03-06 00:58:17'),('83f18779-1d24-406c-aa2e-86331a0a028c','9179116a-445d-4fda-9feb-76a0aa0e1d22','b8dc9b14-c831-45f2-b0d0-8a8627e01e31','incomplete','2025-03-06 04:35:11','2025-03-06 04:35:11'),('83f7017a-6299-4967-8f99-2478f2ab1af5','db819e78-b94c-413c-a0b6-851a62093fd6','e0300ff3-d140-40b7-a2d2-99f189543027','completed','2025-03-05 07:50:30','2025-03-06 01:00:54'),('84cb9ed6-871a-425a-bd6b-1b638b0b64ec','2215c685-75fb-4d3d-9e49-89671722a87f','46c60ba6-129f-4251-b625-c7d8e2f52b95','completed','2025-03-06 01:03:55','2025-03-06 04:22:41'),('851126db-201a-4083-83f2-1df7b0609ffa','3bdf7913-27fc-4d70-ae5f-a7943866a6a2','519e2584-1961-4e6c-bef0-43ddbcf03c49','completed','2025-03-09 01:42:15','2025-03-09 01:50:03'),('85408ec2-7c5c-483d-9721-225dbfea8e03','2215c685-75fb-4d3d-9e49-89671722a87f','ae78eeaf-22cb-479e-8182-a186da7f4fcc','incomplete','2025-03-06 01:03:55','2025-03-06 01:03:55'),('85c63f81-97a7-488e-ae39-9997c197ac80','3bdf7913-27fc-4d70-ae5f-a7943866a6a2','b0c81422-af16-4808-9b3b-a5a617e97dd0','completed','2025-03-09 01:42:15','2025-03-09 01:49:14'),('85d47125-c7cf-4071-b1e4-3703a68ea146','db819e78-b94c-413c-a0b6-851a62093fd6','6de1dd77-e84e-11ef-aaaf-b00cd1460ecc','completed','2025-03-05 07:50:30','2025-03-06 00:58:05'),('864bdeb3-9f5f-436a-800a-a40f215a5be8','db819e78-b94c-413c-a0b6-851a62093fd6','bfb86d4b-808f-44d4-847f-f5a4e4e568b7','completed','2025-03-05 07:50:30','2025-03-06 01:00:45'),('865f7cc4-ba46-4e85-ab92-92e748b3a158','9179116a-445d-4fda-9feb-76a0aa0e1d22','1353dec6-75a0-421e-9dec-2a214e5c1238','incomplete','2025-03-06 04:35:11','2025-03-06 04:35:11'),('86a03d5c-21a9-4386-b106-7b5b70555b93','9179116a-445d-4fda-9feb-76a0aa0e1d22','863a119a-0b1a-4814-a17a-ff0d8b6798f8','completed','2025-03-06 04:35:11','2025-03-09 04:56:02'),('86f75956-bbed-4000-b515-76e177f1e379','9179116a-445d-4fda-9feb-76a0aa0e1d22','acabc276-4308-4648-9f0d-dd690f7b2e42','incomplete','2025-03-06 04:35:11','2025-03-06 04:35:11'),('87d4b2d8-fd60-4b15-b43f-5533b6d7a754','3bdf7913-27fc-4d70-ae5f-a7943866a6a2','95acf084-e691-4c4f-9fbf-753779b1023e','completed','2025-03-09 01:42:15','2025-03-09 01:48:39'),('8842976a-f90f-4d73-8301-77a5bc4acc34','9179116a-445d-4fda-9feb-76a0aa0e1d22','519e2584-1961-4e6c-bef0-43ddbcf03c49','incomplete','2025-03-06 04:35:11','2025-03-06 04:35:11'),('887e22a0-10e7-413a-a204-ee05af74e366','db819e78-b94c-413c-a0b6-851a62093fd6','4711c32e-51e0-4d35-85f6-1491bad44619','completed','2025-03-05 07:50:30','2025-03-06 01:00:43'),('88d414eb-45ef-47af-bb82-90b0971c35b8','db819e78-b94c-413c-a0b6-851a62093fd6','dce451b5-1555-40e2-b5b0-b022e5ba43db','completed','2025-03-05 07:50:30','2025-03-06 01:01:37'),('895ea459-6740-4d9f-abee-e8968ae30e28','9179116a-445d-4fda-9feb-76a0aa0e1d22','c1e95de4-d4d7-4d51-8446-e3c96c89139e','incomplete','2025-03-06 04:35:11','2025-03-06 04:35:11'),('89877b5f-556d-4806-8e9f-99eb5fb776c0','3bdf7913-27fc-4d70-ae5f-a7943866a6a2','39cf3dcb-0c35-4a5b-80a6-8a2279e76ff7','completed','2025-03-09 01:42:15','2025-03-09 01:50:27'),('89878fb7-0185-459d-bd01-c9150b7d7a57','3bdf7913-27fc-4d70-ae5f-a7943866a6a2','ac9ce1ff-5401-46c7-8bd2-3625d524b418','completed','2025-03-09 01:42:15','2025-03-09 01:49:31'),('89d6d547-db18-4f24-9d5c-5d3de7d3870f','2215c685-75fb-4d3d-9e49-89671722a87f','863a119a-0b1a-4814-a17a-ff0d8b6798f8','incomplete','2025-03-06 01:03:55','2025-03-06 01:03:55'),('8b95af6e-386f-4c65-9f4c-1b33a5c78429','db819e78-b94c-413c-a0b6-851a62093fd6','01e8485b-fc10-487d-b0df-e5d58d1c7128','completed','2025-03-05 07:50:30','2025-03-06 01:00:00'),('8c506f9e-8db0-4a78-9f51-36f1cb481927','db819e78-b94c-413c-a0b6-851a62093fd6','195f34b3-6365-4011-bcca-832e58e21621','completed','2025-03-05 07:50:30','2025-03-06 00:59:06'),('8cfa9ce3-9dc8-43f1-9c96-53e1f314410a','db819e78-b94c-413c-a0b6-851a62093fd6','ae78eeaf-22cb-479e-8182-a186da7f4fcc','completed','2025-03-05 07:50:30','2025-03-06 00:59:26'),('8d2620fc-c374-4bd8-acc2-a7d10bf63d86','9179116a-445d-4fda-9feb-76a0aa0e1d22','71001013-a33f-4352-b4e6-b12d6dae5423','incomplete','2025-03-06 04:35:11','2025-03-06 04:35:11'),('8d3f9e17-8cb4-4318-a77d-9181e96f12ca','3bdf7913-27fc-4d70-ae5f-a7943866a6a2','e0300ff3-d140-40b7-a2d2-99f189543027','incomplete','2025-03-09 01:42:15','2025-03-09 01:42:15'),('8d7c35bc-9b4b-4362-9d14-4afc3eb3bb0b','9179116a-445d-4fda-9feb-76a0aa0e1d22','b5cac5f0-1b16-4cdd-ac29-217a509842f2','completed','2025-03-06 04:35:11','2025-03-09 04:56:24'),('8e792de3-a332-41b9-9654-cd9667fc192e','db819e78-b94c-413c-a0b6-851a62093fd6','5e1c956d-0ead-4c25-889b-f3cab582426f','completed','2025-03-05 07:50:30','2025-03-06 01:01:04'),('8e901e8a-67c8-42d9-8555-f7c9efbbe079','9179116a-445d-4fda-9feb-76a0aa0e1d22','206b8900-2a13-4baf-aa3a-bc4cf0cb13b8','incomplete','2025-03-06 04:35:11','2025-03-06 04:35:11'),('8ea681ac-591d-43bb-a6fb-ae52a7524211','9179116a-445d-4fda-9feb-76a0aa0e1d22','b2c10eaf-d329-4aff-bdac-75640fe9f5e2','incomplete','2025-03-06 04:35:11','2025-03-06 04:35:11'),('8eb9e028-5a98-4db0-a035-35879fd58db0','db819e78-b94c-413c-a0b6-851a62093fd6','6a4ca9cb-5ec3-4a49-9b1b-3ca85772471a','completed','2025-03-05 07:50:30','2025-03-06 00:59:17'),('8edcaf7f-ed0f-4d46-8325-d5727fdf7f76','3bdf7913-27fc-4d70-ae5f-a7943866a6a2','dce451b5-1555-40e2-b5b0-b022e5ba43db','incomplete','2025-03-09 01:42:15','2025-03-09 01:42:15'),('8f62773e-76fe-4c5e-b320-efdbbf2158a1','9179116a-445d-4fda-9feb-76a0aa0e1d22','720e5a22-01b3-463e-8c03-2aa702df8edc','incomplete','2025-03-06 04:35:11','2025-03-06 04:35:11'),('8f6f0ff0-d13d-4b49-aae6-3ad40a38b146','2215c685-75fb-4d3d-9e49-89671722a87f','75c27876-2875-4ed2-a101-5fb3df337cdb','completed','2025-03-06 01:03:55','2025-03-06 04:22:09'),('8f9a866c-3742-47c2-bc5f-d3600d453d37','9179116a-445d-4fda-9feb-76a0aa0e1d22','ebc8fdde-dc1e-4c9c-ab5a-580f020ead9a','completed','2025-03-06 04:35:11','2025-03-09 04:55:54'),('8feb19e1-7cc6-4a15-b935-cde1d0a0da74','db819e78-b94c-413c-a0b6-851a62093fd6','95edeabd-c8df-433b-b93d-645c328dfd99','completed','2025-03-05 07:50:30','2025-03-06 00:59:48'),('90caa1a5-7be4-4d95-8642-5f2c4178b552','9179116a-445d-4fda-9feb-76a0aa0e1d22','0f40a6ae-3e5b-4285-8d46-482af89aff21','completed','2025-03-06 04:35:11','2025-03-09 04:56:33'),('9240061e-6f6c-4fd5-8fc7-017a9238e1ed','db819e78-b94c-413c-a0b6-851a62093fd6','202fdccb-5f9c-4842-ba41-b2fb28d3b659','completed','2025-03-05 07:50:30','2025-03-06 01:00:13'),('927f6d4b-a97b-4bca-b771-d962b72b552f','db819e78-b94c-413c-a0b6-851a62093fd6','beb3c420-52d1-4694-bb81-92815fdd85a0','completed','2025-03-05 07:50:30','2025-03-06 01:00:11'),('93135b25-1b91-4b82-9dee-523a53e3f9f6','2215c685-75fb-4d3d-9e49-89671722a87f','e8f8d215-9adb-4c0b-8c25-ed1816136cd0','incomplete','2025-03-06 01:03:55','2025-03-06 01:03:55'),('935dda5e-ec87-46ca-a421-e26ff4682f7e','9179116a-445d-4fda-9feb-76a0aa0e1d22','3493b715-f289-4a7f-96a1-1d2474f0e4ef','incomplete','2025-03-06 04:35:11','2025-03-06 04:35:11'),('93fdb7ab-42c9-40bc-83ae-0601cdb24411','2215c685-75fb-4d3d-9e49-89671722a87f','fe793d99-5e9a-4acb-8d69-94946fcadf5d','completed','2025-03-06 01:03:55','2025-03-06 04:22:03'),('940ca447-5c5f-4bae-be62-742cb02818c6','9179116a-445d-4fda-9feb-76a0aa0e1d22','195f34b3-6365-4011-bcca-832e58e21621','incomplete','2025-03-06 04:35:11','2025-03-06 04:35:11'),('941101dd-7377-4bbb-9a78-a703aa3ab267','db819e78-b94c-413c-a0b6-851a62093fd6','a7d4a1eb-843b-4b6d-999d-44566dd84e3a','completed','2025-03-05 07:50:30','2025-03-06 01:01:22'),('959cacd7-d4a8-46e2-a6a2-e731047f3f89','db819e78-b94c-413c-a0b6-851a62093fd6','4aacb93c-6dfe-4b8c-ac9c-8f4ab5185243','completed','2025-03-05 07:50:30','2025-03-06 01:01:11'),('95aa5781-569e-4d29-9996-99c490b10434','3bdf7913-27fc-4d70-ae5f-a7943866a6a2','3079fd0f-fc23-47ef-881d-65f41dee53ff','completed','2025-03-09 01:42:15','2025-03-09 01:49:50'),('96a4c2a0-54aa-47b4-a5e5-4adc0514c7da','3bdf7913-27fc-4d70-ae5f-a7943866a6a2','4cc695e0-cc50-4e13-95a8-8601e0921a4c','completed','2025-03-09 01:42:15','2025-03-09 01:48:35'),('97d8da14-e8ee-442b-96ae-5a02262d347d','2215c685-75fb-4d3d-9e49-89671722a87f','2d854fb8-374c-4fd5-a5fc-b341c6009c33','completed','2025-03-06 01:03:55','2025-03-06 04:22:42'),('97fa14e6-0438-434d-8d6d-27c291963918','db819e78-b94c-413c-a0b6-851a62093fd6','1eff8709-e2fb-4d37-8629-2078a817f3e4','completed','2025-03-05 07:50:30','2025-03-06 00:59:48'),('988d824f-50c4-4c89-be8b-8586daebf6c7','2215c685-75fb-4d3d-9e49-89671722a87f','87fd9b78-d82d-40e0-b83c-904c69c9cf85','incomplete','2025-03-06 01:03:55','2025-03-06 01:03:55'),('9899dd8a-d8a9-47e7-a86f-d97c75e6d353','3bdf7913-27fc-4d70-ae5f-a7943866a6a2','c47c57f4-4edd-4451-99cb-c3be8b1a9da0','completed','2025-03-09 01:42:15','2025-03-09 01:49:26'),('98ce4926-6539-4f6e-834a-c881157c8c98','3bdf7913-27fc-4d70-ae5f-a7943866a6a2','228eaf9e-0c3e-4854-849c-a15069f7e695','completed','2025-03-09 01:42:15','2025-03-09 01:49:36'),('9969eb6e-441f-43fe-8c81-a7610d60c477','9179116a-445d-4fda-9feb-76a0aa0e1d22','9c025168-5555-4653-bb4d-e93bade20da0','completed','2025-03-06 04:35:11','2025-03-09 04:55:50'),('99e3cc6f-4c7a-4b00-995b-9657958ccdcd','2215c685-75fb-4d3d-9e49-89671722a87f','b8dc9b14-c831-45f2-b0d0-8a8627e01e31','incomplete','2025-03-06 01:03:55','2025-03-06 01:03:55'),('9a2d5e52-1cca-4e2a-86b4-52bc4aceeef3','3bdf7913-27fc-4d70-ae5f-a7943866a6a2','95edeabd-c8df-433b-b93d-645c328dfd99','completed','2025-03-09 01:42:15','2025-03-09 01:49:04'),('9a6f5de0-5d8b-4ae3-b668-a835d1fa85a2','2215c685-75fb-4d3d-9e49-89671722a87f','b6e49911-967f-45bd-998c-70d71f877265','incomplete','2025-03-06 01:03:55','2025-03-06 01:03:55'),('9aa9b9aa-a4ed-42c0-9861-3156c2532de6','2215c685-75fb-4d3d-9e49-89671722a87f','e90c5171-4efe-41d9-86cc-230f521a253e','incomplete','2025-03-06 01:03:55','2025-03-06 01:03:55'),('9be49fc5-71f4-4c5d-ba41-b71287f8e2b9','2215c685-75fb-4d3d-9e49-89671722a87f','79f11156-0ee4-4ee3-b4c4-6f7a56b4edc1','incomplete','2025-03-06 01:03:55','2025-03-06 01:03:55'),('9c3e4be6-96d7-498c-aebf-f4644dd27239','db819e78-b94c-413c-a0b6-851a62093fd6','49c2ff1a-12ee-4d27-ac03-856145cb92d6','completed','2025-03-05 07:50:30','2025-03-06 01:00:50'),('9ca7301d-a35f-4ba5-9328-6a04b53a1135','db819e78-b94c-413c-a0b6-851a62093fd6','e90c5171-4efe-41d9-86cc-230f521a253e','completed','2025-03-05 07:50:30','2025-03-06 01:00:40'),('9cb77050-69fa-4a3d-ba03-2adf3645e8a6','3bdf7913-27fc-4d70-ae5f-a7943866a6a2','d13c82c0-4846-447f-941a-00f884bee658','completed','2025-03-09 01:42:15','2025-03-09 01:48:57'),('9e252a68-a836-4301-adc3-8614de7bec4b','db819e78-b94c-413c-a0b6-851a62093fd6','40c3b3f7-e853-11ef-aaaf-b00cd1460ecc','completed','2025-03-05 07:50:30','2025-03-06 00:58:09'),('9e8f9a53-1d39-470c-87c4-e1d77956bae9','2215c685-75fb-4d3d-9e49-89671722a87f','f42f6a4c-2fe3-4958-b0b4-d04073f2ab17','completed','2025-03-06 01:03:55','2025-03-06 04:21:51'),('9f03ee40-0e68-4537-9a04-94cb3f5f8f4b','db819e78-b94c-413c-a0b6-851a62093fd6','43ffb521-4867-4dc5-9203-44527b207d8e','completed','2025-03-05 07:50:30','2025-03-06 00:59:55'),('9f53d3bf-45b1-4e68-85d8-fc7f3d6a580c','3bdf7913-27fc-4d70-ae5f-a7943866a6a2','ae28c4cb-b909-4bbb-a754-7751230f7934','completed','2025-03-09 01:42:15','2025-03-09 01:50:39'),('9f653b80-7bfd-4427-8d98-f6601ff39d56','9179116a-445d-4fda-9feb-76a0aa0e1d22','40c3b832-e853-11ef-aaaf-b00cd1460ecc','completed','2025-03-06 04:35:11','2025-03-06 05:15:56'),('9f7cd09b-bf5d-47ab-9c25-1e2c69d653ab','2215c685-75fb-4d3d-9e49-89671722a87f','3b67db84-daad-47a4-89c0-c45860a8bd71','completed','2025-03-06 01:03:55','2025-03-06 04:22:43'),('a16f6f89-0b5b-4494-b2f1-236a9ba426c9','db819e78-b94c-413c-a0b6-851a62093fd6','ac9ce1ff-5401-46c7-8bd2-3625d524b418','completed','2025-03-05 07:50:30','2025-03-06 01:00:15'),('a19f5185-4919-4a8c-bf44-f3534a690376','2215c685-75fb-4d3d-9e49-89671722a87f','91d37fae-5475-45b7-93da-ccd99dd31b23','incomplete','2025-03-06 01:03:55','2025-03-06 01:03:55'),('a1c5815c-5949-42ce-a4c4-fb5ad46d17ee','2215c685-75fb-4d3d-9e49-89671722a87f','324d8c92-d86f-45f7-baa0-f9431738d9af','incomplete','2025-03-06 01:03:55','2025-03-06 01:03:55'),('a20e7466-7b85-49b3-aa53-d567e6a9a632','db819e78-b94c-413c-a0b6-851a62093fd6','fe793d99-5e9a-4acb-8d69-94946fcadf5d','completed','2025-03-05 07:50:30','2025-03-06 00:59:43'),('a27552b0-9ea9-42d3-8dce-b4dc32cc5dec','db819e78-b94c-413c-a0b6-851a62093fd6','e5f8fb4f-8112-4566-ae31-ed0585d9bc86','completed','2025-03-05 07:50:30','2025-03-06 00:59:27'),('a3376e77-d69c-4d5c-883b-eb906e1aa319','9179116a-445d-4fda-9feb-76a0aa0e1d22','6f12ed87-8242-463f-b366-59f2e97caf07','incomplete','2025-03-06 04:35:11','2025-03-06 04:35:11'),('a3389680-96e3-44e2-85be-b12ab5ea6890','9179116a-445d-4fda-9feb-76a0aa0e1d22','2ecac88d-b4f8-4ca7-adaa-bf2b4ee60fbd','incomplete','2025-03-06 04:35:11','2025-03-06 04:35:11'),('a37fb422-fa93-42b0-9cc7-68fdd282dbec','9179116a-445d-4fda-9feb-76a0aa0e1d22','e6a8225b-8cac-45db-97ac-4158ccd3776c','incomplete','2025-03-06 04:35:11','2025-03-06 04:35:11'),('a3997903-59c7-425b-b311-a4e58bff21a6','db819e78-b94c-413c-a0b6-851a62093fd6','df215f0a-17b1-4f51-9c49-db9fe09f4581','completed','2025-03-05 07:50:30','2025-03-06 01:00:12'),('a3e1d2e0-f3bd-4768-82fc-aa26cf376296','9179116a-445d-4fda-9feb-76a0aa0e1d22','8f3097c8-a489-45bd-a48b-d1ab4ccd8ae4','incomplete','2025-03-06 04:35:11','2025-03-06 04:35:11'),('a57d23e7-2aea-4a73-92eb-f57f67e9380d','3bdf7913-27fc-4d70-ae5f-a7943866a6a2','40c3ae50-e853-11ef-aaaf-b00cd1460ecc','completed','2025-03-09 01:42:15','2025-03-09 01:42:27'),('a5fe62ab-d06c-43cb-9f60-d0fb8ddc6db0','9179116a-445d-4fda-9feb-76a0aa0e1d22','a0206717-10bd-4951-aca0-68b0068c8923','completed','2025-03-06 04:35:11','2025-03-09 04:56:29'),('a7fcc361-a3a5-4d76-a097-1c68aad3867a','db819e78-b94c-413c-a0b6-851a62093fd6','f42f6a4c-2fe3-4958-b0b4-d04073f2ab17','completed','2025-03-05 07:50:30','2025-03-06 00:59:18'),('a86363b1-8b80-44c3-949a-e156728228cd','2215c685-75fb-4d3d-9e49-89671722a87f','40c3b48c-e853-11ef-aaaf-b00cd1460ecc','completed','2025-03-06 01:03:55','2025-03-06 01:23:08'),('a92f8e1e-5722-4c02-bb51-3b38702946a4','9179116a-445d-4fda-9feb-76a0aa0e1d22','58c07fb7-fbe4-408d-8daa-3eac53fe4650','incomplete','2025-03-06 04:35:11','2025-03-06 04:35:11'),('a9339890-a3ed-4d97-96f9-055b236b209c','2215c685-75fb-4d3d-9e49-89671722a87f','b0c81422-af16-4808-9b3b-a5a617e97dd0','completed','2025-03-06 01:03:55','2025-03-06 04:22:17'),('a94831de-36fb-4844-b4dc-618170c128e6','db819e78-b94c-413c-a0b6-851a62093fd6','cdfe382c-0a50-41dc-94a8-1940a7760a0f','completed','2025-03-05 07:50:30','2025-03-06 01:01:13'),('a95d7691-8a33-4f32-82d5-e3bfa089aa0e','db819e78-b94c-413c-a0b6-851a62093fd6','58c07fb7-fbe4-408d-8daa-3eac53fe4650','completed','2025-03-05 07:50:30','2025-03-06 00:59:08'),('aa21c9d2-e544-4665-8c7f-296ba473b733','3bdf7913-27fc-4d70-ae5f-a7943866a6a2','f2116b99-d5e8-4246-85d8-31e2326ab373','completed','2025-03-09 01:42:15','2025-03-09 01:48:21'),('ab902737-364c-442a-b0f7-b883fcbf399e','db819e78-b94c-413c-a0b6-851a62093fd6','c1e95de4-d4d7-4d51-8446-e3c96c89139e','completed','2025-03-05 07:50:30','2025-03-06 01:01:28'),('abdbfb32-b0b3-4b2e-9965-4e23d5546999','db819e78-b94c-413c-a0b6-851a62093fd6','0f40a6ae-3e5b-4285-8d46-482af89aff21','completed','2025-03-05 07:50:30','2025-03-06 01:01:06'),('ac3dd3e2-8c1a-4c20-b0ce-7834e3878169','db819e78-b94c-413c-a0b6-851a62093fd6','40c3b50e-e853-11ef-aaaf-b00cd1460ecc','completed','2025-03-05 07:50:30','2025-03-06 00:58:16'),('ac69e676-6998-4e29-a542-86ac569bba0a','db819e78-b94c-413c-a0b6-851a62093fd6','b8dc9b14-c831-45f2-b0d0-8a8627e01e31','completed','2025-03-05 07:50:30','2025-03-06 01:00:58'),('ac880351-c4b0-4256-91de-0a7240a556ee','db819e78-b94c-413c-a0b6-851a62093fd6','6f12ed87-8242-463f-b366-59f2e97caf07','completed','2025-03-05 07:50:30','2025-03-06 00:59:22'),('acf1d1d1-417e-4fcc-9f55-90f1278fc11d','db819e78-b94c-413c-a0b6-851a62093fd6','22fedf78-c64d-4bce-a898-66705c4969f2','completed','2025-03-05 07:50:30','2025-03-06 01:00:56'),('ad37b118-75a2-4186-a029-bfe4194317bc','9179116a-445d-4fda-9feb-76a0aa0e1d22','e0300ff3-d140-40b7-a2d2-99f189543027','incomplete','2025-03-06 04:35:11','2025-03-06 04:35:11'),('ad782cf7-f8e3-4be7-9790-f3d968286c4b','db819e78-b94c-413c-a0b6-851a62093fd6','2ecac88d-b4f8-4ca7-adaa-bf2b4ee60fbd','completed','2025-03-05 07:50:30','2025-03-06 01:01:28'),('ad9d61b4-dfe3-46c9-96b4-a7fbb3d17e89','3bdf7913-27fc-4d70-ae5f-a7943866a6a2','720e5a22-01b3-463e-8c03-2aa702df8edc','completed','2025-03-09 01:42:15','2025-03-09 01:50:19'),('ae08599a-9338-456f-a644-5c46cec925f3','9179116a-445d-4fda-9feb-76a0aa0e1d22','0148e724-505f-4743-a0aa-9337de851b85','incomplete','2025-03-06 04:35:11','2025-03-06 04:35:11'),('af55af1b-e82b-4c5d-ab00-37f99079f9bb','2215c685-75fb-4d3d-9e49-89671722a87f','8ec96591-e61b-4967-af61-1372b4a5a59c','completed','2025-03-06 01:03:55','2025-03-06 01:39:25'),('af6bd920-c937-4237-8e01-4466b6b9bb4c','2215c685-75fb-4d3d-9e49-89671722a87f','4853c608-d23c-4b94-88dd-f9d0e7cec1cc','incomplete','2025-03-06 01:03:55','2025-03-06 01:03:55'),('b011cd52-1377-4007-8e4a-5fcad4b404e8','db819e78-b94c-413c-a0b6-851a62093fd6','2d854fb8-374c-4fd5-a5fc-b341c6009c33','completed','2025-03-05 07:50:30','2025-03-06 01:01:08'),('b0933f42-26d1-41b0-bd1b-b543a5fe2c7e','2215c685-75fb-4d3d-9e49-89671722a87f','a8a3f0bd-078a-41ef-8052-5b22b2efd981','incomplete','2025-03-06 01:03:55','2025-03-06 01:03:55'),('b0ec12e8-5b34-4bb5-a367-20168a7deb30','2215c685-75fb-4d3d-9e49-89671722a87f','6e41aa0f-8bee-41a8-ac73-8aec3ed18a1f','incomplete','2025-03-06 01:03:55','2025-03-06 01:03:55'),('b102361f-3296-42e8-aa01-f9ff36f504f9','db819e78-b94c-413c-a0b6-851a62093fd6','228eaf9e-0c3e-4854-849c-a15069f7e695','completed','2025-03-05 07:50:30','2025-03-06 01:00:18'),('b110e578-0821-433a-94e8-0c6f5b93ca7c','9179116a-445d-4fda-9feb-76a0aa0e1d22','e8f8d215-9adb-4c0b-8c25-ed1816136cd0','incomplete','2025-03-06 04:35:11','2025-03-06 04:35:11'),('b11163d3-f9a6-44b0-a54e-a6afec4a3be8','9179116a-445d-4fda-9feb-76a0aa0e1d22','f4a21ad4-cfc2-43a8-8289-fb9872873899','completed','2025-03-06 04:35:11','2025-03-09 04:55:35'),('b19b665e-6c6e-469c-8ec7-74e56ec5cdbb','3bdf7913-27fc-4d70-ae5f-a7943866a6a2','f28d2790-c814-42be-b844-21fd5c593250','completed','2025-03-09 01:42:15','2025-03-09 01:48:56'),('b23a0696-40e0-4ba2-baa1-c1c407418898','3bdf7913-27fc-4d70-ae5f-a7943866a6a2','39a4cb6b-c3ca-4235-92b1-6a1a8f2d7d90','completed','2025-03-09 01:42:15','2025-03-09 01:50:45'),('b2423d05-a1a5-44de-8ecf-c52e155a5e9a','2215c685-75fb-4d3d-9e49-89671722a87f','1547831e-3caa-4ccf-bfd9-746a97bc8010','incomplete','2025-03-06 01:03:55','2025-03-06 01:03:55'),('b24d149e-acb5-43c0-acdc-30141eb2a56d','2215c685-75fb-4d3d-9e49-89671722a87f','40c3ae50-e853-11ef-aaaf-b00cd1460ecc','completed','2025-03-06 01:03:55','2025-03-06 01:41:48'),('b2ad88d9-a571-4176-b304-8dc1f1156a7a','db819e78-b94c-413c-a0b6-851a62093fd6','f28d2790-c814-42be-b844-21fd5c593250','completed','2025-03-05 07:50:30','2025-03-06 00:59:41'),('b31484f0-f3aa-4b77-bc34-c031728620a9','9179116a-445d-4fda-9feb-76a0aa0e1d22','7cd9eb2d-13e6-47d3-848a-abcc2d484d35','completed','2025-03-06 04:35:11','2025-03-09 04:55:46'),('b31b4b72-4d76-4cbf-9c7c-aed2aeb149eb','2215c685-75fb-4d3d-9e49-89671722a87f','40c3d277-e853-11ef-aaaf-b00cd1460ecc','completed','2025-03-06 01:03:55','2025-03-06 01:24:08'),('b3220383-2e88-405b-be84-7fb619bc8d9b','9179116a-445d-4fda-9feb-76a0aa0e1d22','a7d4a1eb-843b-4b6d-999d-44566dd84e3a','incomplete','2025-03-06 04:35:11','2025-03-06 04:35:11'),('b33505fa-fed5-483c-afb4-8ccaaa1ef7db','9179116a-445d-4fda-9feb-76a0aa0e1d22','40c3b58c-e853-11ef-aaaf-b00cd1460ecc','completed','2025-03-06 04:35:11','2025-03-06 05:39:21'),('b352213f-b237-4d39-a6a5-50a1c12d59fd','2215c685-75fb-4d3d-9e49-89671722a87f','bfb86d4b-808f-44d4-847f-f5a4e4e568b7','incomplete','2025-03-06 01:03:55','2025-03-06 01:03:55'),('b3bfe6af-bee1-4e7d-8a6e-171e1a68642c','3bdf7913-27fc-4d70-ae5f-a7943866a6a2','bfcd3211-6f8d-4dac-a318-d2640c471b57','incomplete','2025-03-09 01:42:15','2025-03-09 01:42:15'),('b3c09709-d10f-4484-88ed-fb951e65c53c','3bdf7913-27fc-4d70-ae5f-a7943866a6a2','6e41aa0f-8bee-41a8-ac73-8aec3ed18a1f','completed','2025-03-09 01:42:15','2025-03-09 01:50:00'),('b3e3e9c2-e284-430b-9df2-97f1b05181d6','9179116a-445d-4fda-9feb-76a0aa0e1d22','05a289f9-704c-48e9-a465-479fb9bf8b6c','incomplete','2025-03-06 04:35:11','2025-03-06 04:35:11'),('b42e800b-edd4-48ea-a4b7-080beadc129b','3bdf7913-27fc-4d70-ae5f-a7943866a6a2','91d37fae-5475-45b7-93da-ccd99dd31b23','completed','2025-03-09 01:42:15','2025-03-09 01:50:04'),('b53ccf98-5938-4d9d-bc35-e4838e41cc17','2215c685-75fb-4d3d-9e49-89671722a87f','b2c10eaf-d329-4aff-bdac-75640fe9f5e2','incomplete','2025-03-06 01:03:55','2025-03-06 01:03:55'),('b55238b2-4dae-4f1a-8266-ef4695a5c91e','9179116a-445d-4fda-9feb-76a0aa0e1d22','8364652c-335f-4450-95ca-6038b8ff646a','completed','2025-03-06 04:35:11','2025-03-09 04:56:37'),('b6250444-9c55-425c-924e-61cfb48b2af5','2215c685-75fb-4d3d-9e49-89671722a87f','8f3097c8-a489-45bd-a48b-d1ab4ccd8ae4','incomplete','2025-03-06 01:03:55','2025-03-06 01:03:55'),('b73184c1-56c5-418c-b92c-d1d61ec87393','db819e78-b94c-413c-a0b6-851a62093fd6','46c60ba6-129f-4251-b625-c7d8e2f52b95','completed','2025-03-05 07:50:30','2025-03-06 01:01:05'),('b75bb72f-6f55-4c2c-8a8d-e8e282ceab18','3bdf7913-27fc-4d70-ae5f-a7943866a6a2','47aff3b0-52c6-42a3-9a88-9445ed170741','completed','2025-03-09 01:42:15','2025-03-09 01:49:20'),('b7b6e836-d43e-4035-978d-17de4c792ff3','3bdf7913-27fc-4d70-ae5f-a7943866a6a2','8364652c-335f-4450-95ca-6038b8ff646a','completed','2025-03-09 01:42:15','2025-03-09 01:50:33'),('b7f38bb0-524a-4f52-a112-00d7bb2b34ad','2215c685-75fb-4d3d-9e49-89671722a87f','3fd57ec1-8994-411e-abef-063ef998ea38','completed','2025-03-06 01:03:55','2025-03-06 04:22:18'),('b82b6b40-ad78-4690-a668-e3e8b12eaa55','3bdf7913-27fc-4d70-ae5f-a7943866a6a2','4413c19b-ce58-4690-a9ac-649d5093e86a','completed','2025-03-09 01:42:15','2025-03-09 01:49:54'),('b982e100-b84b-499a-9981-3270480929db','2215c685-75fb-4d3d-9e49-89671722a87f','97441935-2c04-4923-ba9c-27fb6eda3924','completed','2025-03-06 01:03:55','2025-03-06 04:22:26'),('b9a9e1e2-ae39-44da-a6e1-2b3e810ab92d','3bdf7913-27fc-4d70-ae5f-a7943866a6a2','01c279b6-0467-41e2-988d-cecda97dcbe3','completed','2025-03-09 01:42:15','2025-03-09 01:43:01'),('baf76114-bc54-4377-9377-2404a04ca948','3bdf7913-27fc-4d70-ae5f-a7943866a6a2','7cd9eb2d-13e6-47d3-848a-abcc2d484d35','completed','2025-03-09 01:42:15','2025-03-09 01:49:05'),('bc3951b6-1191-4359-a8c5-b17d6330ec57','db819e78-b94c-413c-a0b6-851a62093fd6','863a119a-0b1a-4814-a17a-ff0d8b6798f8','completed','2025-03-05 07:50:30','2025-03-06 01:00:04'),('bc76bf12-2724-4635-b5b1-f53f06a632ff','2215c685-75fb-4d3d-9e49-89671722a87f','c1e95de4-d4d7-4d51-8446-e3c96c89139e','incomplete','2025-03-06 01:03:55','2025-03-06 01:03:55'),('bca79023-e3ad-41a9-9fbe-0ca28dd7fdf1','2215c685-75fb-4d3d-9e49-89671722a87f','40c3b2fb-e853-11ef-aaaf-b00cd1460ecc','completed','2025-03-06 01:03:55','2025-03-06 01:23:06'),('bccfa62e-80f1-426a-8248-1958833b23f6','2215c685-75fb-4d3d-9e49-89671722a87f','31b86e24-e24a-497f-8e09-af62ff4ec88b','completed','2025-03-06 01:03:55','2025-03-06 04:22:27'),('bd3da1e1-481a-406f-ae49-90cc327893d2','2215c685-75fb-4d3d-9e49-89671722a87f','39a4cb6b-c3ca-4235-92b1-6a1a8f2d7d90','incomplete','2025-03-06 01:03:55','2025-03-06 01:03:55'),('bd8b1d70-9a1d-44d9-a18b-3a0a96137235','3bdf7913-27fc-4d70-ae5f-a7943866a6a2','b2c10eaf-d329-4aff-bdac-75640fe9f5e2','completed','2025-03-09 01:42:15','2025-03-09 01:49:56'),('be2c2095-1eb3-4fac-ae74-a05d8dd8f841','3bdf7913-27fc-4d70-ae5f-a7943866a6a2','4b67331c-5526-430d-8d31-de3203225a4c','completed','2025-03-09 01:42:15','2025-03-09 01:49:34'),('bfb619b9-449e-48ff-b8d0-97c2aab6e731','3bdf7913-27fc-4d70-ae5f-a7943866a6a2','5e9c0829-c259-4581-b594-49f75e5d5faa','completed','2025-03-09 01:42:15','2025-03-09 01:49:17'),('c00c54d7-499f-4f8e-8818-1b60aaea3628','2215c685-75fb-4d3d-9e49-89671722a87f','da818585-275c-43d3-a161-5168c49d7b72','incomplete','2025-03-06 01:03:55','2025-03-06 01:03:55'),('c0fd74cd-23d4-4495-b0a8-07272947f89a','9179116a-445d-4fda-9feb-76a0aa0e1d22','ee530ed1-fa10-48c5-91cf-cd08cc011417','completed','2025-03-06 04:35:11','2025-03-09 04:55:48'),('c112b561-c440-4a9b-9f13-61073756d4d4','db819e78-b94c-413c-a0b6-851a62093fd6','b5cac5f0-1b16-4cdd-ac29-217a509842f2','completed','2025-03-05 07:50:30','2025-03-06 01:00:49'),('c116d652-e94b-4254-9eb7-3fb70bf0e872','2215c685-75fb-4d3d-9e49-89671722a87f','01e8485b-fc10-487d-b0df-e5d58d1c7128','completed','2025-03-06 01:03:55','2025-03-06 04:22:18'),('c1fdf818-4d21-4143-8b41-50881860611b','9179116a-445d-4fda-9feb-76a0aa0e1d22','e8e7e1ab-6190-4d90-8be6-203eb3fea8dd','incomplete','2025-03-06 04:35:11','2025-03-06 04:35:11'),('c224d914-73ec-4f7e-b2b5-260ef546cbb1','3bdf7913-27fc-4d70-ae5f-a7943866a6a2','5e1c956d-0ead-4c25-889b-f3cab582426f','completed','2025-03-09 01:42:15','2025-03-09 01:50:28'),('c233848b-a63b-4896-ab74-aef5daacbf7b','3bdf7913-27fc-4d70-ae5f-a7943866a6a2','843ba7af-41c8-4be7-83a2-b3ca52395211','incomplete','2025-03-09 01:42:15','2025-03-09 01:42:15'),('c26bb944-cb9c-4815-8f2c-d0e9480cf61b','2215c685-75fb-4d3d-9e49-89671722a87f','d3ee7c8d-2e51-4046-9228-ca4f163738cb','incomplete','2025-03-06 01:03:55','2025-03-06 01:03:55'),('c2bf8a53-8da3-42d7-b4d7-a627202ab45d','9179116a-445d-4fda-9feb-76a0aa0e1d22','c83e1265-8860-4ddf-8161-2178d0d3f0d6','completed','2025-03-06 04:35:11','2025-03-09 04:56:29'),('c390f057-88db-45da-bf95-ef2b79ff73a0','2215c685-75fb-4d3d-9e49-89671722a87f','8628c247-195f-44b9-bded-4dbb5fcc40f3','completed','2025-03-06 01:03:55','2025-03-06 04:22:29'),('c42f1fac-a2fb-4931-bc5e-aaa7d9e7f4d1','9179116a-445d-4fda-9feb-76a0aa0e1d22','e336ae08-b1a9-4182-8af5-64ae973bde61','incomplete','2025-03-06 04:35:11','2025-03-06 04:35:11'),('c4694efd-6122-4186-98d4-77ec93389be2','3bdf7913-27fc-4d70-ae5f-a7943866a6a2','9def89b7-9d91-4dd7-8905-5b051cfd288e','completed','2025-03-09 01:42:15','2025-03-09 01:49:01'),('c6066c00-efbb-47c7-b73c-0a6c151956f8','3bdf7913-27fc-4d70-ae5f-a7943866a6a2','3493b715-f289-4a7f-96a1-1d2474f0e4ef','incomplete','2025-03-09 01:42:15','2025-03-09 01:42:15'),('c6ad6b5a-077d-4bb8-bd86-913db7eeff54','2215c685-75fb-4d3d-9e49-89671722a87f','bef1e88a-0c8d-4573-94ac-7815ffbde73c','incomplete','2025-03-06 01:03:55','2025-03-06 01:03:55'),('c6dc20c9-df4a-440e-bce8-155a63a7b846','2215c685-75fb-4d3d-9e49-89671722a87f','fe3a65ad-e1c2-481f-b431-c8d8b3a4c01b','completed','2025-03-06 01:03:55','2025-03-06 01:39:24'),('c6f4af7a-b560-4d4f-84bd-cc8d29c79565','3bdf7913-27fc-4d70-ae5f-a7943866a6a2','ee530ed1-fa10-48c5-91cf-cd08cc011417','completed','2025-03-09 01:42:15','2025-03-09 01:49:07'),('c6f5c474-14d6-4244-b79c-6a0e64a2742b','3bdf7913-27fc-4d70-ae5f-a7943866a6a2','c1631e68-5b8b-4189-8777-1f52ba06a1f6','completed','2025-03-09 01:42:15','2025-03-09 01:49:46'),('c7c21da7-13b7-4296-9641-d1ccf797dbc7','3bdf7913-27fc-4d70-ae5f-a7943866a6a2','5f3b8f6e-3489-4c9c-98ab-97183b4751be','completed','2025-03-09 01:42:15','2025-03-09 01:48:36'),('c91afb4e-14be-4d89-80b4-45800080a26d','3bdf7913-27fc-4d70-ae5f-a7943866a6a2','40c3b832-e853-11ef-aaaf-b00cd1460ecc','completed','2025-03-09 01:42:15','2025-03-09 01:42:43'),('c9e4f13d-b752-4d46-98fb-fde1f19a7697','3bdf7913-27fc-4d70-ae5f-a7943866a6a2','e90c5171-4efe-41d9-86cc-230f521a253e','completed','2025-03-09 01:42:15','2025-03-09 01:49:52'),('cafe690c-5cc5-4b96-b0c3-032c4f17af9f','db819e78-b94c-413c-a0b6-851a62093fd6','6cdfe2e2-808a-4c0f-8369-67a70ee5ec87','completed','2025-03-05 07:50:30','2025-03-06 01:01:32'),('cb0b96c7-e471-4573-8a95-c924908b2e2e','9179116a-445d-4fda-9feb-76a0aa0e1d22','f6da345e-90b4-42c8-ba55-c4967a25e213','incomplete','2025-03-06 04:35:11','2025-03-06 04:35:11'),('cb309e97-1292-4485-a0ad-e8fa2b62ffac','db819e78-b94c-413c-a0b6-851a62093fd6','9ecf8367-ffed-46bf-aa03-8c950a1fbe98','completed','2025-03-05 07:50:30','2025-03-06 01:00:28'),('cc02bf60-e3da-4a94-a942-e3c108c5b77f','9179116a-445d-4fda-9feb-76a0aa0e1d22','843ba7af-41c8-4be7-83a2-b3ca52395211','incomplete','2025-03-06 04:35:11','2025-03-06 04:35:11'),('cc38a027-8dce-434d-8912-c7b376bcc9c5','9179116a-445d-4fda-9feb-76a0aa0e1d22','228eaf9e-0c3e-4854-849c-a15069f7e695','incomplete','2025-03-06 04:35:11','2025-03-06 04:35:11'),('ccd46f80-83a9-4286-b5ec-b46f2abe6a14','2215c685-75fb-4d3d-9e49-89671722a87f','4aacb93c-6dfe-4b8c-ac9c-8f4ab5185243','completed','2025-03-06 01:03:55','2025-03-06 04:22:44'),('ce22f007-45c0-4a8e-bf4c-8b32e06916ab','9179116a-445d-4fda-9feb-76a0aa0e1d22','9ecf8367-ffed-46bf-aa03-8c950a1fbe98','incomplete','2025-03-06 04:35:11','2025-03-06 04:35:11'),('ce5edaef-224c-41e5-a10f-c3ba1bf6d92f','9179116a-445d-4fda-9feb-76a0aa0e1d22','c1631e68-5b8b-4189-8777-1f52ba06a1f6','completed','2025-03-06 04:35:11','2025-03-09 04:56:13'),('ce698615-0ad0-47c5-b704-ce7f5a796b75','9179116a-445d-4fda-9feb-76a0aa0e1d22','9def89b7-9d91-4dd7-8905-5b051cfd288e','completed','2025-03-06 04:35:11','2025-03-09 04:55:39'),('ce77ccce-dd83-4146-929e-6ab6b9ad5ee4','3bdf7913-27fc-4d70-ae5f-a7943866a6a2','1353dec6-75a0-421e-9dec-2a214e5c1238','completed','2025-03-09 01:42:15','2025-03-09 01:48:40'),('d0673020-7122-492a-b19c-fa569aabbee3','2215c685-75fb-4d3d-9e49-89671722a87f','fdd232e2-44cc-4fbb-8907-4c06a05338aa','incomplete','2025-03-06 01:03:55','2025-03-06 01:03:55'),('d06e62d4-5cc3-4698-a08e-3fd7a1143e09','9179116a-445d-4fda-9feb-76a0aa0e1d22','3b12ed5c-bd94-4c6d-b62e-2d6178005417','incomplete','2025-03-06 04:35:11','2025-03-06 04:35:11'),('d1b190e4-0f15-45c5-a3c7-d9133231cca4','2215c685-75fb-4d3d-9e49-89671722a87f','843ba7af-41c8-4be7-83a2-b3ca52395211','incomplete','2025-03-06 01:03:55','2025-03-06 01:03:55'),('d1bd8608-f5c2-403a-aa00-f9dc91e2f706','9179116a-445d-4fda-9feb-76a0aa0e1d22','a37b0327-1b27-4fed-80fb-0f022806dc4f','incomplete','2025-03-06 04:35:11','2025-03-06 04:35:11'),('d288478c-cdd5-4c9d-b6bb-6ef97e4aa525','2215c685-75fb-4d3d-9e49-89671722a87f','5e9c0829-c259-4581-b594-49f75e5d5faa','completed','2025-03-06 01:03:55','2025-03-06 04:22:19'),('d2933965-cae9-4f63-924d-a452a3316910','9179116a-445d-4fda-9feb-76a0aa0e1d22','8628c247-195f-44b9-bded-4dbb5fcc40f3','completed','2025-03-06 04:35:11','2025-03-09 04:56:16'),('d3d6bf1c-9438-4995-b86a-8b3a82079848','9179116a-445d-4fda-9feb-76a0aa0e1d22','87fd9b78-d82d-40e0-b83c-904c69c9cf85','incomplete','2025-03-06 04:35:11','2025-03-06 04:35:11'),('d4a60e69-640c-4a8f-af2a-5d3ea9aeb81f','9179116a-445d-4fda-9feb-76a0aa0e1d22','4aacb93c-6dfe-4b8c-ac9c-8f4ab5185243','completed','2025-03-06 04:35:11','2025-03-09 04:56:37'),('d52b9198-3ce2-4c30-acf0-1906c04c4fe8','2215c685-75fb-4d3d-9e49-89671722a87f','206b8900-2a13-4baf-aa3a-bc4cf0cb13b8','incomplete','2025-03-06 01:03:55','2025-03-06 01:03:55'),('d5f17724-fd47-46b9-989c-2fd1d0e4e2ae','9179116a-445d-4fda-9feb-76a0aa0e1d22','8076fa4e-8181-4012-b1d8-96a230b82893','incomplete','2025-03-06 04:35:11','2025-03-06 04:35:11'),('d6873498-2ac1-41ab-b936-34a50acb605b','db819e78-b94c-413c-a0b6-851a62093fd6','ae28c4cb-b909-4bbb-a754-7751230f7934','completed','2025-03-05 07:50:30','2025-03-06 01:01:16'),('d6f5d42a-98d6-4d3b-b24c-69501fa4a622','9179116a-445d-4fda-9feb-76a0aa0e1d22','4413c19b-ce58-4690-a9ac-649d5093e86a','incomplete','2025-03-06 04:35:11','2025-03-06 04:35:11'),('d78e5299-6f5f-478d-b5eb-7b009318fadb','2215c685-75fb-4d3d-9e49-89671722a87f','18a80bcf-e804-46a6-9014-1bcaf922dd1b','completed','2025-03-06 01:03:55','2025-03-06 04:22:45'),('d811cf4a-66ee-408a-b7bd-24d57e7faf21','3bdf7913-27fc-4d70-ae5f-a7943866a6a2','e336ae08-b1a9-4182-8af5-64ae973bde61','completed','2025-03-09 01:42:15','2025-03-09 01:48:23'),('d813b568-0957-4981-9c83-8779c1664646','2215c685-75fb-4d3d-9e49-89671722a87f','9def89b7-9d91-4dd7-8905-5b051cfd288e','completed','2025-03-06 01:03:55','2025-03-06 04:22:05'),('d863de55-3620-4d09-b563-5cc9ffb4b80e','9179116a-445d-4fda-9feb-76a0aa0e1d22','64a1af39-52c1-4386-91d5-3f3f3fe25efb','incomplete','2025-03-06 04:35:11','2025-03-06 04:35:11'),('d8d7b9cd-b93e-4d22-8f6a-ef9c6bc01919','3bdf7913-27fc-4d70-ae5f-a7943866a6a2','62ff3f16-d4ae-46cd-87ed-1e92e580e1a5','completed','2025-03-09 01:42:15','2025-03-09 01:43:00'),('d8de76ad-73bb-4bdc-b05d-2e3a2db9f506','2215c685-75fb-4d3d-9e49-89671722a87f','01c279b6-0467-41e2-988d-cecda97dcbe3','completed','2025-03-06 01:03:55','2025-03-06 01:39:19'),('d8e846b3-9d13-41c6-96b6-bed6a797fda2','9179116a-445d-4fda-9feb-76a0aa0e1d22','95acf084-e691-4c4f-9fbf-753779b1023e','incomplete','2025-03-06 04:35:11','2025-03-06 04:35:11'),('d94defe1-6cb2-45a4-a439-0fc2637f8806','db819e78-b94c-413c-a0b6-851a62093fd6','79f11156-0ee4-4ee3-b4c4-6f7a56b4edc1','completed','2025-03-05 07:50:30','2025-03-06 01:00:20'),('d97cae96-dd83-44f0-9fae-11375d3aa7b7','db819e78-b94c-413c-a0b6-851a62093fd6','9c025168-5555-4653-bb4d-e93bade20da0','completed','2025-03-05 07:50:30','2025-03-06 00:59:53'),('da1b772b-7247-4ca2-9072-15c8ecad5a45','db819e78-b94c-413c-a0b6-851a62093fd6','8e5bb6cf-9308-4800-b1f1-09f0ef2473e3','completed','2025-03-05 07:50:30','2025-03-06 01:01:15'),('da5914f2-8744-4007-a1dc-1346b679ca14','db819e78-b94c-413c-a0b6-851a62093fd6','f6c8ee84-466a-452c-923b-e7b6eff1d957','completed','2025-03-05 07:50:30','2025-03-06 01:00:52'),('daa3bed0-2fee-41f1-b976-02c46ae39db9','9179116a-445d-4fda-9feb-76a0aa0e1d22','6415b8a4-658b-4a03-a88a-223deed66baf','incomplete','2025-03-06 04:35:11','2025-03-06 04:35:11'),('db8043e0-8adc-4f96-b907-f0bd8f2a0722','db819e78-b94c-413c-a0b6-851a62093fd6','c1631e68-5b8b-4189-8777-1f52ba06a1f6','completed','2025-03-05 07:50:30','2025-03-06 01:00:33'),('db884f70-25cf-49f8-a6d8-6078e905da8b','3bdf7913-27fc-4d70-ae5f-a7943866a6a2','f42f6a4c-2fe3-4958-b0b4-d04073f2ab17','completed','2025-03-09 01:42:15','2025-03-09 01:48:30'),('dd281b47-22a4-45a8-88b9-1a9430646d4a','3bdf7913-27fc-4d70-ae5f-a7943866a6a2','db2f7070-e74e-48ce-a913-cacd9d92aec7','completed','2025-03-09 01:42:15','2025-03-09 01:48:49'),('dd792c61-bace-45bd-ab64-ad1c33ef5247','db819e78-b94c-413c-a0b6-851a62093fd6','0148e724-505f-4743-a0aa-9337de851b85','completed','2025-03-05 07:50:30','2025-03-06 01:00:06'),('ddfe87ed-4ecc-4b9d-8eb6-f4ec30b32963','3bdf7913-27fc-4d70-ae5f-a7943866a6a2','ebc8fdde-dc1e-4c9c-ab5a-580f020ead9a','completed','2025-03-09 01:42:15','2025-03-09 01:49:13'),('de1cb96d-4018-4c0a-b861-9fd2ac776555','9179116a-445d-4fda-9feb-76a0aa0e1d22','47aff3b0-52c6-42a3-9a88-9445ed170741','completed','2025-03-06 04:35:11','2025-03-09 04:56:01'),('de548fe7-c889-41a8-9fc0-122163eee9a5','3bdf7913-27fc-4d70-ae5f-a7943866a6a2','d3ee7c8d-2e51-4046-9228-ca4f163738cb','completed','2025-03-09 01:42:15','2025-03-09 01:49:39'),('de671c05-2575-4324-b4ee-8c9f894c411b','2215c685-75fb-4d3d-9e49-89671722a87f','4413c19b-ce58-4690-a9ac-649d5093e86a','incomplete','2025-03-06 01:03:55','2025-03-06 01:03:55'),('df6aa505-18f4-4fd3-a4fd-2c8031ead1d7','3bdf7913-27fc-4d70-ae5f-a7943866a6a2','c83e1265-8860-4ddf-8161-2178d0d3f0d6','completed','2025-03-09 01:42:15','2025-03-09 01:50:23'),('dfafb468-f57f-47e3-bc09-f670546fcaf2','9179116a-445d-4fda-9feb-76a0aa0e1d22','e90c5171-4efe-41d9-86cc-230f521a253e','incomplete','2025-03-06 04:35:11','2025-03-06 04:35:11'),('dfcf9745-8cd2-4bea-8f13-6d5b1ad077ca','db819e78-b94c-413c-a0b6-851a62093fd6','bfcd3211-6f8d-4dac-a318-d2640c471b57','completed','2025-03-05 07:50:30','2025-03-06 01:01:34'),('dfdca473-69e3-488b-8df1-a7d26f57747f','db819e78-b94c-413c-a0b6-851a62093fd6','fdd232e2-44cc-4fbb-8907-4c06a05338aa','completed','2025-03-05 07:50:30','2025-03-06 01:00:39'),('dff4058c-7e2b-4193-9320-428827be9e2d','db819e78-b94c-413c-a0b6-851a62093fd6','519e2584-1961-4e6c-bef0-43ddbcf03c49','completed','2025-03-05 07:50:30','2025-03-06 01:00:26'),('e09bf051-e967-459c-aa6a-b269ea25cf01','3bdf7913-27fc-4d70-ae5f-a7943866a6a2','34147a44-fddc-4c9e-af38-400f7de6d255','completed','2025-03-09 01:42:15','2025-03-09 01:49:12'),('e0cd1b42-6900-4cd5-a970-88a505e44533','db819e78-b94c-413c-a0b6-851a62093fd6','7cd9eb2d-13e6-47d3-848a-abcc2d484d35','completed','2025-03-05 07:50:30','2025-03-06 00:59:49'),('e1297dc7-abcb-45d2-801c-3f7a204008c5','db819e78-b94c-413c-a0b6-851a62093fd6','8f3097c8-a489-45bd-a48b-d1ab4ccd8ae4','completed','2025-03-05 07:50:30','2025-03-06 01:00:28'),('e1539ee1-b9ff-4001-a876-1bb76a521d44','9179116a-445d-4fda-9feb-76a0aa0e1d22','a8a3f0bd-078a-41ef-8052-5b22b2efd981','incomplete','2025-03-06 04:35:11','2025-03-06 04:35:11'),('e1fec4a8-24c7-4411-b69b-d1ecc67eb828','2215c685-75fb-4d3d-9e49-89671722a87f','1eff8709-e2fb-4d37-8629-2078a817f3e4','completed','2025-03-06 01:03:55','2025-03-06 04:22:08'),('e2451c3e-3ca0-4263-9a52-e02f08976283','3bdf7913-27fc-4d70-ae5f-a7943866a6a2','3b12ed5c-bd94-4c6d-b62e-2d6178005417','completed','2025-03-09 01:42:15','2025-03-09 01:48:51'),('e2799826-8aef-4121-80b8-fbe65c1c6d72','3bdf7913-27fc-4d70-ae5f-a7943866a6a2','3255303f-7455-408b-96f2-bd5505819cff','completed','2025-03-09 01:42:15','2025-03-09 01:50:37'),('e2a705a5-ab0f-4726-a05f-403a3d601991','2215c685-75fb-4d3d-9e49-89671722a87f','dce451b5-1555-40e2-b5b0-b022e5ba43db','incomplete','2025-03-06 01:03:55','2025-03-06 01:03:55'),('e368e45f-a0f5-4611-bb69-67cbf24b9c0e','3bdf7913-27fc-4d70-ae5f-a7943866a6a2','e0263f4b-8fcd-4f12-ba1e-9aaa6de829f0','completed','2025-03-09 01:42:15','2025-03-09 01:49:02'),('e369e75a-ee57-42c5-ba65-0b95edbee5c2','db819e78-b94c-413c-a0b6-851a62093fd6','a8a3f0bd-078a-41ef-8052-5b22b2efd981','completed','2025-03-05 07:50:30','2025-03-06 01:00:15'),('e3c1a204-125f-483f-a8dc-2b95e6fb1018','9179116a-445d-4fda-9feb-76a0aa0e1d22','ac9ce1ff-5401-46c7-8bd2-3625d524b418','incomplete','2025-03-06 04:35:11','2025-03-06 04:35:11'),('e478be51-f66f-4d70-8bf8-6ede44a38903','db819e78-b94c-413c-a0b6-851a62093fd6','b02fc8fc-3801-4d52-ba72-62ac98ae0933','completed','2025-03-05 07:50:30','2025-03-06 00:59:43'),('e5d83e33-af5c-4704-8205-f36e47c2777a','2215c685-75fb-4d3d-9e49-89671722a87f','40c3b832-e853-11ef-aaaf-b00cd1460ecc','completed','2025-03-06 01:03:55','2025-03-06 01:24:07'),('e64cb06a-a6a2-4216-ab90-b1a23b7b51e3','9179116a-445d-4fda-9feb-76a0aa0e1d22','beb3c420-52d1-4694-bb81-92815fdd85a0','incomplete','2025-03-06 04:35:11','2025-03-06 04:35:11'),('e678405c-bff0-485d-b4c8-163f5ce781aa','db819e78-b94c-413c-a0b6-851a62093fd6','47aff3b0-52c6-42a3-9a88-9445ed170741','completed','2025-03-05 07:50:30','2025-03-06 01:00:03'),('e7a74201-7252-414c-9f6e-79bd40c3bee0','2215c685-75fb-4d3d-9e49-89671722a87f','6249dc62-a1fa-4b6d-bd6c-bf2510a3882f','completed','2025-03-06 01:03:55','2025-03-06 01:27:39'),('e7c2aa65-3732-4d87-9cee-dbfdb992062f','2215c685-75fb-4d3d-9e49-89671722a87f','62ff3f16-d4ae-46cd-87ed-1e92e580e1a5','completed','2025-03-06 01:03:55','2025-03-06 01:39:18'),('e817a549-8152-486f-9217-3e4452df9136','2215c685-75fb-4d3d-9e49-89671722a87f','1b855b43-903f-472b-a5de-d2a02ead7dfe','incomplete','2025-03-06 01:03:55','2025-03-06 01:03:55'),('e85410fe-cc56-43be-844b-d4ad5a7f891c','db819e78-b94c-413c-a0b6-851a62093fd6','05a289f9-704c-48e9-a465-479fb9bf8b6c','completed','2025-03-05 07:50:30','2025-03-06 00:59:18'),('e896cda2-f601-47f5-bb75-ac26152e8ad0','9179116a-445d-4fda-9feb-76a0aa0e1d22','cdfe382c-0a50-41dc-94a8-1940a7760a0f','completed','2025-03-06 04:35:11','2025-03-09 04:56:39'),('e89e4d14-faca-4802-b52a-cfaf9a53317f','db819e78-b94c-413c-a0b6-851a62093fd6','843ba7af-41c8-4be7-83a2-b3ca52395211','completed','2025-03-05 07:50:30','2025-03-06 01:01:35'),('e8a2d20a-9794-43ef-a4f6-f18085faf7e4','2215c685-75fb-4d3d-9e49-89671722a87f','ac9ce1ff-5401-46c7-8bd2-3625d524b418','incomplete','2025-03-06 01:03:55','2025-03-06 01:03:55'),('ea392732-bd76-4492-b179-7cdf8ed4cb34','db819e78-b94c-413c-a0b6-851a62093fd6','3b67db84-daad-47a4-89c0-c45860a8bd71','completed','2025-03-05 07:50:30','2025-03-06 01:01:09'),('ea4dd777-c47a-487c-a84a-8410b740ba16','2215c685-75fb-4d3d-9e49-89671722a87f','70b8a2d4-116b-4f4e-8d42-fc08ca77722e','incomplete','2025-03-06 01:03:55','2025-03-06 01:03:55'),('ea7a1932-40a1-412f-8d1d-756a96d69f5e','9179116a-445d-4fda-9feb-76a0aa0e1d22','40c3b3f7-e853-11ef-aaaf-b00cd1460ecc','completed','2025-03-06 04:35:11','2025-03-06 05:25:19'),('eb1c02de-af08-4586-846c-e39b018cba9a','db819e78-b94c-413c-a0b6-851a62093fd6','e8e7e1ab-6190-4d90-8be6-203eb3fea8dd','completed','2025-03-05 07:50:30','2025-03-06 00:59:07'),('eb4e12d5-e45b-477b-9578-820a80a770c0','2215c685-75fb-4d3d-9e49-89671722a87f','4cc695e0-cc50-4e13-95a8-8601e0921a4c','completed','2025-03-06 01:03:55','2025-03-06 04:21:52'),('ebcedbf0-2560-4db8-bc36-b58b3bc3374d','3bdf7913-27fc-4d70-ae5f-a7943866a6a2','6415b8a4-658b-4a03-a88a-223deed66baf','completed','2025-03-09 01:42:15','2025-03-09 01:50:41'),('ec0cd346-f295-4f63-aebf-4fb7cba95a44','2215c685-75fb-4d3d-9e49-89671722a87f','40c3b50e-e853-11ef-aaaf-b00cd1460ecc','completed','2025-03-06 01:03:55','2025-03-06 02:34:26'),('ec6840e9-e643-4c76-9877-c5eccdc5b1a1','9179116a-445d-4fda-9feb-76a0aa0e1d22','4b67331c-5526-430d-8d31-de3203225a4c','incomplete','2025-03-06 04:35:11','2025-03-06 04:35:11'),('ec9777e9-aa0d-4483-bd4d-adc283ec92ec','3bdf7913-27fc-4d70-ae5f-a7943866a6a2','e6a8225b-8cac-45db-97ac-4158ccd3776c','incomplete','2025-03-09 01:42:15','2025-03-09 01:42:15'),('ec9c852f-8824-49df-86ab-32a8a9f5bfd4','2215c685-75fb-4d3d-9e49-89671722a87f','39cf3dcb-0c35-4a5b-80a6-8a2279e76ff7','completed','2025-03-06 01:03:55','2025-03-06 04:22:39'),('ecd1f188-876a-4372-b025-f69eb1270a58','3bdf7913-27fc-4d70-ae5f-a7943866a6a2','acabc276-4308-4648-9f0d-dd690f7b2e42','completed','2025-03-09 01:42:15','2025-03-09 01:49:35'),('ecfea1d6-4153-470f-adb1-b25a0f43a175','3bdf7913-27fc-4d70-ae5f-a7943866a6a2','beb3c420-52d1-4694-bb81-92815fdd85a0','completed','2025-03-09 01:42:15','2025-03-09 01:49:28'),('edb7b27a-f252-4bc4-b2b1-af8267350401','3bdf7913-27fc-4d70-ae5f-a7943866a6a2','b8dc9b14-c831-45f2-b0d0-8a8627e01e31','completed','2025-03-09 01:42:15','2025-03-09 01:50:18'),('ee854a11-3223-4fb6-924c-79849ec4d7c8','3bdf7913-27fc-4d70-ae5f-a7943866a6a2','944993b7-fc93-4a2d-8c62-b84906e76cb3','completed','2025-03-09 01:42:15','2025-03-09 01:49:39'),('ee9e567b-9a7c-492a-a8c8-14d25971dd2b','2215c685-75fb-4d3d-9e49-89671722a87f','f6c8ee84-466a-452c-923b-e7b6eff1d957','incomplete','2025-03-06 01:03:55','2025-03-06 01:03:55'),('eefb16dc-487d-45e7-891a-d050511cc48a','2215c685-75fb-4d3d-9e49-89671722a87f','47aff3b0-52c6-42a3-9a88-9445ed170741','incomplete','2025-03-06 01:03:55','2025-03-06 01:03:55'),('ef2b69a0-2a10-4dfc-84dd-90f7f74a4717','db819e78-b94c-413c-a0b6-851a62093fd6','4413c19b-ce58-4690-a9ac-649d5093e86a','completed','2025-03-05 07:50:30','2025-03-06 01:00:43'),('ef4064b1-9a73-4c59-9cd9-d1c5da891703','2215c685-75fb-4d3d-9e49-89671722a87f','5f3b8f6e-3489-4c9c-98ab-97183b4751be','incomplete','2025-03-06 01:03:55','2025-03-06 01:03:55'),('efa46664-fd33-4762-ba1c-1010cacbe566','9179116a-445d-4fda-9feb-76a0aa0e1d22','40c3b8ef-e853-11ef-aaaf-b00cd1460ecc','completed','2025-03-06 04:35:11','2025-03-06 05:16:09'),('f089063e-139c-4f1e-917f-3d1f28a68b16','9179116a-445d-4fda-9feb-76a0aa0e1d22','70b8a2d4-116b-4f4e-8d42-fc08ca77722e','incomplete','2025-03-06 04:35:11','2025-03-06 04:35:11'),('f0a0b999-528d-437c-953a-ddf90b9ffa34','3bdf7913-27fc-4d70-ae5f-a7943866a6a2','6a4ca9cb-5ec3-4a49-9b1b-3ca85772471a','completed','2025-03-09 01:42:15','2025-03-09 01:48:29'),('f12fe543-ee91-44fb-9763-ef7192b48a68','2215c685-75fb-4d3d-9e49-89671722a87f','a37b0327-1b27-4fed-80fb-0f022806dc4f','incomplete','2025-03-06 01:03:55','2025-03-06 01:03:55'),('f171e2d9-e419-4c0a-9cbd-9394942f169a','9179116a-445d-4fda-9feb-76a0aa0e1d22','1547831e-3caa-4ccf-bfd9-746a97bc8010','incomplete','2025-03-06 04:35:11','2025-03-06 04:35:11'),('f1ad06dc-d149-490e-aa1e-b1f589651d0b','3bdf7913-27fc-4d70-ae5f-a7943866a6a2','8ec96591-e61b-4967-af61-1372b4a5a59c','completed','2025-03-09 01:42:15','2025-03-09 01:43:02'),('f1f5e34e-4413-4a1a-b0b1-e0b1c0b61c02','3bdf7913-27fc-4d70-ae5f-a7943866a6a2','4aacb93c-6dfe-4b8c-ac9c-8f4ab5185243','completed','2025-03-09 01:42:15','2025-03-09 01:50:34'),('f2752f64-d985-44a2-87fb-433441c493ad','3bdf7913-27fc-4d70-ae5f-a7943866a6a2','6ae56a34-2769-4667-9035-113f2b7db7a4','incomplete','2025-03-09 01:42:15','2025-03-09 01:42:15'),('f2b96473-c414-41fe-ab1c-066b33f40a31','2215c685-75fb-4d3d-9e49-89671722a87f','9c025168-5555-4653-bb4d-e93bade20da0','completed','2025-03-06 01:03:55','2025-03-06 04:22:11'),('f349b2ed-c3cd-4d28-999b-27506aca35c5','2215c685-75fb-4d3d-9e49-89671722a87f','195f34b3-6365-4011-bcca-832e58e21621','incomplete','2025-03-06 01:03:55','2025-03-06 01:03:55'),('f3ad698d-8802-4b76-aa1f-f2579e8b9e6d','2215c685-75fb-4d3d-9e49-89671722a87f','34b30edc-c978-459e-8fb0-45c243a0e9e4','incomplete','2025-03-06 01:03:55','2025-03-06 01:03:55'),('f3b4b5a2-fd71-4a94-8728-bc1c4c775237','9179116a-445d-4fda-9feb-76a0aa0e1d22','13ae65fb-a0b5-415b-8c73-f3e63162e133','completed','2025-03-06 04:35:11','2025-03-09 04:56:15'),('f3b8ae6a-4597-4aaf-a23f-803bbca90299','2215c685-75fb-4d3d-9e49-89671722a87f','acabc276-4308-4648-9f0d-dd690f7b2e42','incomplete','2025-03-06 01:03:55','2025-03-06 01:03:55'),('f4265151-2a9b-48e4-8446-081f14d3f32c','2215c685-75fb-4d3d-9e49-89671722a87f','beb3c420-52d1-4694-bb81-92815fdd85a0','incomplete','2025-03-06 01:03:55','2025-03-06 01:03:55'),('f42a5d8f-b852-4715-b8f9-d241866d7089','3bdf7913-27fc-4d70-ae5f-a7943866a6a2','75c27876-2875-4ed2-a101-5fb3df337cdb','completed','2025-03-09 01:42:15','2025-03-09 01:49:07'),('f47392b4-7bae-4e58-8d82-ffcc37bdacb9','9179116a-445d-4fda-9feb-76a0aa0e1d22','d3ee7c8d-2e51-4046-9228-ca4f163738cb','incomplete','2025-03-06 04:35:11','2025-03-06 04:35:11'),('f487f832-c434-4d32-8832-180e155a6ce2','9179116a-445d-4fda-9feb-76a0aa0e1d22','01e8485b-fc10-487d-b0df-e5d58d1c7128','completed','2025-03-06 04:35:11','2025-03-09 04:55:58'),('f51db91b-9433-45aa-bad5-f275b05d6567','2215c685-75fb-4d3d-9e49-89671722a87f','b25b88d6-af92-4752-8187-edb1a063b5cf','completed','2025-03-06 01:03:55','2025-03-06 01:39:25'),('f5535f63-3563-424b-b968-972e430387b6','2215c685-75fb-4d3d-9e49-89671722a87f','05a289f9-704c-48e9-a465-479fb9bf8b6c','completed','2025-03-06 01:03:55','2025-03-06 04:21:51'),('f5763139-e61e-4048-9bf6-3ff501cd236f','2215c685-75fb-4d3d-9e49-89671722a87f','ebc8fdde-dc1e-4c9c-ab5a-580f020ead9a','completed','2025-03-06 01:03:55','2025-03-06 04:22:15'),('f656f69b-040e-4740-b754-61f6e07ea95c','3bdf7913-27fc-4d70-ae5f-a7943866a6a2','b6e49911-967f-45bd-998c-70d71f877265','completed','2025-03-09 01:42:15','2025-03-09 01:50:18'),('f67543f6-ec91-4bcf-b88e-199190e56957','db819e78-b94c-413c-a0b6-851a62093fd6','6249dc62-a1fa-4b6d-bd6c-bf2510a3882f','completed','2025-03-05 07:50:30','2025-03-06 00:59:04'),('f6b8f327-380e-41cd-a98e-c5bd1d17a1d4','db819e78-b94c-413c-a0b6-851a62093fd6','1b855b43-903f-472b-a5de-d2a02ead7dfe','completed','2025-03-05 07:50:30','2025-03-06 01:00:10'),('f6be1f54-a83f-4ad8-9e4f-10396974ac60','9179116a-445d-4fda-9feb-76a0aa0e1d22','6249dc62-a1fa-4b6d-bd6c-bf2510a3882f','completed','2025-03-06 04:35:11','2025-03-06 05:32:26'),('f6cd6dc8-d783-4430-889b-9d33e8b543d1','9179116a-445d-4fda-9feb-76a0aa0e1d22','39a4cb6b-c3ca-4235-92b1-6a1a8f2d7d90','incomplete','2025-03-06 04:35:11','2025-03-06 04:35:11'),('f728a827-15c0-4018-960a-1386219f3d34','db819e78-b94c-413c-a0b6-851a62093fd6','b0c81422-af16-4808-9b3b-a5a617e97dd0','completed','2025-03-05 07:50:30','2025-03-06 00:59:58'),('f7eed390-6d85-40b8-a3b6-937ab73df6d7','3bdf7913-27fc-4d70-ae5f-a7943866a6a2','9c025168-5555-4653-bb4d-e93bade20da0','completed','2025-03-09 01:42:15','2025-03-09 01:49:09'),('f8282d82-aaf8-4558-84f9-394d8e0f29c8','db819e78-b94c-413c-a0b6-851a62093fd6','8364652c-335f-4450-95ca-6038b8ff646a','completed','2025-03-05 07:50:30','2025-03-06 01:01:09'),('f8bdfd48-fe3f-4f4f-b13d-8f69ad70463a','db819e78-b94c-413c-a0b6-851a62093fd6','1353dec6-75a0-421e-9dec-2a214e5c1238','completed','2025-03-05 07:50:30','2025-03-06 00:59:24'),('f8ffcab3-8663-469b-8a6e-dcea177a1368','9179116a-445d-4fda-9feb-76a0aa0e1d22','18a80bcf-e804-46a6-9014-1bcaf922dd1b','completed','2025-03-06 04:35:11','2025-03-09 04:56:38'),('f9440d7a-26f9-424b-abe6-eb6bc05a795e','2215c685-75fb-4d3d-9e49-89671722a87f','f4a21ad4-cfc2-43a8-8289-fb9872873899','completed','2025-03-06 01:03:55','2025-03-06 04:22:04'),('f977582e-3ca9-4df0-94f9-ea21b2c0a016','3bdf7913-27fc-4d70-ae5f-a7943866a6a2','6cdfe2e2-808a-4c0f-8369-67a70ee5ec87','incomplete','2025-03-09 01:42:15','2025-03-09 01:42:15'),('f9c65122-505f-4fc2-b1cd-4d4599b03154','2215c685-75fb-4d3d-9e49-89671722a87f','40c3b58c-e853-11ef-aaaf-b00cd1460ecc','completed','2025-03-06 01:03:55','2025-03-06 01:24:07'),('fa33d0a9-c124-4c12-9e23-ee090e775f42','3bdf7913-27fc-4d70-ae5f-a7943866a6a2','4711c32e-51e0-4d35-85f6-1491bad44619','completed','2025-03-09 01:42:15','2025-03-09 01:49:56'),('faf16b83-f55c-44c8-8f1f-9b7869ea2522','db819e78-b94c-413c-a0b6-851a62093fd6','70b8a2d4-116b-4f4e-8d42-fc08ca77722e','completed','2025-03-05 07:50:30','2025-03-06 01:00:08'),('fb1c2b9e-f13b-42c5-aefc-f0a131b102fc','db819e78-b94c-413c-a0b6-851a62093fd6','39a4cb6b-c3ca-4235-92b1-6a1a8f2d7d90','completed','2025-03-05 07:50:30','2025-03-06 01:01:21'),('fc543156-b6b7-424e-a323-e369a67a7884','9179116a-445d-4fda-9feb-76a0aa0e1d22','46c60ba6-129f-4251-b625-c7d8e2f52b95','completed','2025-03-06 04:35:11','2025-03-09 04:56:32'),('fcf76d47-fc31-4b6d-90ec-1107403f0b0d','db819e78-b94c-413c-a0b6-851a62093fd6','a15d7073-9d97-41b9-8e2b-afc7c3101ac0','completed','2025-03-05 07:50:30','2025-03-06 01:01:23'),('fd18ccda-598f-4835-b8d6-72ae07cede01','2215c685-75fb-4d3d-9e49-89671722a87f','e6a8225b-8cac-45db-97ac-4158ccd3776c','incomplete','2025-03-06 01:03:55','2025-03-06 01:03:55'),('fd7c2c1c-3d0f-427d-a6a1-f09ecc54e4b0','9179116a-445d-4fda-9feb-76a0aa0e1d22','3079fd0f-fc23-47ef-881d-65f41dee53ff','completed','2025-03-06 04:35:11','2025-03-09 04:56:17'),('fe9519c0-2f9d-4c26-af9e-dc31eadc734e','9179116a-445d-4fda-9feb-76a0aa0e1d22','d13c82c0-4846-447f-941a-00f884bee658','completed','2025-03-06 04:35:11','2025-03-09 04:55:32'),('febfebcf-d5a8-4f35-958c-bee34613b9fa','9179116a-445d-4fda-9feb-76a0aa0e1d22','7adcdf5b-67e2-44ca-b862-2d51463e1061','incomplete','2025-03-06 04:35:11','2025-03-06 04:35:11'),('fef4e966-5aee-41cd-849a-b8c4bd031985','db819e78-b94c-413c-a0b6-851a62093fd6','40c3d277-e853-11ef-aaaf-b00cd1460ecc','completed','2025-03-05 07:50:30','2025-03-06 00:58:19'),('ff1d8e11-c683-4946-857b-4262712b1e1a','9179116a-445d-4fda-9feb-76a0aa0e1d22','5e1c956d-0ead-4c25-889b-f3cab582426f','completed','2025-03-06 04:35:11','2025-03-09 04:56:32'),('ff34bb35-676d-494c-b296-115f33c3bd19','9179116a-445d-4fda-9feb-76a0aa0e1d22','f6c8ee84-466a-452c-923b-e7b6eff1d957','incomplete','2025-03-06 04:35:11','2025-03-06 04:35:11'),('ff3b0e72-04dc-4f31-82e0-bcae05a9d373','2215c685-75fb-4d3d-9e49-89671722a87f','6a4ca9cb-5ec3-4a49-9b1b-3ca85772471a','completed','2025-03-06 01:03:55','2025-03-06 04:21:50'),('ffa21aef-e4d5-46f5-80f8-bd83df26af41','3bdf7913-27fc-4d70-ae5f-a7943866a6a2','87fd9b78-d82d-40e0-b83c-904c69c9cf85','completed','2025-03-09 01:42:15','2025-03-09 01:48:52'),('ffb7fd5d-97b4-47e3-8b35-c379bee0ef2b','3bdf7913-27fc-4d70-ae5f-a7943866a6a2','6f12ed87-8242-463f-b366-59f2e97caf07','completed','2025-03-09 01:42:15','2025-03-09 01:48:37'),('ffcecbcd-dca8-4b6e-8720-631b9f14c7db','2215c685-75fb-4d3d-9e49-89671722a87f','944993b7-fc93-4a2d-8c62-b84906e76cb3','incomplete','2025-03-06 01:03:55','2025-03-06 01:03:55'),('ffd3b102-28e6-4419-b839-d62f6311330e','9179116a-445d-4fda-9feb-76a0aa0e1d22','40c3b50e-e853-11ef-aaaf-b00cd1460ecc','completed','2025-03-06 04:35:11','2025-03-06 05:15:53');

--
-- Table structure for table `sub_task_female`
--

CREATE TABLE `sub_task_female` (
  `id_sub_task` char(36) NOT NULL DEFAULT uuid(),
  `name_subtask` varchar(1000) NOT NULL,
  `hukum` varchar(100) NOT NULL,
  `task_image` varchar(255) DEFAULT NULL,
  `status` tinyint(1) NOT NULL DEFAULT 0,
  `info` varchar(255) DEFAULT NULL,
  `video_path` varchar(255) DEFAULT NULL,
  `id_main_task` varchar(100) DEFAULT NULL,
  `no_task` int(100) NOT NULL,
  PRIMARY KEY (`id_sub_task`),
  KEY `fk_main_task` (`id_main_task`),
  CONSTRAINT `fk_main_task` FOREIGN KEY (`id_main_task`) REFERENCES `main_task` (`id_main_task`) ON DELETE CASCADE ON UPDATE CASCADE
) ENGINE=InnoDB DEFAULT CHARSET=utf8mb4 COLLATE=utf8mb4_uca1400_ai_ci;

--
-- Dumping data for table `sub_task_female`
--

INSERT INTO `sub_task_female` VALUES ('00092b12-535f-48c6-a51b-665b3b14fba2','Tamat saie pada Bukit Marwah','Rukun dan Syarat Umrah',' ',0,' ',' ','task-008',2),('0273cd90-29c4-44f6-9206-8e0bd3926b92','Tawaf dengan tawaduk','Perkara Sunat',' ',0,' ',' ','task-011',27),('02d3ab1e-3f70-4453-a957-8b3e9e05e6ad','Melakukan saie tanpa lengah apabila selesai tawaf','Perkara Sunat',' ',0,' ',' ','task-008',18),('03f7bf0a-2656-429b-b93e-3e286919e746','Cukup tujuh keliling dengan yakin','Rukun dan Syarat Umrah',' ',0,' ',' ','task-007',8),('05921891-b649-434f-8fe1-a417f312094b','Berdoa untuk memasuki Masjidil Haram','Perkara Sunat',' ',0,' ',' ','task-006',5),('0870c977-6a1c-4e77-8e20-b8052edb9143','Menunaikan solat sunat ihram','Perkara Sunat','assets/img/taskimage/solat/solat.jpeg',0,' ',' ','task-003',1),('0938e448-06ec-4f97-8abf-70485e03ee45','Berdoa selepas solat sunat tawaf','Perkara Sunat',' ',0,' ',' ','task-007',38),('0afc17c8-56db-4b86-9d11-cf75f21a4d1c','Berwarna putih','Perkara Sunat','assets/img/taskimage/pakaian/putih.jpeg',0,' ',' ','task-002',1),('0b4c1503-d7da-466c-8b7e-6dc14d50a170','Berturut-turut pada tujuh pusingan tawaf','Perkara Sunat',' ',0,' ',' ','task-007',26),('0c0a829e-c1e2-4202-8f5c-38592b1de0e1','Suci daripada hadas besar dan kecil sepanjang tawaf','Rukun dan Syarat Umrah',' ',0,' ',' ','task-011',1),('0d4a4406-3dd7-4026-9a5d-93913dc0fb55','Tawaf berjalan kaki','Perkara Sunat',' ',0,' ',' ','task-007',14),('0dc14efb-cf98-4e6c-ba6d-b9dc41cceb0f','Berniat ihram','Rukun dan Syarat Umrah',' ',0,' ',' ','task-004',1),('0e88248e-fb77-434c-a6b6-c8192b55cab3','Tawaf berjalan kaki','Perkara Sunat',' ',0,' ',' ','task-011',15),('0fa035e1-e8f2-4a9d-9049-f94bfc99a974','Memakai stoking panjang dan tebal','Perkara Sunat','assets/img/taskimage/pakaian/stokin_perempuan.jpeg',0,' ',' ','task-002',4),('10a4caac-dfa3-41bc-83c1-6210c2e638f3','Tidak melakukan pendahuluan persetubuhan','Wajib Umrah',' ',0,' ',' ','task-005',10),('18259577-6f9a-48bc-94c6-ef68aedd24e2','Menanggalkan bulu ari-ari. ','Perkara Sunat','assets/img/taskimage/cabut_bulu_ariari.jpeg',0,' ',' ','task-001',3),('1bd905a9-c4cc-4fd7-80a1-bd8156716586','Bergunting di Marwah','Perkara Sunat',' ',0,' ',' ','task-009',2),('1d89d9b0-a7d1-4b4c-8ca1-89d248182592','Cukup tujuh keliling dengan yakin','Rukun dan Syarat Umrah',' ',0,' ',' ','task-011',9),('1f03377e-0091-45d0-a747-b0757d301b96','Melakukan isyarat dengan tangan pada penjuru Hajarul Aswad kemudian mengucup tapak tangannya selepas itu','Perkara Sunat',' ',0,' ',' ','task-007',19),('1f61ccaa-a757-4e42-8fcb-46f8ee0bad41','Menutup aurat dengan sempurna sebagaimana dalam solat','Rukun dan Syarat Umrah',' ',0,' ',' ','task-011',3),('1fd16855-56c8-42d2-bf55-39a355c12ec9','Tawaf dengan khusyuk','Perkara Sunat',' ',0,' ',' ','task-007',28),('24177fab-065e-4406-8768-f780a68f1329','Urusan membeli-belah sudah selesai','Perkara Sunat',' ',0,' ',' ','task-010',2),('252ec156-39a7-4f19-98be-ff80f45c7a97','Membaca tahlil, zikir dan doa atas Bukit Safa dan Marwah','Perkara Sunat',' ',0,' ',' ','task-008',10),('274dcca8-8769-4e9b-a558-bba011cec5b9','Saie tanpa memakai selipar atau kasut','Perkara Sunat',' ',0,' ',' ','task-008',16),('2772c9fc-1ad7-4e77-bf58-234e7033e113','Cukup tujuh kali saie dengan yakin','Rukun dan Syarat Umrah',' ',0,' ',' ','task-008',3),('28eb73ce-b52e-4c25-8129-909ed38a0561','Memakai sarung lengan','Perkara Sunat','assets/img/taskimage/pakaian/sarung_lengan.jpeg',0,' ',' ','task-002',3),('2cb23283-ca88-4c49-a1e3-764056b7e9e1','Berlafaz niat ihram di miqat atau sebelum miqat  *Wajib buat kalau tak buat sah tapi kena dam*','Wajib Umrah',' ',0,' ',' ','task-004',2),('2ef545f7-5fbc-4d8b-a701-280724cebae8','Mengekalkan niat tawaf sepanjang perjalanan','Rukun dan Syarat Umrah',' ',0,' ',' ','task-007',7),('3087f53f-6d1f-464e-b1c5-3e8c94ce2b57','Tawaf tanpa memakai selipar atau kasut','Perkara Sunat',' ',0,' ',' ','task-007',15),('322857ef-40a1-47bd-b492-10e226992620','Antara Rukun Yamani dan Rukun hajarul Aswad membaca:(rujuk info)','Perkara Sunat',' ',0,' رَبَّنَا آتِنَا فِي الدُّنْيَا حَسَنَةً وَفِي الآخِرَةِ حَسَنَةً وَقِنَا عَذَابَ النَّارِ وَأَدْخِلْنَا الجَنَّةَ مَعَ الأَبْرَارِ يَا عَزِيْزُ يَا غَفَّارُ يَا رَبَّ العَالَمِيْنَ',' ','task-011',25),('327f447b-7839-440e-b27b-63259e9a146c','Tidak memasukkan jari jemari tangan kanan ke dalam jari jemari tangan kiri.','Perkara Sunat',' ',0,' ',' ','task-007',34),('35b69d2e-30d0-4f0b-b151-a134e3f0aaee','Menanggalkan bulu ketiak ','Perkara Sunat','assets/img/taskimage/cabut_bulu_ketiak.jpeg',0,' ',' ','task-001',2),('3805b46e-df9f-44ef-be8a-ac0cf6517e16','Tidak meletakkan tangan pada mulut','Perkara Sunat',' ',0,' ',' ','task-011',33),('3a4e444e-eab0-4265-9846-0937a5f29d2d','Fokus hati ketika membaca doa dan wirid sepanjang tawaf','Perkara Sunat',' ',0,' ',' ','task-007',24),('3c30e0b5-1f9a-40d6-8174-ff1532a64865',' Melakukan isyarat dengan tangan pada penjuru Yamani tanpa mengucup tapak tangannya selepas itu','Perkara Sunat',' ',0,' ',' ','task-011',21),('437c36c4-5044-4e88-93ac-02649ee9e230','Dimulai pada Bukit Safa','Rukun dan Syarat Umrah',' ',0,' ',' ','task-008',1),('45e92c46-d7ea-4dfc-ac42-563b63727398','Bagasi sudah dikemaskan','Perkara Sunat',' ',0,' ',' ','task-010',3),('47919c2e-d417-4d99-b89a-4a24c50940bd','Menanggalkan sekurang-kurangnya tiga helai rambut sekadar seruas jari.','Rukun dan Syarat Umrah',' ',0,' ',' ','task-009',1),('4a7ab7fc-0649-4382-9196-e4312b3e5c15','Kain tudung mempunyai alas dagu','Perkara Sunat','assets/img/taskimage/pakaian/dagu.jpeg',0,' ',' ','task-002',5),('4d0beea7-fe9c-4ad6-8cfc-943589d369dc','Suci daripada hadas besar dan kecil','Perkara Sunat',' ',0,' ',' ','task-008',13),('4d496eb3-6d1f-4303-8177-9f9078683af7','Menyebut (بسم الله الله أكبر) semasa melakukan isyarat pada penjuru Hajarul Aswad','Perkara Sunat',' ',0,' ',' ','task-007',20),('4f5a3ac8-9cc9-4716-a96c-f82d538ba897','Menutup aurat dengan sempurna sebagaimana dalam solat','Rukun dan Syarat Umrah',' ',0,' ',' ','task-007',3),('5135a187-22c7-4421-8215-28de793ffd8a','Tidak mengilas dua tangan di belakang','Perkara Sunat',' ',0,' ',' ','task-011',32),('522418f9-63c4-478d-acf4-78e7d1a84b23','Suci daripada hadas besar dan kecil sepanjang tawaf','Rukun dan Syarat Umrah',' ',0,' ',' ','task-007',1),('53501bad-1da7-4bec-8393-f05569e0f1dd','Sentiasa mengirikan bangunan Kaabah','Rukun dan Syarat Umrah',' ',0,' ',' ','task-007',6),('5663b0d5-153d-4d1e-a15d-4a4034fc91fd','Tidak meminyakkan kepala, janggut dan semua bulu muka selain yang tumbuh di pipi dan dahi','Wajib Umrah',' ',0,' ',' ','task-005',5),('56af42fd-c4b3-448c-b6c5-b13c2fd68ab5','Antara Rukun Yamani dan Rukun hajarul Aswad membaca:(rujuk info)','Perkara Sunat',' ',0,' رَبَّنَا آتِنَا فِي الدُّنْيَا حَسَنَةً وَفِي الآخِرَةِ حَسَنَةً وَقِنَا عَذَابَ النَّارِ وَأَدْخِلْنَا الجَنَّةَ مَعَ الأَبْرَارِ يَا عَزِيْزُ يَا غَفَّارُ يَا رَبَّ العَالَمِيْنَ',' ','task-007',25),('585ebe5f-378b-4b33-9d7d-7b5c5a5510c7','Tidak mengerat atau memotong kuku','Wajib Umrah',' ',0,' ',' ','task-005',7),('59f29e37-7650-4448-8d1d-cc2d66568568','Membaca doa dan wirid sepanjang tawaf','Perkara Sunat',' ',0,' ',' ','task-007',23),('5ba53a72-1afe-48a5-ac3c-a4d7387c52e8','Baca doa masuk ke dalam Tanah Haram Makkah','Perkara Sunat',' ',0,' ',' ','task-006',4),('5c5ba645-717f-4f2e-9659-371072daef7f','Sampai ke penghujung tempat saie pada Safa dan Marwah','Rukun dan Syarat Umrah',' ',0,' ',' ','task-008',4),('5e2e007a-a0d4-4f70-bca6-4618b49c272f','Menunaikan solat sunat tawaf','Perkara Sunat',' ',0,' ',' ','task-011',37),('6049030d-a443-42ea-95aa-924068a94c2a','Menyebut (بسم الله الله أكبر) semasa melakukan isyarat pada penjuru Yamani','Perkara Sunat',' ',0,' ',' ','task-007',22),('604a9f1c-0d96-4984-9037-33fc0fb82ca4','Berselawat atas Nabi SAW','Perkara Sunat',' ',0,' ',' ','task-006',2),('60992222-482e-4d57-a0c3-eeb0c22b2d00','Dilakukan sunat-sunat ihram ini di miqat','Perkara Sunat','assets/img/taskimage/miqat.jpg',0,' ',' ','task-001',7),('621f7272-6c37-4390-ab7d-5127292c207a','Tawaf dengan khusyuk','Perkara Sunat',' ',0,' ',' ','task-011',28),('62c5699c-a59e-4534-b690-40c619c18405','Menyebut (بسم الله الله أكبر) semasa melakukan isyarat pada penjuru Hajarul Aswad','Perkara Sunat',' ',0,' ',' ','task-011',20),('6532da17-f05f-426c-ae47-01f3cee73ece','Tidak menolak dan menyakiti orang lain semasa tawaf','Perkara Sunat',' ',0,' ',' ','task-011',30),('6badad84-11f0-4ccb-8337-96bb0afb5065','Tidak memotong, menebang, mengerat atau mencabut pokok-pokok dalam Tanah Haram Makkah','Wajib Umrah',' ',0,' ',' ','task-005',8),('6c607e07-8ed0-4596-9f2f-6f2e5ed21f95','Menuju ke tempat saie melalui Pintu Safa','Perkara Sunat',' ',0,' ',' ','task-008',8),('6dba1895-9ede-4aed-8ccb-b6bd817a7d67','Tawaf dengan tawaduk','Perkara Sunat',' ',0,' ',' ','task-007',27),('70a8720d-9911-4e55-b17a-72ed0e55f493','Mandi sunat ihram.','Perkara Sunat','assets/img/taskimage/mandi_sunat_ihram.jpg',0,' Niat = \"Sahaja aku mandi sunat ihram kerana Allah Ta ala\"',' https://www.youtube.com/embed/HReW3JkB0x8?feature=share','task-001',4),('7108677e-0ee5-49d4-a908-7804551e292e','Tidak bercakap-cakap tanpa keperluan semasa tawaf','Perkara Sunat',' ',0,' ',' ','task-007',29),('72e4ed72-b0ae-47ce-8371-518be6dbdc12','Menanam rambut yang dipotong','Perkara Sunat',' ',0,' ',' ','task-009',5),('751757c9-d541-4e94-a6b5-18b9d80ac165','Tidak meletup-letupkan sendi-sendi ruas jari.','Perkara Sunat',' ',0,' ',' ','task-007',35),('786d603d-eb2d-436a-b804-717da7ff5a24','Minum air Zamzam','Perkara Sunat',' ',0,' ',' ','task-011',39),('7e412e86-7964-4d90-9d23-2b6a4b6de82d','Suci daripada najis pada pakaian, badan dan tempat tawaf','Rukun dan Syarat Umrah',' ',0,' ',' ','task-007',2),('7fd9c811-d332-453c-a7fc-023d990d3ab2','Memakai minyak rambut. ','Perkara Sunat','assets/img/taskimage/minyak_rambut.jpg',0,' ',' ','task-001',5),('86a1d09c-6ad7-4bb2-ac68-98b84ac705d9','Berdoa apabila melihat Kaabah sambil mengangkat tangan','Perkara Sunat',' ',0,' ',' ','task-006',6),('8995899e-3c1c-4211-8087-aeb3b5d377d2','Tidak menyentuh kelambu Kaabah sepanjang tujuh pusingan tawaf','Rukun dan Syarat Umrah',' ',0,' ',' ','task-011',12),('89ff8135-644c-43d3-a4b7-602b3dbac909','Menaiki Bukit Safa dan Marwah','Perkara Sunat',' ',0,' ',' ','task-008',9),('8aabd393-82b1-4a74-a2b1-01ce98fd695f','Tidak menyentuh Hijir Ismail sepanjang tujuh pusingan tawaf','Rukun dan Syarat Umrah',' ',0,' ',' ','task-011',13),('8b7767fa-a1a1-473d-bbd0-b1d82689de72','Berdoa','Perkara Sunat',' ',0,' ',' ','task-004',7),('8bb67fb4-65da-4daf-92a3-a855005edece','Tamat tawaf pada sudut Hajarul Aswad','Rukun dan Syarat Umrah',' ',0,' ',' ','task-007',5),('8e76e680-cdad-4e5e-96bf-58846089a5a6','Dimulai tawaf pada sudut Hajarul Aswad','Rukun dan Syarat Umrah',' ',0,' ',' ','task-007',4),('8ebd35e8-f195-4663-8376-97d3f9bac15c','Tidak berkahwin, mengahwinkan atau menerima wakil kahwin','Wajib Umrah',' ',0,' ',' ','task-005',12),('8f54497e-5d59-4f4e-a9e5-6b3b31dc438f','Tidak menutup muka','Perkara Sunat',' ',0,' ',' ','task-011',36),('8f5f3c78-6dc8-4e1d-a233-58a09a55c1b8','Tawaf dengan memendekkan langkah','Perkara Sunat',' ',0,' ',' ','task-007',16),('8f8e110b-b497-41d2-be28-5c348149625f','Tidak memakai wangi-wangian pada badan, pakaian, makanan atau minuman','Wajib Umrah',' ',0,' ',' ','task-005',3),('8fcf5849-6225-401b-b327-79573b195c59','Mengadap ke arah kiblat','Perkara Sunat',' ',0,' ',' ','task-009',3),('9094986e-a728-49b8-bdb9-147f4962d360','Saie dengan tenang','Perkara Sunat',' ',0,' ',' ','task-008',12),('91399a37-465f-42f1-a88e-cfea47a24f20','Tidak menyentuh bangunan Kaabah sepanjang tujuh pusingan tawaf','Rukun dan Syarat Umrah',' ',0,' ',' ','task-011',11),('9173ccf5-aec0-427f-bf10-1e5f1b787577','Berturut-turut pada tujuh pusingan tawaf','Perkara Sunat',' ',0,' ',' ','task-011',26),('921fdbcb-b24f-455c-82af-20cecbbf73d3','Mengerat kuku','Perkara Sunat','assets/img/taskimage/keratkuku.jpg',0,' ',' ','task-001',1),('92e2dbab-baa9-437d-942f-858ef8cfbdc8','Tidak dilakukan solat sunat ihram pada waktu tahrim','Perkara Sunat','assets/img/taskimage/solat/tahrim.jpeg',0,' ',' ','task-003',2),('934fdb6e-c829-4f87-9e95-8ad908ea2f34','Tidak menutup muka','Wajib Umrah',' ',0,' ',' ','task-005',1),('9551a196-553e-4666-b600-5a6afb615e8c','Sentiasa mengirikan bangunan Kaabah','Rukun dan Syarat Umrah',' ',0,' ',' ','task-011',7),('9576e940-97b1-41a6-a8ec-260f87e3c9a4','Tidak menyentuh bangunan Kaabah sepanjang tujuh pusingan tawaf','Rukun dan Syarat Umrah',' ',0,' ',' ','task-007',10),('967ccd85-722d-4ca8-a7ae-b1084f75ec4e','Mengekalkan niat saie sepanjang perjalanan','Rukun dan Syarat Umrah',' ',0,' ',' ','task-008',7),('96e542ad-fab9-4d5e-9232-f0e17de86825','Menutup aurat','Perkara Sunat',' ',0,' ',' ','task-008',14),('9c3a2ba7-d8b1-4d0e-b57d-09c703d72ce9','Tidak bercakap-cakap tanpa keperluan semasa tawaf','Perkara Sunat',' ',0,' ',' ','task-011',29),('9cc90dce-1e85-4ac9-8fdd-e5ebeed03622','Berdoa selepas solat sunat tawaf','Perkara Sunat',' ',0,' ',' ','task-011',38),('9d52825c-7c09-41f2-a6fe-8592ed631505','Tidak meletakkan tangan pada mulut','Perkara Sunat',' ',0,' ',' ','task-007',33),('9f59bd62-6393-4a75-a9ce-da79a14c2453','Memperbanyakkan talbiah','Perkara Sunat',' ',0,' ',' ','task-006',1),('9f614e0e-f95c-4431-881d-14c2ae7e0463','Tidak menikmati bau wangian','Wajib Umrah',' ',0,' ',' ','task-005',4),('a621e7be-42bb-476b-80db-49c6f7ed1a40','Minum air Zamzam','Perkara Sunat',' ',0,' ',' ','task-007',39),('a85b7d4f-7233-48c7-b5ea-25730f57d781','Tidak menyentuh Syazarwan sepanjang tujuh pusingan tawaf','Rukun dan Syarat Umrah',' ',0,' ',' ','task-011',14),('abb0b6a0-9308-407b-b43d-2f0b050d2283','Tidak menyentuh kelambu Kaabah sepanjang tujuh pusingan tawaf','Rukun dan Syarat Umrah',' ',0,' ',' ','task-007',11),('abe83896-363d-4643-91d8-91e9b0fd8798','Tidak makan dan minum','Perkara Sunat',' ',0,' ',' ','task-011',31),('acbfbc75-df96-4eb2-b107-d9de151d747c','Tidak memakai sarung tangan','Wajib Umrah',' ',0,' ',' ','task-005',2),('ae1bfd87-5fa8-44ea-b2bd-c7e8aa71ecdf','Tawaf tanpa memakai selipar atau kasut','Perkara Sunat',' ',0,' ',' ','task-011',16),('b2ae1d83-a26f-4744-aa14-330f70a50092','Tawaf dalam Masjidil Haram','Rukun dan Syarat Umrah',' ',0,' ',' ','task-007',9),('b47500a9-2c2a-43dc-b0ad-6a9ad6395874','Pakaian menutup seluruh tubuh badannya kecuali muka dan tapak tangan depan dan belakang','Perkara Sunat','assets/img/taskimage/pakaian/pakaian-ihram-perempuan.jpeg',0,' ',' ','task-002',2),('b713ed16-f78f-4f2c-8c93-abb12e751fc8','Melakukan saie selepas selesai tawaf','Rukun dan Syarat Umrah',' ',0,' ',' ','task-008',6),('b9faafa9-0344-462a-a9af-907ca8672805','Bertalbiah sepanjang masa','Perkara Sunat',' ',0,' ',' ','task-004',5),('be26632d-3c6f-4871-a875-94feca010f32','Berniat saie sebelum memulakan saie','Perkara Sunat',' ',0,' ',' ','task-008',11),('beb30e8e-b160-46ff-8390-54a0d35481a8','Tidak menyentuh Syazarwan sepanjang tujuh pusingan tawaf','Rukun dan Syarat Umrah',' ',0,' ',' ','task-007',13),('c388b50b-d55a-4a5a-92df-3fdfd246ca20','Tawaf berjauhan daripada bangunan Kaabah','Perkara Sunat',' ',0,' ',' ','task-011',18),('c60daa22-fc2f-4b4b-94ce-2ab6330fb501','Saie pada tempat saie','Rukun dan Syarat Umrah',' ',0,' ',' ','task-008',5),('c62732f7-e114-49e8-9c11-7c60cd916b5c','Pastikan umrah telah selesai dilakukan','Perkara Sunat',' ',0,' ',' ','task-010',1),('c721f796-5ecc-48ba-887f-275507c85d6e','Mengekalkan niat tawaf sepanjang perjalanan','Rukun dan Syarat Umrah',' ',0,' ',' ','task-011',8),('cae86852-f3b9-4b14-86cc-3e274a114b9c','Menyebut (بسم الله الله أكبر) semasa melakukan isyarat pada penjuru Yamani','Perkara Sunat',' ',0,' ',' ','task-011',22),('cf41cb74-2333-4a81-aebc-45aa8da13e8c','Tidak mengilas dua tangan di belakang','Perkara Sunat',' ',0,' ',' ','task-007',32),('cfc38a3a-f5ee-451e-b9ca-bca44a94c30d','Berniat tawaf pada permulaan tawaf','Perkara Sunat',' ',0,' ',' ','task-007',17),('d1ba5421-7092-4de5-8bcb-5e091c9c4609','Tidak menanggalkan rambut atau bulu dari mana-mana anggota badan','Wajib Umrah',' ',0,' ',' ','task-005',6),('d224d58c-a4e4-405e-b45a-c92fbdb2602e','Berniat ihram dalam keadaan berwuduk','Perkara Sunat',' ',0,' ',' ','task-004',4),('d88dbf3f-d4c1-4a01-88ff-96ddf6c93526','Tidak makan dan minum','Perkara Sunat',' ',0,' ',' ','task-007',31),('db851f65-4bc6-43a2-9f5b-97c12a1e64fb','Tawaf dalam Masjidil Haram','Rukun dan Syarat Umrah',' ',0,' ',' ','task-011',10),('dd2de3f9-22f8-4b68-9f4b-b3d8732308ed','Tidak meletup-letupkan sendi-sendi ruas jari.','Perkara Sunat',' ',0,' ',' ','task-011',35),('ddff30ac-87f5-4d45-add4-52e0a9c1def4','Tawaf dengan memendekkan langkah','Perkara Sunat',' ',0,' ',' ','task-011',17),('e4ce29ca-c9bd-41d0-83ef-8b416b7af956','Menunaikan solat sunat tawaf','Perkara Sunat',' ',0,' ',' ','task-007',37),('e618d2fd-345a-46ad-aaae-e412eca758f4','Bertakbir selepas rambut dipotong','Perkara Sunat',' ',0,' ',' ','task-009',4),('e68b8f1b-eb39-4a9a-beaa-dfbe14f75e02','Berturut-turut antara pusingan saie','Perkara Sunat',' ',0,' ',' ','task-008',17),('e86dde20-ab95-4eb9-86a6-c75343b16e75','Tidak menolak dan menyakiti orang lain semasa tawaf','Perkara Sunat',' ',0,' ',' ','task-007',30),('e986c3d4-fc90-4c25-aa67-e60510955686','Tawaf berjauhan daripada bangunan Kaabah','Perkara Sunat',' ',0,' ',' ','task-007',18),('e9e48c35-5896-4441-ae1c-29afba9d702a','Suci daripada najis pada pakaian, badan dan tempat tawaf','Rukun dan Syarat Umrah',' ',0,' ',' ','task-011',2),('e9f7628e-ce71-4a77-86ab-c93cfb939713','Tidak memasukkan jari jemari tangan kanan ke dalam jari jemari tangan kiri.','Perkara Sunat',' ',0,' ',' ','task-011',34),('eace1cca-6672-49ca-b405-8083e161e400','Tidak melakukan persetubuhan','Wajib Umrah',' ',0,' ',' ','task-005',11),('ebf371dd-575e-41e5-b001-56271e40557a','Melakukan saie pada waktu yang tidak sesak ','Perkara Sunat',' ',0,' ',' ','task-008',15),('ed13ad5d-bf78-41fd-a6f8-46dd3ef6d259','Memakai bau-bauan yang tidak terlalu kuat baunya di tubuh sahaja','Perkara Sunat','assets/img/taskimage/minyak_wangi_perempuan.jpg',0,' ',' ','task-001',6),('ef3a0bd6-93a9-448e-84cb-05273625a343','Berniat tawaf Wada pada permulaan tawaf','Rukun dan Syarat Umrah',' ',0,' ',' ','task-011',4),('f0b2e075-92d2-4392-bd5c-f5cd460555fc','Melakukan isyarat dengan tangan pada penjuru Yamani tanpa mengucup tapak tangannya selepas itu','Perkara Sunat',' ',0,' ',' ','task-007',21),('f113e355-e8b7-484f-8643-6fa86f795971','Membaca doa dan wirid sepanjang tawaf','Perkara Sunat',' ',0,' ',' ','task-011',23),('f2618278-1a4a-469e-8846-efd9d397fc77','Melakukan isyarat dengan tangan pada penjuru Hajarul Aswad kemudian mengucup tapak tangannya selepas itu','Perkara Sunat',' ',0,' ',' ','task-011',19),('f2a3d054-8c8d-4768-a32e-3c96f47c257f','Berselawat atas Nabi SAW selepas bertalbiah','Perkara Sunat',' ',0,' ',' ','task-004',6),('f94fdae4-c12f-4fca-929f-f02e92487439','Dimulai tawaf pada sudut Hajarul Aswad','Rukun dan Syarat Umrah',' ',0,' ',' ','task-011',5),('f956791e-e08a-4804-8625-dea0b9edc217','Berniat ihram dalam keadaan mengadap kiblat','Perkara Sunat',' ',0,' ',' ','task-004',3),('fdbd34b5-22f9-4504-bc2c-f4fae3d2df64','Fokus hati ketika membaca doa dan wirid sepanjang tawaf','Perkara Sunat',' ',0,' ',' ','task-011',24),('fefc285f-dca9-4370-aca6-b04e42c80448','Tidak menyentuh Hijir Ismail sepanjang tujuh pusingan tawaf','Rukun dan Syarat Umrah',' ',0,' ',' ','task-007',12),('ff005aeb-72d1-41fd-9157-652a1bedff5f','Tamat tawaf pada sudut Hajarul Aswad','Rukun dan Syarat Umrah',' ',0,' ',' ','task-011',6);

--
-- Table structure for table `sub_task_male`
--

CREATE TABLE `sub_task_male` (
  `id_sub_task` char(36) NOT NULL DEFAULT uuid(),
  `name_subtask` varchar(1000) NOT NULL,
  `hukum` varchar(100) NOT NULL,
  `task_image` varchar(255) DEFAULT NULL,
  `status` tinyint(1) NOT NULL DEFAULT 0,
  `info` varchar(255) DEFAULT NULL,
  `video_path` varchar(255) DEFAULT NULL,
  `id_main_task` varchar(100) DEFAULT NULL,
  `no_task` int(100) NOT NULL,
  PRIMARY KEY (`id_sub_task`),
  KEY `fk_main_task_male` (`id_main_task`),
  CONSTRAINT `fk_main_task_male` FOREIGN KEY (`id_main_task`) REFERENCES `main_task` (`id_main_task`) ON DELETE CASCADE ON UPDATE CASCADE
) ENGINE=InnoDB DEFAULT CHARSET=utf8mb4 COLLATE=utf8mb4_uca1400_ai_ci;

--
-- Dumping data for table `sub_task_male`
--

INSERT INTO `sub_task_male` VALUES ('0148e724-505f-4743-a0aa-9337de851b85','Fokus hati ketika membaca doa dan wirid sepanjang tawaf','Perkara Sunat',' ',0,' ',' ','task-007',26),('01c279b6-0467-41e2-988d-cecda97dcbe3','Menutup auratnya antara pusat dan lutut','Perkara Sunat','assets/img/taskimage/pakaian/tutup_aurat.jpg',0,' ',' ','task-002',2),('01e8485b-fc10-487d-b0df-e5d58d1c7128','Tawaf berhampiran dengan bangunan Kaabah','Perkara Sunat',' ',0,' ',' ','task-007',20),('05a289f9-704c-48e9-a465-479fb9bf8b6c','Tidak memakai sarung tangan','Wajib Umrah',' ',0,' ',' ','task-005',3),('0d9e2d60-1425-4b7d-babb-48a7e94cc060','Tidak bercakap-cakap tanpa keperluan semasa tawaf','Perkara Sunat',' ',0,' ',' ','task-011',30),('0f40a6ae-3e5b-4285-8d46-482af89aff21','Tamat tawaf pada sudut Hajarul Aswad','Rukun dan Syarat Umrah',' ',0,' ',' ','task-011',6),('1353dec6-75a0-421e-9dec-2a214e5c1238','Tidak mengerat atau memotong kuku','Wajib Umrah',' ',0,' ',' ','task-005',8),('13ae65fb-a0b5-415b-8c73-f3e63162e133','Saie pada tempat saie','Rukun dan Syarat Umrah',' ',0,' ',' ','task-008',5),('1547831e-3caa-4ccf-bfd9-746a97bc8010','Antara Rukun Yamani dan Rukun hajarul Aswad membaca:(rujuk info)','Perkara Sunat',' ',0,' رَبَّنَا آتِنَا فِي الدُّنْيَا حَسَنَةً وَفِي الآخِرَةِ حَسَنَةً وَقِنَا عَذَابَ النَّارِ وَأَدْخِلْنَا الجَنَّةَ مَعَ الأَبْرَارِ يَا عَزِيْزُ يَا غَفَّارُ يَا رَبَّ العَالَمِيْنَ',' ','task-011',26),('18a80bcf-e804-46a6-9014-1bcaf922dd1b','Tidak menyentuh kelambu Kaabah sepanjang tujuh pusingan tawaf','Rukun dan Syarat Umrah',' ',0,' ',' ','task-011',12),('195f34b3-6365-4011-bcca-832e58e21621','Berniat ihram dalam keadaan mengadap kiblat','Perkara Sunat',' ',0,' ',' ','task-004',3),('1b855b43-903f-472b-a5de-d2a02ead7dfe','Tawaf dengan tawaduk','Perkara Sunat',' ',0,' ',' ','task-007',29),('1eff8709-e2fb-4d37-8629-2078a817f3e4','Tawaf dalam Masjidil Haram','Rukun dan Syarat Umrah',' ',0,' ',' ','task-007',9),('202fdccb-5f9c-4842-ba41-b2fb28d3b659','Tidak menolak dan menyakiti orang lain semasa tawaf','Perkara Sunat',' ',0,' ',' ','task-007',32),('206b8900-2a13-4baf-aa3a-bc4cf0cb13b8','Tidak memotong, menebang, mengerat atau mencabut pokok-pokok dalam Tanah Haram Makkah','Wajib Umrah',' ',0,' ',' ','task-005',9),('228eaf9e-0c3e-4854-849c-a15069f7e695','Tidak meletup-letupkan sendi-sendi ruas jari. ke dalam jari jemari tangan kiri.','Perkara Sunat',' ',0,' ',' ','task-007',37),('22fedf78-c64d-4bce-a898-66705c4969f2','Mengandam misai dan janggut','Perkara Sunat',' ',0,' ',' ','task-009',8),('2d854fb8-374c-4fd5-a5fc-b341c6009c33','Sentiasa mengirikan bangunan Kaabah','Rukun dan Syarat Umrah',' ',0,' ',' ','task-011',7),('2ecac88d-b4f8-4ca7-adaa-bf2b4ee60fbd','Tawaf dengan tawaduk','Perkara Sunat',' ',0,' ',' ','task-011',28),('3079fd0f-fc23-47ef-881d-65f41dee53ff','Mengekalkan niat saie sepanjang perjalanan','Rukun dan Syarat Umrah',' ',0,' ',' ','task-008',7),('31b86e24-e24a-497f-8e09-af62ff4ec88b','Sampai ke penghujung tempat saie pada Safa dan Marwah','Rukun dan Syarat Umrah',' ',0,' ',' ','task-008',4),('324d8c92-d86f-45f7-baa0-f9431738d9af','Menyebut (بسم الله الله أكبر) semasa melakukan isyarat pada penjuru Hajarul Aswad','Perkara Sunat',' ',0,' ',' ','task-007',22),('3255303f-7455-408b-96f2-bd5505819cff','Tidak menyentuh Syazarwan sepanjang tujuh pusingan tawaf','Rukun dan Syarat Umrah',' ',0,' ',' ','task-011',14),('34147a44-fddc-4c9e-af38-400f7de6d255','Tawaf dengan memendekkan langkah','Perkara Sunat',' ',0,' ',' ','task-007',16),('3493b715-f289-4a7f-96a1-1d2474f0e4ef','Bercukur atau bergunting di Marwah','Perkara Sunat',' ',0,' ',' ','task-009',3),('34b30edc-c978-459e-8fb0-45c243a0e9e4','Tidak menolak dan menyakiti orang lain semasa tawaf','Perkara Sunat',' ',0,' ',' ','task-011',31),('37756f70-fc76-4e66-b807-da17a5359fa5','Tawaf dengan khusyuk','Perkara Sunat',' ',0,' ',' ','task-011',29),('39a4cb6b-c3ca-4235-92b1-6a1a8f2d7d90','Menyebut (بسم الله الله أكبر) semasa melakukan isyarat pada penjuru Hajarul Aswad','Perkara Sunat',' ',0,' ',' ','task-011',21),('39cf3dcb-0c35-4a5b-80a6-8a2279e76ff7','Menutup aurat dengan sempurna sebagaimana dalam solat','Rukun dan Syarat Umrah',' ',0,' ',' ','task-011',3),('3b12ed5c-bd94-4c6d-b62e-2d6178005417','Baca doa masuk ke dalam Tanah Haram Makkah','Perkara Sunat',' ',0,' ',' ','task-006',4),('3b67db84-daad-47a4-89c0-c45860a8bd71','Mengekalkan niat tawaf sepanjang perjalanan','Rukun dan Syarat Umrah',' ',0,' ',' ','task-011',8),('3fd57ec1-8994-411e-abef-063ef998ea38','Berlari-lari anak pada tiga pusingan yang pertama hingga ketiga. Pusingan keempat hingga tujuh berjalan macam biasa.','Perkara Sunat',' ',0,' ',' ','task-007',19),('40c3ae50-e853-11ef-aaaf-b00cd1460ecc','Menanggalkan bulu ketiak ','Perkara Sunat','assets/img/taskimage/cabut_bulu_ketiak.jpeg',0,'','','task-001',2),('40c3b2fb-e853-11ef-aaaf-b00cd1460ecc','Menanggalkan bulu ari-ari. ','Perkara Sunat','assets/img/taskimage/cabut_bulu_ariari.jpeg',0,'','','task-001',3),('40c3b3f7-e853-11ef-aaaf-b00cd1460ecc','Mengandam misai ','Perkara Sunat','assets/img/taskimage/mengandam_misai.jpg',0,'','','task-001',4),('40c3b48c-e853-11ef-aaaf-b00cd1460ecc','Mengandam janggut ','Perkara Sunat','assets/img/taskimage/mengandam_misai.jpg',0,'','','task-001',5),('40c3b50e-e853-11ef-aaaf-b00cd1460ecc','Mengemaskan rambut.','Perkara Sunat','assets/img/taskimage/mengemaskan_rambut.jpeg',0,'','','task-001',6),('40c3b58c-e853-11ef-aaaf-b00cd1460ecc','Mandi sunat ihram.','Perkara Sunat','assets/img/taskimage/mandi_sunat_ihram.jpg',0,'Niat = \"Sahaja aku mandi sunat ihram kerana Allah Ta ala\"','https://www.youtube.com/embed/HReW3JkB0x8?feature=share','task-001',7),('40c3b832-e853-11ef-aaaf-b00cd1460ecc','Memakai minyak rambut. ','Perkara Sunat','assets/img/taskimage/minyak_rambut.jpg',0,'','','task-001',8),('40c3b8ef-e853-11ef-aaaf-b00cd1460ecc','Memakai bau-bauan di tubuh sahaja','Perkara Sunat','assets/img/taskimage/minyak_wangi_lelaki.jpeg',0,'','','task-001',9),('40c3d277-e853-11ef-aaaf-b00cd1460ecc','Dilakukan sunat-sunat ihram ini di miqat','Perkara Sunat','assets/img/taskimage/miqat.jpg',0,'','','task-001',11),('43ffb521-4867-4dc5-9203-44527b207d8e','Tawaf tanpa memakai selipar','Perkara Sunat',' ',0,' ',' ','task-007',15),('4413c19b-ce58-4690-a9ac-649d5093e86a','Saie dengan tenang','Perkara Sunat',' ',0,' ',' ','task-008',12),('45374d12-68f2-48d6-9465-80dd446970f5','Tidak berkahwin, mengahwinkan atau menerima wakil kahwin','Wajib Umrah',' ',0,' ',' ','task-005',13),('46c60ba6-129f-4251-b625-c7d8e2f52b95','Dimulai tawaf pada sudut Hajarul Aswad','Rukun dan Syarat Umrah',' ',0,' ',' ','task-011',5),('4711c32e-51e0-4d35-85f6-1491bad44619','Berlari-lari anak pada Kawasan bertanda lampu hijau','Perkara Sunat',' ',0,' ',' ','task-008',13),('47aff3b0-52c6-42a3-9a88-9445ed170741','Melakukan isyarat dengan tangan pada penjuru Yamani tanpa mengucup tapak tangannya selepas itu','Perkara Sunat',' ',0,' ',' ','task-007',23),('4853c608-d23c-4b94-88dd-f9d0e7cec1cc','Membaca tahlil, zikir dan doa atas Bukit Safa dan Marwah','Perkara Sunat',' ',0,' ',' ','task-008',10),('49c2ff1a-12ee-4d27-ac03-856145cb92d6','Bercukur','Perkara Sunat',' ',0,' ',' ','task-009',2),('4aacb93c-6dfe-4b8c-ac9c-8f4ab5185243','Tidak menyentuh bangunan Kaabah sepanjang tujuh pusingan tawaf','Rukun dan Syarat Umrah',' ',0,' ',' ','task-011',11),('4b67331c-5526-430d-8d31-de3203225a4c','Tidak meletakkan tangan pada mulut','Perkara Sunat',' ',0,' ',' ','task-007',35),('4cc695e0-cc50-4e13-95a8-8601e0921a4c','Tidak memakai wangi-wangian pada badan, pakaian, makanan atau minuman','Wajib Umrah',' ',0,' ',' ','task-005',4),('519e2584-1961-4e6c-bef0-43ddbcf03c49','Melakukan saie tanpa lengah apabila selesai tawaf','Perkara Sunat',' ',0,' ',' ','task-008',19),('58c07fb7-fbe4-408d-8daa-3eac53fe4650','Berdoa','Perkara Sunat',' ',0,' ',' ','task-004',7),('5e1c956d-0ead-4c25-889b-f3cab582426f','Berniat tawaf Wada pada permulaan tawaf','Rukun dan Syarat Umrah',' ',0,' ',' ','task-011',4),('5e9c0829-c259-4581-b594-49f75e5d5faa','Melakukan isyarat dengan tangan pada penjuru Hajarul Aswad kemudian mengucup tapak tangannya selepas itu ','Perkara Sunat',' ',0,' ',' ','task-007',21),('5f3b8f6e-3489-4c9c-98ab-97183b4751be','Tidak menikmati bau wangian','Wajib Umrah',' ',0,' ',' ','task-005',5),('5fe13bfc-e2b5-482e-81d1-c907fcc5d729','Berselawat atas Nabi SAW selepas bertalbiah','Perkara Sunat',' ',0,' ',' ','task-004',6),('6249dc62-a1fa-4b6d-bd6c-bf2510a3882f','Berniat ihram','Rukun dan Syarat Umrah',' ',0,' ',' ','task-004',1),('62ff3f16-d4ae-46cd-87ed-1e92e580e1a5','Berwarna putih','Perkara Sunat','assets/img/taskimage/pakaian/putih.jpeg',0,' ',' ','task-002',1),('6415b8a4-658b-4a03-a88a-223deed66baf','Berjalan dengan tenang sepanjang tujuh pusingan tawaf.','Perkara Sunat',' ',0,' ',' ','task-011',18),('64a1af39-52c1-4386-91d5-3f3f3fe25efb','Minum air Zamzam ','Perkara Sunat',' ',0,' ',' ','task-011',39),('6a4ca9cb-5ec3-4a49-9b1b-3ca85772471a','Tidak memakai sesuatu pakaian yang bercantum/bersarung ','Wajib Umrah',' ',0,' ',' ','task-005',1),('6ae56a34-2769-4667-9035-113f2b7db7a4','Dicukur di sebelah kanan terlebih dahulu, kemudian kiri dan baki rambut','Perkara Sunat',' ',0,' ',' ','task-009',5),('6cdfe2e2-808a-4c0f-8369-67a70ee5ec87','Tidak makan dan minum','Perkara Sunat',' ',0,' ',' ','task-011',32),('6de1dd77-e84e-11ef-aaaf-b00cd1460ecc','Mengerat kuku','Perkara Sunat','assets/img/taskimage/keratkuku.jpg',0,'','','task-001',1),('6e41aa0f-8bee-41a8-ac73-8aec3ed18a1f','Berturut-turut antara pusingan saie','Perkara Sunat',' ',0,' ',' ','task-008',18),('6f12ed87-8242-463f-b366-59f2e97caf07','Tidak meminyakkan kepala, janggut dan semua bulu muka selain yang tumbuh di pipi dan dahi','Wajib Umrah',' ',0,' ',' ','task-005',6),('70b8a2d4-116b-4f4e-8d42-fc08ca77722e','Antara Rukun Yamani dan Rukun hajarul Aswad membaca:(rujuk info)','Perkara Sunat',' ',0,' رَبَّنَا آتِنَا فِي الدُّنْيَا حَسَنَةً وَفِي الآخِرَةِ حَسَنَةً وَقِنَا عَذَابَ النَّارِ وَأَدْخِلْنَا الجَنَّةَ مَعَ الأَبْرَارِ يَا عَزِيْزُ يَا غَفَّارُ يَا رَبَّ العَالَمِيْنَ',' ','task-007',27),('71001013-a33f-4352-b4e6-b12d6dae5423','Tidak meletup-letupkan sendi-sendi ruas jari.','Perkara Sunat',' ',0,' ',' ','task-011',36),('720e5a22-01b3-463e-8c03-2aa702df8edc','Bagasi sudah dikemaskan','Perkara Sunat',' ',0,' ',' ','task-010',3),('75c27876-2875-4ed2-a101-5fb3df337cdb','Tidak menyentuh kelambu Kaabah sepanjang tujuh pusingan tawaf','Rukun dan Syarat Umrah',' ',0,' ',' ','task-007',11),('79f11156-0ee4-4ee3-b4c4-6f7a56b4edc1','Menunaikan solat sunat tawaf','Perkara Sunat',' ',0,' ',' ','task-007',38),('7adcdf5b-67e2-44ca-b862-2d51463e1061','Berdoa apabila melihat Kaabah sambil mengangkat tangan','Perkara Sunat',' ',0,' ',' ','task-006',6),('7cd9eb2d-13e6-47d3-848a-abcc2d484d35','Tidak menyentuh bangunan Kaabah sepanjang tujuh pusingan tawaf','Rukun dan Syarat Umrah',' ',0,' ',' ','task-007',10),('8076fa4e-8181-4012-b1d8-96a230b82893','Menanam rambut yang dipotong','Perkara Sunat',' ',0,' ',' ','task-009',7),('823470ea-c461-4484-a738-998bfd234374','Tawaf berhampiran dengan bangunan Kaabah','Perkara Sunat',' ',0,' ',' ','task-011',19),('8364652c-335f-4450-95ca-6038b8ff646a','Cukup tujuh keliling dengan yakin','Rukun dan Syarat Umrah',' ',0,' ',' ','task-011',9),('843ba7af-41c8-4be7-83a2-b3ca52395211','Tidak memasukkan jari jemari tangan kanan ke dalam jari jemari tangan kiri.','Perkara Sunat',' ',0,' ',' ','task-011',35),('8628c247-195f-44b9-bded-4dbb5fcc40f3','Melakukan saie selepas selesai tawaf','Rukun dan Syarat Umrah',' ',0,' ',' ','task-008',6),('863a119a-0b1a-4814-a17a-ff0d8b6798f8','Menyebut (بسم الله الله أكبر) semasa melakukan isyarat pada penjuru Yamani','Perkara Sunat',' ',0,' ',' ','task-007',24),('87fd9b78-d82d-40e0-b83c-904c69c9cf85','Berdoa untuk memasuki Masjidil Haram','Perkara Sunat',' ',0,' ',' ','task-006',5),('8e5bb6cf-9308-4800-b1f1-09f0ef2473e3','Tawaf berjalan kaki','Perkara Sunat',' ',0,' ',' ','task-011',15),('8ec96591-e61b-4967-af61-1372b4a5a59c','Memakai tali pinggang haji','Perkara Sunat','assets/img/taskimage/pakaian/tali_pinggang_haji.png',0,' ',' ','task-002',4),('8f3097c8-a489-45bd-a48b-d1ab4ccd8ae4','Saie tanpa memakai selipar','Perkara Sunat',' ',0,' ',' ','task-008',17),('91d37fae-5475-45b7-93da-ccd99dd31b23','Beridtiba’ ','Perkara Sunat',' ',0,' ',' ','task-008',20),('944993b7-fc93-4a2d-8c62-b84906e76cb3','Berdoa selepas solat sunat tawaf','Perkara Sunat',' ',0,' ',' ','task-007',39),('95acf084-e691-4c4f-9fbf-753779b1023e','Tidak menanggalkan rambut atau bulu dari mana-mana anggota badan','Wajib Umrah',' ',0,' ',' ','task-005',7),('95edeabd-c8df-433b-b93d-645c328dfd99','Cukup tujuh keliling dengan yakin','Rukun dan Syarat Umrah',' ',0,' ',' ','task-007',8),('97441935-2c04-4923-ba9c-27fb6eda3924','Tamat saie pada Bukit Marwah','Rukun dan Syarat Umrah',' ',0,' ',' ','task-008',2),('990a5c3a-8957-40d4-87bb-694dc1f946f9','Tawaf berjalan kaki','Perkara Sunat',' ',0,' ',' ','task-007',14),('9c025168-5555-4653-bb4d-e93bade20da0','Tidak menyentuh Syazarwan sepanjang tujuh pusingan tawaf','Rukun dan Syarat Umrah',' ',0,' ',' ','task-007',13),('9def89b7-9d91-4dd7-8905-5b051cfd288e','Sentiasa mengirikan bangunan Kaabah','Rukun dan Syarat Umrah',' ',0,' ',' ','task-007',6),('9ecf8367-ffed-46bf-aa03-8c950a1fbe98','Melakukan saie pada waktu yang tidak sesak ','Perkara Sunat',' ',0,' ',' ','task-008',16),('a0206717-10bd-4951-aca0-68b0068c8923','Suci daripada najis pada pakaian, badan dan tempat tawaf','Rukun dan Syarat Umrah',' ',0,' ',' ','task-011',2),('a15d7073-9d97-41b9-8e2b-afc7c3101ac0','Menyebut (بسم الله الله أكبر) semasa melakukan isyarat pada penjuru Yamani','Perkara Sunat',' ',0,' ',' ','task-011',23),('a37b0327-1b27-4fed-80fb-0f022806dc4f','Berniat saie sebelum memulakan saie','Perkara Sunat',' ',0,' ',' ','task-008',11),('a7d4a1eb-843b-4b6d-999d-44566dd84e3a','Melakukan isyarat dengan tangan pada penjuru Yamani tanpa mengucup tapak tangannya selepas itu','Perkara Sunat',' ',0,' ',' ','task-011',22),('a8a3f0bd-078a-41ef-8052-5b22b2efd981','Tidak mengilas dua tangan di belakang','Perkara Sunat',' ',0,' ',' ','task-007',34),('ac9ce1ff-5401-46c7-8bd2-3625d524b418','Tidak makan dan minum','Perkara Sunat',' ',0,' ',' ','task-007',33),('acabc276-4308-4648-9f0d-dd690f7b2e42','Tidak memasukkan jari jemari tangan kanan ke dalam jari jemari tangan kiri.','Perkara Sunat',' ',0,' ',' ','task-007',36),('ae28c4cb-b909-4bbb-a754-7751230f7934','Tawaf tanpa memakai selipar','Perkara Sunat',' ',0,' ',' ','task-011',16),('ae78eeaf-22cb-479e-8182-a186da7f4fcc','Tidak memburu, menembak, menangkap, mengurung atau membunuh haiwan buruan darat yang halal dimakan sama ada di Tanah Halal atau Haram  ','Wajib Umrah',' ',0,' ',' ','task-005',10),('b02fc8fc-3801-4d52-ba72-62ac98ae0933','Dimulai tawaf pada sudut Hajarul Aswad','Rukun dan Syarat Umrah',' ',0,' ',' ','task-007',4),('b0c81422-af16-4808-9b3b-a5a617e97dd0','Beridtiba’','Perkara Sunat',' ',0,' ',' ','task-007',18),('b1bceef1-693b-4602-a810-feffd97b7ae4','Melakukan isyarat dengan tangan pada penjuru Hajarul Aswad kemudian mengucup tapak tangannya selepas itu','Perkara Sunat',' ',0,' ',' ','task-011',20),('b25b88d6-af92-4752-8187-edb1a063b5cf','Selipar menampakan tumit dan sekurang-kurangnya hujung tiga jari kaki ','Perkara Sunat','assets/img/taskimage/pakaian/selipar.jpg',0,' ',' ','task-002',5),('b2c10eaf-d329-4aff-bdac-75640fe9f5e2','Suci daripada hadas besar dan kecil','Perkara Sunat',' ',0,' ',' ','task-008',14),('b338f90b-91c9-4fa6-bf82-6e3be1966926','Dimulai pada Bukit Safa','Rukun dan Syarat Umrah',' ',0,' ',' ','task-008',1),('b5cac5f0-1b16-4cdd-ac29-217a509842f2','Menanggalkan sekurang-kurangnya tiga helai rambut sekadar seruas jari.','Rukun dan Syarat Umrah',' ',0,' ',' ','task-009',1),('b6e49911-967f-45bd-998c-70d71f877265','Urusan membeli-belah sudah selesai','Perkara Sunat',' ',0,' ',' ','task-010',2),('b8dc9b14-c831-45f2-b0d0-8a8627e01e31','Pastikan umrah telah selesai dilakukan','Perkara Sunat',' ',0,' ',' ','task-010',1),('bd80b023-0f4e-4f15-8cc2-91711fe038ca','Tidak dilakukan solat sunat ihram pada waktu tahrim','Perkara Sunat','assets/img/taskimage/solat/tahrim.jpeg',0,' ',' ','task-003',2),('beb3c420-52d1-4694-bb81-92815fdd85a0','Tawaf dengan khusyuk','Perkara Sunat',' ',0,' ',' ','task-007',30),('bef1e88a-0c8d-4573-94ac-7815ffbde73c','Tidak mengilas dua tangan di belakang','Perkara Sunat',' ',0,' ',' ','task-011',33),('bfb86d4b-808f-44d4-847f-f5a4e4e568b7','Menutup aurat','Perkara Sunat',' ',0,' ',' ','task-008',15),('bfcd3211-6f8d-4dac-a318-d2640c471b57','Tidak meletakkan tangan pada mulut','Perkara Sunat',' ',0,' ',' ','task-011',34),('c14acdc1-56fd-4b1f-a777-5c9635b9e5c8','Membaca doa dan wirid sepanjang tawaf','Perkara Sunat',' ',0,' ',' ','task-011',24),('c1631e68-5b8b-4189-8777-1f52ba06a1f6','Cukup tujuh kali saie dengan yakin','Rukun dan Syarat Umrah',' ',0,' ',' ','task-008',3),('c1e95de4-d4d7-4d51-8446-e3c96c89139e','Berturut-turut pada tujuh pusingan tawaf','Perkara Sunat',' ',0,' ',' ','task-011',27),('c47c57f4-4edd-4451-99cb-c3be8b1a9da0','Berturut-turut pada tujuh pusingan tawaf','Perkara Sunat',' ',0,' ',' ','task-007',28),('c83e1265-8860-4ddf-8161-2178d0d3f0d6','Suci daripada hadas besar dan kecil sepanjang tawaf','Rukun dan Syarat Umrah',' ',0,' ',' ','task-011',1),('cdfe382c-0a50-41dc-94a8-1940a7760a0f','Tidak menyentuh Hijir Ismail sepanjang tujuh pusingan tawaf','Rukun dan Syarat Umrah',' ',0,' ',' ','task-011',13),('d13c82c0-4846-447f-941a-00f884bee658','Suci daripada najis pada pakaian, badan dan tempat tawaf','Rukun dan Syarat Umrah',' ',0,' ',' ','task-007',2),('d3ee7c8d-2e51-4046-9228-ca4f163738cb','Minum air Zamzam ','Perkara Sunat',' ',0,' ',' ','task-007',40),('d5170e3d-df5f-4055-9bf7-053fcf54145c','Membaca doa dan wirid sepanjang tawaf','Perkara Sunat',' ',0,' ',' ','task-007',25),('da818585-275c-43d3-a161-5168c49d7b72','Tidak melakukan persetubuhan','Wajib Umrah',' ',0,' ',' ','task-005',12),('db2f7070-e74e-48ce-a913-cacd9d92aec7','Memperbanyakkan talbiah','Perkara Sunat',' ',0,' ',' ','task-006',1),('dce451b5-1555-40e2-b5b0-b022e5ba43db','Menunaikan solat sunat tawaf','Perkara Sunat',' ',0,' ',' ','task-011',37),('df215f0a-17b1-4f51-9c49-db9fe09f4581','Tidak bercakap-cakap tanpa keperluan semasa tawaf','Perkara Sunat',' ',0,' ',' ','task-007',31),('e0263f4b-8fcd-4f12-ba1e-9aaa6de829f0','Mengekalkan niat tawaf sepanjang perjalanan','Rukun dan Syarat Umrah',' ',0,' ',' ','task-007',7),('e0300ff3-d140-40b7-a2d2-99f189543027','Bertakbir selepas rambut dicukur','Perkara Sunat',' ',0,' ',' ','task-009',6),('e336ae08-b1a9-4182-8af5-64ae973bde61','Bertalbiah sepanjang masa','Perkara Sunat',' ',0,' ',' ','task-004',5),('e5d1d858-70ed-49c8-a043-087dd93d0acb','Tawaf dengan memendekkan langkah','Perkara Sunat',' ',0,' ',' ','task-011',17),('e5f8fb4f-8112-4566-ae31-ed0585d9bc86','Tidak melakukan pendahuluan persetubuhan','Wajib Umrah',' ',0,' ',' ','task-005',11),('e6a8225b-8cac-45db-97ac-4158ccd3776c','Fokus hati ketika membaca doa dan wirid sepanjang tawaf','Perkara Sunat',' ',0,' ',' ','task-011',25),('e8e7e1ab-6190-4d90-8be6-203eb3fea8dd','Berniat ihram dalam keadaan berwuduk','Perkara Sunat',' ',0,' ',' ','task-004',4),('e8f8d215-9adb-4c0b-8c25-ed1816136cd0','Berdoa selepas solat sunat tawaf','Perkara Sunat',' ',0,' ',' ','task-011',38),('e90c5171-4efe-41d9-86cc-230f521a253e','Menaiki Bukit Safa dan Marwah','Perkara Sunat',' ',0,' ',' ','task-008',9),('ebc8fdde-dc1e-4c9c-ab5a-580f020ead9a','Berniat tawaf pada permulaan tawaf','Perkara Sunat',' ',0,' ',' ','task-007',17),('ee530ed1-fa10-48c5-91cf-cd08cc011417','Tidak menyentuh Hijir Ismail sepanjang tujuh pusingan tawaf','Rukun dan Syarat Umrah',' ',0,' ',' ','task-007',12),('f2116b99-d5e8-4246-85d8-31e2326ab373','Berlafaz niat ihram di miqat atau sebelum miqat.','Wajib Umrah',' ',0,' ',' ','task-004',2),('f28d2790-c814-42be-b844-21fd5c593250','Suci daripada hadas besar dan kecil sepanjang tawaf','Rukun dan Syarat Umrah',' ',0,' ',' ','task-007',1),('f3a6e75d-4583-424b-8080-6bece3714af9','Menunaikan solat sunat ihram','Perkara Sunat','assets/img/taskimage/solat/solat.jpeg',0,' ',' ','task-003',1),('f42f6a4c-2fe3-4958-b0b4-d04073f2ab17','Tidak menutup kepala dengan sesuatu','Wajib Umrah',' ',0,' ',' ','task-005',2),('f4a21ad4-cfc2-43a8-8289-fb9872873899','Tamat tawaf pada sudut Hajarul Aswad','Rukun dan Syarat Umrah',' ',0,' ',' ','task-007',5),('f6c8ee84-466a-452c-923b-e7b6eff1d957','Mengadap ke arah kiblat','Perkara Sunat',' ',0,' ',' ','task-009',4),('f6da345e-90b4-42c8-ba55-c4967a25e213','Berselawat atas Nabi SAW ','Perkara Sunat',' ',0,' ',' ','task-006',2),('fdd232e2-44cc-4fbb-8907-4c06a05338aa','Menuju ke tempat saie melalui Pintu Safa','Perkara Sunat',' ',0,' ',' ','task-008',8),('fe3a65ad-e1c2-481f-b431-c8d8b3a4c01b','Menutup bahagian atas badan','Perkara Sunat','assets/img/taskimage/pakaian/tutup_dada.jpg',0,' ',' ','task-002',3),('fe793d99-5e9a-4acb-8d69-94946fcadf5d','Menutup aurat dengan sempurna sebagaimana dalam solat','Rukun dan Syarat Umrah',' ',0,' ',' ','task-007',3);

--
-- Dumping routines for database 'umrah_djari'
--


